000
CXAK56 PAFG 171439
CF6OTZ
PRELIMINARY LOCAL CLIMATOLOGICAL DATA (WS FORM: F-6)

                                          STATION:   KOTZEBUE AK
                                          MONTH:     DECEMBER
                                          YEAR:      2017
                                          LATITUDE:   66 52 N
                                          LONGITUDE: 162 38 W

  TEMPERATURE IN F:       :PCPN:    SNOW:  WIND      :SUNSHINE: SKY     :PK WND
================================================================================
1   2   3   4   5  6A  6B    7    8   9   10  11  12  13   14  15   16   17  18
                                     12Z  AVG MX 2MIN
DY MAX MIN AVG DEP HDD CDD  WTR  SNW DPTH SPD SPD DIR MIN PSBL S-S WX    SPD DR
================================================================================

 1  22  10  16  11  49   0 0.03    M   40 23.1 39 100   M    M   9 18     44 100
 2  25  21  23  18  42   0 0.05  0.5   41 25.8 38 100   M    M   8 19     45 110
 3  24  16  20  15  45   0 0.02    M   41 15.9 25 110   M    M   9 1      29 110
 4  19   7  13   8  52   0    T    T   41  8.5 18  10   M    M   4 18     22 360
 5  30  17  24  20  41   0 0.01  0.1   41 20.4 26 110   M    M   6 16     32 150
 6  25  16  21  17  44   0 0.07    M   41 11.0 18 100   M    M   7 1      22 100
 7  25   9  17  13  48   0 0.01  0.1   41 11.7 18 120   M    M   6 1      22 120
 8  21  14  18  14  47   0 0.00  0.0   42  7.6 15  90   M    M  10 1      17  90
 9  18   7  13   9  52   0    T    T   42  6.5 13  20   M    M  10 12     15  20
10  17   4  11   7  54   0 0.02  0.2   42  6.6 13  20   M    M   6 1      14  10
11  22  16  19  16  46   0 0.11  1.4   43  9.2 17  10   M    M  10 1      20  10
12  34  17  26  23  39   0 0.03  0.3   44 16.1 30 110   M    M  10 1      35 100
13  37  31  34  31  31   0 0.09  0.0   44 18.1 30 100   M    M   8 1      36 100
14  32  15  24  21  41   0 0.03    M    M 11.1 18 210   M    M  10 16     20 210
15  22   7  15  12  50   0 0.00  0.0   44  8.2 15  40   M    M   7 1      17  30
16  25  19  22  20  43   0 0.04    M    M  9.7 21  50   M    M   9 1      24  60
================================================================================
SM  398  226       724   0  0.51     2.6 209.5          M      129
================================================================================
AV 24.9 14.1                              13.1 FASTST   M    M   8    MAX(MPH)
                                 MISC ---->  # 39 100               # 45  110
================================================================================
NOTES:
# LAST OF SEVERAL OCCURRENCES

COLUMN 17 PEAK WIND IN M.P.H.

PRELIMINARY LOCAL CLIMATOLOGICAL DATA (WS FORM: F-6) , PAGE 2

                                          STATION:  KOTZEBUE AK
                                          MONTH:    DECEMBER
                                          YEAR:     2017
                                          LATITUDE:   66 52 N
                                          LONGITUDE: 162 38 W

[TEMPERATURE DATA]      [PRECIPITATION DATA]       SYMBOLS USED IN COLUMN 16

AVERAGE MONTHLY: 19.5   TOTAL FOR MONTH:   0.51    1 = FOG OR MIST
DPTR FM NORMAL:  15.7   DPTR FM NORMAL:    0.11    2 = FOG REDUCING VISIBILITY
HIGHEST:    37 ON 13    GRTST 24HR  0.11 ON 11-11      TO 1/4 MILE OR LESS
LOWEST:      4 ON 10                               3 = THUNDER
                        SNOW, ICE PELLETS, HAIL    4 = ICE PELLETS
                        TOTAL MONTH:   2.6 INCHES  5 = HAIL
                        GRTST 24HR   1.4 ON 11-11  6 = FREEZING RAIN OR DRIZZLE
                        GRTST DEPTH:  44 ON 15,13  7 = DUSTSTORM OR SANDSTORM:
                                                       VSBY 1/2 MILE OR LESS
                                                   8 = SMOKE OR HAZE
[NO. OF DAYS WITH]      [WEATHER - DAYS WITH]      9 = BLOWING SNOW
                                                   X = TORNADO
MAX 32 OR BELOW:  14    0.01 INCH OR MORE:  12
MAX 90 OR ABOVE:   0    0.10 INCH OR MORE:   1
MIN 32 OR BELOW:  16    0.50 INCH OR MORE:   0
MIN  0 OR BELOW:   0    1.00 INCH OR MORE:   0

[HDD (BASE 65) ]
TOTAL THIS MO.   724    CLEAR  (SCALE 0-3)   0
DPTR FM NORMAL  -255    PTCLDY (SCALE 4-7)   7
TOTAL FM JUL 1  4541    CLOUDY (SCALE 8-10)  9
DPTR FM NORMAL  -796

[CDD (BASE 65) ]
TOTAL THIS MO.     0
DPTR FM NORMAL     0    [PRESSURE DATA]
TOTAL FM JAN 1     1    HIGHEST SLP M ON M
DPTR FM NORMAL    -4    LOWEST  SLP 29.70 ON 16

[REMARKS]
