000
CXAK56 PAFG 271311
CF6OTZ
PRELIMINARY LOCAL CLIMATOLOGICAL DATA (WS FORM: F-6)

                                          STATION:   KOTZEBUE AK
                                          MONTH:     APRIL
                                          YEAR:      2017
                                          LATITUDE:   66 52 N
                                          LONGITUDE: 162 38 W

  TEMPERATURE IN F:       :PCPN:    SNOW:  WIND      :SUNSHINE: SKY     :PK WND
================================================================================
1   2   3   4   5  6A  6B    7    8   9   10  11  12  13   14  15   16   17  18
                                     12Z  AVG MX 2MIN
DY MAX MIN AVG DEP HDD CDD  WTR  SNW DPTH SPD SPD DIR MIN PSBL S-S WX    SPD DR
================================================================================

 1   8 -14  -3  -7  68   0 0.00  0.0   46  5.2 10 210   M    M   0 18     12 210
 2   5 -15  -5 -10  70   0 0.00  0.0   46  1.3  7 190   M    M   0         8 220
 3  25  -8   9   4  56   0 0.02  0.5   46  5.3 12  40   M    M   7 1      13  30
 4  34  15  25  19  40   0 0.00  0.0   45 10.2 15  40   M    M   2        18  40
 5  32  17  25  19  40   0 0.00  0.0   44 10.0 17  10   M    M   2        22  10
 6  36  16  26  19  39   0 0.00  0.0   44 10.4 22  90   M    M   3        26  80
 7  33   9  21  14  44   0 0.00  0.0   38 10.5 21 110   M    M   3 18     25 100
 8  23   0  12   4  53   0 0.00  0.0   38  2.1  8 200   M    M   1 18      8 190
 9  29  -7  11   2  54   0    T    T   38 17.1 28 120   M    M   8 18     31 120
10  25  11  18   9  47   0 0.03  0.6   39  7.0 22 100   M    M   8 1      26 100
11  29  13  21  11  44   0    T  0.2   39  5.8 18 110   M    M   8 1      20 120
12  37  24  31  20  34   0 0.00  0.0   39 18.1 23 100   M    M   3        27 120
13  38  25  32  21  33   0 0.00  0.0   36 20.1 26 110   M    M   0        32 110
14  38  28  33  21  32   0 0.00  0.0   35  6.7 16 120   M    M   7 8      18 120
15  38  25  32  19  33   0 0.00  0.0   34 15.2 26 100   M    M   0        32 100
16  32  23  28  15  37   0 0.00  0.0   32 23.5 35 100   M    M   1        42 100
17  30  19  25  11  40   0 0.00  0.0   30 15.3 23 100   M    M   0        30  90
18  32  13  23   8  42   0 0.00  0.0   28  6.8 14 350   M    M   0        16 350
19  38  13  26  10  39   0 0.00  0.0   25  6.4 10  50   M    M   0        12  40
20  37  14  26  10  39   0 0.00  0.0   21  8.1 16 100   M    M   0        20  90
21  35  15  25   8  40   0 0.00  0.0   20 11.3 20  90   M    M   0        22  90
22  38  22  30  12  35   0 0.00  0.0   17 10.2 15  80   M    M   0        17  80
23  39  17  28   9  37   0 0.00  0.0   15  6.9 12  40   M    M   1        13  40
24  39  22  31  12  34   0 0.00  0.0   15  8.3 14  60   M    M   3        17  60
25  38  21  30  10  35   0 0.00  0.0   10  8.5 14  20   M    M   4        17  20
26  37  19  28   7  37   0 0.00  0.0    8  7.0 10  20   M    M   5        13  20
================================================================================
SM  825  337      1102   0  0.05     1.3 257.3          M       66
================================================================================
AV 31.7 13.0                               9.9 FASTST   M    M   3    MAX(MPH)
                                 MISC ---->  # 35 100               # 42  100
================================================================================
NOTES:
# LAST OF SEVERAL OCCURRENCES

COLUMN 17 PEAK WIND IN M.P.H.

PRELIMINARY LOCAL CLIMATOLOGICAL DATA (WS FORM: F-6) , PAGE 2

                                          STATION:  KOTZEBUE AK
                                          MONTH:    APRIL
                                          YEAR:     2017
                                          LATITUDE:   66 52 N
                                          LONGITUDE: 162 38 W

[TEMPERATURE DATA]      [PRECIPITATION DATA]       SYMBOLS USED IN COLUMN 16

AVERAGE MONTHLY: 22.3   TOTAL FOR MONTH:   0.05    1 = FOG OR MIST
DPTR FM NORMAL:  10.4   DPTR FM NORMAL:   -0.41    2 = FOG REDUCING VISIBILITY
HIGHEST:    39 ON 24,23 GRTST 24HR  0.03 ON 10-10      TO 1/4 MILE OR LESS
LOWEST:    -15 ON  2                               3 = THUNDER
                        SNOW, ICE PELLETS, HAIL    4 = ICE PELLETS
                        TOTAL MONTH:   1.3 INCHES  5 = HAIL
                        GRTST 24HR   0.6 ON   M    6 = FREEZING RAIN OR DRIZZLE
                        GRTST DEPTH:  46 ON  3, 2  7 = DUSTSTORM OR SANDSTORM:
                                                       VSBY 1/2 MILE OR LESS
                                                   8 = SMOKE OR HAZE
[NO. OF DAYS WITH]      [WEATHER - DAYS WITH]      9 = BLOWING SNOW
                                                   X = TORNADO
MAX 32 OR BELOW:  11    0.01 INCH OR MORE:   2
MAX 90 OR ABOVE:   0    0.10 INCH OR MORE:   0
MIN 32 OR BELOW:  26    0.50 INCH OR MORE:   0
MIN  0 OR BELOW:   5    1.00 INCH OR MORE:   0

[HDD (BASE 65) ]
TOTAL THIS MO.  1102    CLEAR  (SCALE 0-3)  19
DPTR FM NORMAL  -278    PTCLDY (SCALE 4-7)   5
TOTAL FM JUL 1 12130    CLOUDY (SCALE 8-10)  2
DPTR FM NORMAL -1477

[CDD (BASE 65) ]
TOTAL THIS MO.     0
DPTR FM NORMAL     0    [PRESSURE DATA]
TOTAL FM JAN 1     0    HIGHEST SLP M ON M
DPTR FM NORMAL     0    LOWEST  SLP 29.62 ON  5

[REMARKS]
