318
CXAK56 PAFG 271303
CF6OTZ
PRELIMINARY LOCAL CLIMATOLOGICAL DATA (WS FORM: F-6)

                                          STATION:   KOTZEBUE AK
                                          MONTH:     FEBRUARY
                                          YEAR:      2017
                                          LATITUDE:   66 52 N
                                          LONGITUDE: 162 38 W

  TEMPERATURE IN F:       :PCPN:    SNOW:  WIND      :SUNSHINE: SKY     :PK WND
================================================================================
1   2   3   4   5  6A  6B    7    8   9   10  11  12  13   14  15   16   17  18
                                     12Z  AVG MX 2MIN
DY MAX MIN AVG DEP HDD CDD  WTR  SNW DPTH SPD SPD DIR MIN PSBL S-S WX    SPD DR
================================================================================

 1  24  14  19  22  46   0 0.00  0.0   25 11.6 21 110   M    M   7        23 110
 2  22  12  17  19  48   0 0.00  0.0   25 15.7 24 120   M    M   1        28 120
 3  15   5  10  12  55   0 0.00  0.0   25  8.2 20 100   M    M   0 18     22 110
 4  12  -4   4   6  61   0 0.00  0.0   25  2.7 16  70   M    M   0        18  70
 5   8  -7   1   3  64   0 0.00  0.0   25  4.6 12 310   M    M   1 18     15 310
 6   2  -9  -3  -1  68   0 0.00  0.0   25  2.6  8  50   M    M   0 8       9  40
 7   3  -4   0   2  65   0    T    T   25  2.7  9 230   M    M   1 18     10 240
 8  10  -7   2   3  63   0 0.00  0.0   25 16.7 30 350   M    M   3 89     35 340
 9   2 -12  -5  -4  70   0    T    T   25 19.3 31 330   M    M   3 9      35 330
10  -1 -13  -7  -6  72   0    T    T   25 16.3 28 350   M    M   6 8      32 350
11   4  -9  -2  -1  67   0 0.03  0.4   26  9.7 18 310   M    M   9 189    21 310
12  -9 -22 -15 -14  80   0 0.00  0.0   26  7.1 14 120   M    M   4        16 110
13  -6 -24 -15 -14  80   0 0.00  0.0   26 11.2 21  10   M    M   0 8      25  10
14   5 -10  -2  -1  67   0 0.00  0.0   26 18.7 31  10   M    M   0 8      36 360
15   2  -4  -1  -1  66   0 0.00  0.0   26 19.3 29 360   M    M   0        33 360
16  -3 -13  -8  -8  73   0 0.00  0.0   26  9.7 25 330   M    M   0        27 350
17  14 -21  -3  -3  68   0    T    T   26  3.0  8 200   M    M   5 8       9 330
18  14  -6   4   4  61   0    T  0.5   26  5.8 15 250   M    M  10 18     17 260
19   6 -16  -5  -5  70   0 0.01  0.5   27  7.7 15 260   M    M   6 18     17 260
20  -8 -29 -18 -18  83   0    T    T   27  5.6 13  80   M    M   6 18     14  70
21  -7 -33 -20 -20  85   0 0.00  0.0   27  5.7 14 120   M    M   0 1      16 120
22   3 -29 -13 -13  78   0    T    T   27  8.3 24 100   M    M   0 18     29 100
23  32  -7  13  13  52   0 0.59 10.9   38 30.0 41 100   M    M  10 128    48 100
24  32  11  22  22  43   0 0.21  4.8   43 10.1 36 230   M    M  10 189    41 230
25  34  21  28  28  37   0 0.19  1.9   44 21.4 35 150   M    M  10 128    40 150
26  34  12  23  23  42   0 0.01  0.2   45 11.8 30 230   M    M  10 18     36 230
================================================================================
SM  244 -204      1664   0  1.04    19.2 285.5          M      102
================================================================================
AV  9.4 -7.8                              11.0 FASTST   M    M   4    MAX(MPH)
                                 MISC ---->  # 41 100               # 48  100
================================================================================
NOTES:
# LAST OF SEVERAL OCCURRENCES

COLUMN 17 PEAK WIND IN M.P.H.

PRELIMINARY LOCAL CLIMATOLOGICAL DATA (WS FORM: F-6) , PAGE 2

                                          STATION:  KOTZEBUE AK
                                          MONTH:    FEBRUARY
                                          YEAR:     2017
                                          LATITUDE:   66 52 N
                                          LONGITUDE: 162 38 W

[TEMPERATURE DATA]      [PRECIPITATION DATA]       SYMBOLS USED IN COLUMN 16

AVERAGE MONTHLY:  0.8   TOTAL FOR MONTH:   1.04    1 = FOG OR MIST
DPTR FM NORMAL:     M   DPTR FM NORMAL:    0.43    2 = FOG REDUCING VISIBILITY
HIGHEST:    34 ON 26,25 GRTST 24HR  0.68 ON 23-24      TO 1/4 MILE OR LESS
LOWEST:    -33 ON 21                               3 = THUNDER
                        SNOW, ICE PELLETS, HAIL    4 = ICE PELLETS
                        TOTAL MONTH:  19.2 INCHES  5 = HAIL
                        GRTST 24HR  10.9 ON   M    6 = FREEZING RAIN OR DRIZZLE
                        GRTST DEPTH:  45 ON 26     7 = DUSTSTORM OR SANDSTORM:
                                                       VSBY 1/2 MILE OR LESS
                                                   8 = SMOKE OR HAZE
[NO. OF DAYS WITH]      [WEATHER - DAYS WITH]      9 = BLOWING SNOW
                                                   X = TORNADO
MAX 32 OR BELOW:  24    0.01 INCH OR MORE:   6
MAX 90 OR ABOVE:   0    0.10 INCH OR MORE:   3
MIN 32 OR BELOW:  26    0.50 INCH OR MORE:   1
MIN  0 OR BELOW:  20    1.00 INCH OR MORE:   0

[HDD (BASE 65) ]
TOTAL THIS MO.  1664    CLEAR  (SCALE 0-3)  13
DPTR FM NORMAL   -49    PTCLDY (SCALE 4-7)   7
TOTAL FM JUL 1  9033    CLOUDY (SCALE 8-10)  6
DPTR FM NORMAL -1084

[CDD (BASE 65) ]
TOTAL THIS MO.     0
DPTR FM NORMAL     0    [PRESSURE DATA]
TOTAL FM JAN 1     0    HIGHEST SLP 30.83 ON  2
DPTR FM NORMAL     0    LOWEST  SLP 29.16 ON 11

[REMARKS]
