000
CXUS53 KARX 300930
CF6OVS
PRELIMINARY LOCAL CLIMATOLOGICAL DATA (WS FORM: F-6)

                                          STATION:   BOSCOBEL_(ASOS) WI
                                          MONTH:     JANUARY
                                          YEAR:      2015
                                          LATITUDE:   43  9 N
                                          LONGITUDE:  90 41 W

  TEMPERATURE IN F:       :PCPN:    SNOW:  WIND      :SUNSHINE: SKY     :PK WND
================================================================================
1   2   3   4   5  6A  6B    7    8   9   10  11  12  13   14  15   16   17  18
                                     12Z  AVG MX 2MIN
DY MAX MIN AVG DEP HDD CDD  WTR  SNW DPTH SPD SPD DIR MIN PSBL S-S WX    SPD DR
================================================================================

 1  33  13  23   3  42   0 0.00  0.0    0  8.2 17 220   M    M   6        21 240
 2  31  11  21   1  44   0    T    M    M  1.5  9 220   M    M   2 18     12 210
 3  35  26  31  12  34   0    T    M    M  2.2  9 360   M    M   9 18     13 160
 4  32  -2  15  -4  50   0    M    M    M 10.0 21 300   M    M   6 18     29 350
 5   4  -7  -1 -20  66   0 0.11    M    M  4.4 12 210   M    M   4 18     16 280
 6  12 -12   0 -19  65   0    T    T    M  7.3 18 320   M    M   1 9      24 320
 7   5  -9  -2 -21  67   0 0.00  0.0    M  9.1 20 330   M    M   1        30 320
 8  18 -10   4 -15  61   0    M    M    M 10.9 25 310   M    M   7 8      36 320
 9   9  -2   4 -15  61   0    T    T    M  9.9 21 300   M    M   4 8      33 320
10  24 -14   5 -14  60   0 0.00  0.0    M  4.2 12 200   M    M   5 8      18 180
11  29   1  15  -4  50   0 0.00  0.0    M  0.7  7 360   M    M   2 18     10  30
12  20  -8   6 -12  59   0 0.00  0.0    M  5.5 15  10   M    M   1 8      21  40
13  21 -16   3 -15  62   0 0.00  0.0    M  1.2  7 190   M    M   0 18      9 200
14  24  -8   8 -10  57   0 0.00  0.0    M  2.6  8 210   M    M   9 18     10 190
15  40  21  31  13  34   0 0.00  0.0    M  6.8 15 270   M    M   4 8      22 270
16  38  16  27   9  38   0 0.00  0.0    M  4.6 14 120   M    M   2 128    22 130
17  43  29  36  18  29   0 0.00  0.0    M  7.7 17 280   M    M   5 18     25 270
18  43  23  33  15  32   0 0.00  0.0    M  5.2 15 270   M    M   3 8      19 270
19  38  18  28  10  37   0    T    M    M  1.4  6 110   M    M   5 1      10 100
20  35  32  34  16  31   0 0.01    M    M  2.7 10  70   M    M  10 1      14  50
21  34  30  32  14  33   0    M    M    M  2.8  8  60   M    M  10 1      12  90
22  32  28  30  11  35   0 0.00  0.0    M  5.9 16 210   M    M  10 18     21 210
23  37  28  33  14  32   0 0.00  0.0    M  9.9 18 210   M    M   6        24 220
24  46  26  36  17  29   0 0.00  0.0    M  4.8  8 210   M    M   6 18     11 260
25  35  18  27   8  38   0    T    M    M  6.5 16  70   M    M   7 1      24  60
26  28  13  21   2  44   0 0.05    M    M  2.0  8 200   M    M   8 1268   11 160
27  31  27  29  10  36   0 0.00  0.0    M  3.2 12  10   M    M  10 18     16  10
28  36  28  32  13  33   0 0.00  0.0    M  5.3 13 120   M    M   7 18     22 120
29  37  25  31  12  34   0 0.00  0.0    0 10.5 23 330   M    M  10 18     31 340
================================================================================
SM  850  325      1293   0  0.17    T    157.0          M      160
================================================================================
AV 29.3 11.2                               5.4 FASTST   M    M   6    MAX(MPH)
                                 MISC ---->  # 25 310               # 36  320
================================================================================
NOTES:
# LAST OF SEVERAL OCCURRENCES

COLUMN 17 PEAK WIND IN M.P.H.

PRELIMINARY LOCAL CLIMATOLOGICAL DATA (WS FORM: F-6) , PAGE 2

                                          STATION:  BOSCOBEL_(ASOS) WI
                                          MONTH:    JANUARY
                                          YEAR:     2015
                                          LATITUDE:   43  9 N
                                          LONGITUDE:  90 41 W

[TEMPERATURE DATA]      [PRECIPITATION DATA]       SYMBOLS USED IN COLUMN 16

AVERAGE MONTHLY: 20.3   TOTAL FOR MONTH:   0.17    1 = FOG OR MIST
DPTR FM NORMAL:   1.5   DPTR FM NORMAL:   -0.72    2 = FOG REDUCING VISIBILITY
HIGHEST:    46 ON 24    GRTST 24HR  0.11 ON  5- 5      TO 1/4 MILE OR LESS
LOWEST:    -16 ON 13                               3 = THUNDER
                        SNOW, ICE PELLETS, HAIL    4 = ICE PELLETS
                        TOTAL MONTH:    T          5 = HAIL
                        GRTST 24HR    T  ON  9- 9  6 = FREEZING RAIN OR DRIZZLE
                        GRTST DEPTH:   0           7 = DUSTSTORM OR SANDSTORM:
                                                       VSBY 1/2 MILE OR LESS
                                                   8 = SMOKE OR HAZE
[NO. OF DAYS WITH]      [WEATHER - DAYS WITH]      9 = BLOWING SNOW
                                                   X = TORNADO
MAX 32 OR BELOW:  15    0.01 INCH OR MORE:   3
MAX 90 OR ABOVE:   0    0.10 INCH OR MORE:   1
MIN 32 OR BELOW:  29    0.50 INCH OR MORE:   0
MIN  0 OR BELOW:  10    1.00 INCH OR MORE:   0

[HDD (BASE 65) ]
TOTAL THIS MO.  1293    CLEAR  (SCALE 0-3)   7
DPTR FM NORMAL   -46    PTCLDY (SCALE 4-7)  14
TOTAL FM JUL 1  4040    CLOUDY (SCALE 8-10)  8
DPTR FM NORMAL  -103

[CDD (BASE 65) ]
TOTAL THIS MO.     0
DPTR FM NORMAL     0    [PRESSURE DATA]
TOTAL FM JAN 1     0    HIGHEST SLP M ON M
DPTR FM NORMAL     0    LOWEST  SLP 29.55 ON 17

[REMARKS]
