000
CXUS55 KPAH 170632
CF6OWB
PRELIMINARY LOCAL CLIMATOLOGICAL DATA (WS FORM: F-6)

                                          STATION:   OWENSBORO KY
                                          MONTH:     SEPTEMBER
                                          YEAR:      2014
                                          LATITUDE:   37 45 N
                                          LONGITUDE:  87 10 W

  TEMPERATURE IN F:       :PCPN:    SNOW:  WIND      :SUNSHINE: SKY     :PK WND
================================================================================
1   2   3   4   5  6A  6B    7    8   9   10  11  12  13   14  15   16   17  18
                                     12Z  AVG MX 2MIN
DY MAX MIN AVG DEP HDD CDD  WTR  SNW DPTH SPD SPD DIR MIN PSBL S-S WX    SPD DR
================================================================================

 1  84  73  79   2   0  14 0.00  0.0    0 10.7 28 220   M    M   5        32 210
 2  88  69  79   2   0  14 0.40  0.0    0  8.3 17 300   M    M   5 13     21 270
 3  89  67  78   1   0  13 0.00  0.0    0  3.6  9  70   M    M   3 1      12 260
 4  92  68  80   4   0  15 0.00  0.0    0  4.7 10 190   M    M   2 18     13 210
 5  92  69  81   5   0  16 0.00  0.0    0  4.1 12 200   M    M   2 18     15 200
 6  80  68  74  -2   0   9    T  0.0    0  7.0 16 320   M    M   5        20 310
 7  79  61  70  -5   0   5 0.00  0.0    0  7.8 16  70   M    M   0        21  70
 8  81  53  67  -8   0   2 0.00  0.0    0  3.5 12  90   M    M   0        15  80
 9  85  57  71  -4   0   6 0.00  0.0    0  4.0 14 150   M    M   0        15 140
10  86  70  78   4   0  13    T  0.0    0 13.2 27 200   M    M   4 8      33 190
11  81  62  72  -2   0   7 0.60  0.0    0  7.7 18 280   M    M  10 1      23 280
12  65  59  62 -12   3   0    T  0.0    0  7.0 13  40   M    M  10 1      16  30
13  66  53  60 -13   5   0 0.00  0.0    0  8.6 17 320   M    M   5 1      20 320
14  73  49  61 -12   4   0 0.00  0.0    0  3.5 10  30   M    M   0        13  60
15  79  50  65  -7   0   0 0.00  0.0    0  4.7 10 190   M    M   5        15  M
16  69  55  62 -10   3   0    T  0.0    0  7.2 12 350   M    M   7 1      17  M
================================================================================
SM 1289  983        15 114  1.00     0.0 105.6          M       63
================================================================================
AV 80.6 61.4                               6.6 FASTST   M    M   4    MAX(MPH)
                                 MISC ---->  # 28 220                 33    M
================================================================================
NOTES:
# LAST OF SEVERAL OCCURRENCES

COLUMN 17 PEAK WIND IN M.P.H.

PRELIMINARY LOCAL CLIMATOLOGICAL DATA (WS FORM: F-6) , PAGE 2

                                          STATION:  OWENSBORO KY
                                          MONTH:    SEPTEMBER
                                          YEAR:     2014
                                          LATITUDE:   37 45 N
                                          LONGITUDE:  87 10 W

[TEMPERATURE DATA]      [PRECIPITATION DATA]       SYMBOLS USED IN COLUMN 16

AVERAGE MONTHLY: 71.0   TOTAL FOR MONTH:   1.00    1 = FOG OR MIST
DPTR FM NORMAL:  -3.8   DPTR FM NORMAL:   -0.81    2 = FOG REDUCING VISIBILITY
HIGHEST:    92 ON  5, 4 GRTST 24HR  0.60 ON 11-11      TO 1/4 MILE OR LESS
LOWEST:     49 ON 14                               3 = THUNDER
                        SNOW, ICE PELLETS, HAIL    4 = ICE PELLETS
                        TOTAL MONTH:   0.0 INCH    5 = HAIL
                        GRTST 24HR     0.0         6 = FREEZING RAIN OR DRIZZLE
                        GRTST DEPTH:   0           7 = DUSTSTORM OR SANDSTORM:
                                                       VSBY 1/2 MILE OR LESS
                                                   8 = SMOKE OR HAZE
[NO. OF DAYS WITH]      [WEATHER - DAYS WITH]      9 = BLOWING SNOW
                                                   X = TORNADO
MAX 32 OR BELOW:   0    0.01 INCH OR MORE:   2
MAX 90 OR ABOVE:   2    0.10 INCH OR MORE:   2
MIN 32 OR BELOW:   0    0.50 INCH OR MORE:   1
MIN  0 OR BELOW:   0    1.00 INCH OR MORE:   0

[HDD (BASE 65) ]
TOTAL THIS MO.    15    CLEAR  (SCALE 0-3)   7
DPTR FM NORMAL    13    PTCLDY (SCALE 4-7)   7
TOTAL FM JUL 1    15    CLOUDY (SCALE 8-10)  2
DPTR FM NORMAL    12

[CDD (BASE 65) ]
TOTAL THIS MO.   114
DPTR FM NORMAL   -47    [PRESSURE DATA]
TOTAL FM JAN 1  1362    HIGHEST SLP M ON M
DPTR FM NORMAL  -263    LOWEST  SLP M ON M

[REMARKS]
