000
CXUS55 KPAH 260637
CF6OWB
PRELIMINARY LOCAL CLIMATOLOGICAL DATA (WS FORM: F-6)

                                          STATION:   OWENSBORO KY
                                          MONTH:     SEPTEMBER
                                          YEAR:      2017
                                          LATITUDE:   37 45 N
                                          LONGITUDE:  87 10 W

  TEMPERATURE IN F:       :PCPN:    SNOW:  WIND      :SUNSHINE: SKY     :PK WND
================================================================================
1   2   3   4   5  6A  6B    7    8   9   10  11  12  13   14  15   16   17  18
                                     12Z  AVG MX 2MIN
DY MAX MIN AVG DEP HDD CDD  WTR  SNW DPTH SPD SPD DIR MIN PSBL S-S WX    SPD DR
================================================================================

 1  70  55  63 -14   2   0 1.57  0.0    0 14.3 26  70   M    M  10 1      31  10
 2  76  55  66 -11   0   1 0.05  0.0    0  6.9 16 270   M    M   4        21  10
 3  86  54  70  -7   0   5 0.00  0.0    0  5.9 14 250   M    M   3        17 250
 4  88  68  78   2   0  13    T  0.0    0 11.3 31 260   M    M   3 38     38 260
 5  76  57  67  -9   0   2    T  0.0    0  7.3 20 310   M    M   2 138    22 310
 6  72  50  61 -15   4   0 0.00  0.0    0  5.6 18 300   M    M   2        22 290
 7  73  48  61 -14   4   0 0.00  0.0    0  3.6 14 270   M    M   2        18 300
 8  80  51  66  -9   0   1 0.00  0.0    0  3.3  9 240   M    M   1        13 240
 9  81  53  67  -8   0   2 0.00  0.0    0  6.6 16  60   M    M   1 1      21  60
10  78  56  67  -7   0   2 0.00  0.0    0  9.0 15  80   M    M   0        20  50
11  75  56  66  -8   0   1 0.00  0.0    0  8.6 20  60   M    M   0        24  70
12  73  59  66  -8   0   1 0.61  0.0    0  9.4 21  70   M    M  10 1      24  60
13  64  61  63 -10   2   0 0.36  0.0    M  6.0 12 170   M    M   9 1      13 150
14  80  64  72  -1   0   7 0.01  0.0    0  3.7  8 240   M    M   7 18     10 240
15  88  61  75   3   0  10 0.00  0.0    0  3.7 10 230   M    M   2 12     14 210
16  89  64  77   5   0  12 0.00  0.0    0  4.1 10 130   M    M   2 18     14 120
17  90  65  78   6   0  13 0.00  0.0    0  2.2 10 150   M    M   2        14 160
18  87  67  77   6   0  12 0.18  0.0    0  4.1 23 300   M    M   5 13     29 290
19  86  67  77   6   0  12 0.91  0.0    0  4.8 15 160   M    M   4 123    18 150
20  92  67  80  10   0  15 0.00  0.0    0  6.0 14 210   M    M   1 1      17 220
21  94  70  82  12   0  17 0.00  0.0    0  3.3  9 120   M    M   1 1      10 150
22  92  69  81  11   0  16 0.00  0.0    0  2.8 14  60   M    M   0 1      16 100
23  90  68  79  10   0  14 0.00  0.0    0  2.9 12  60   M    M   0 1      17  80
24  92  65  79  10   0  14 0.00  0.0    0  2.4 10 100   M    M   0        14 100
25  92  67  80  12   0  15 0.00  0.0    0  0.7  8  70   M    M   2 8      10 120
================================================================================
SM 2064 1517        12 185  3.69     0.0 138.5          M       73
================================================================================
AV 82.6 60.7                               5.5 FASTST   M    M   3    MAX(MPH)
                                 MISC ---->  # 31 260               # 38  260
================================================================================
NOTES:
# LAST OF SEVERAL OCCURRENCES

COLUMN 17 PEAK WIND IN M.P.H.

PRELIMINARY LOCAL CLIMATOLOGICAL DATA (WS FORM: F-6) , PAGE 2

                                          STATION:  OWENSBORO KY
                                          MONTH:    SEPTEMBER
                                          YEAR:     2017
                                          LATITUDE:   37 45 N
                                          LONGITUDE:  87 10 W

[TEMPERATURE DATA]      [PRECIPITATION DATA]       SYMBOLS USED IN COLUMN 16

AVERAGE MONTHLY: 71.6   TOTAL FOR MONTH:   3.69    1 = FOG OR MIST
DPTR FM NORMAL:  -1.4   DPTR FM NORMAL:    0.82    2 = FOG REDUCING VISIBILITY
HIGHEST:    94 ON 21    GRTST 24HR  1.57 ON  1- 1      TO 1/4 MILE OR LESS
LOWEST:     48 ON  7                               3 = THUNDER
                        SNOW, ICE PELLETS, HAIL    4 = ICE PELLETS
                        TOTAL MONTH:   0.0 INCH    5 = HAIL
                        GRTST 24HR     0.0         6 = FREEZING RAIN OR DRIZZLE
                        GRTST DEPTH:   0           7 = DUSTSTORM OR SANDSTORM:
                                                       VSBY 1/2 MILE OR LESS
                                                   8 = SMOKE OR HAZE
[NO. OF DAYS WITH]      [WEATHER - DAYS WITH]      9 = BLOWING SNOW
                                                   X = TORNADO
MAX 32 OR BELOW:   0    0.01 INCH OR MORE:   7
MAX 90 OR ABOVE:   7    0.10 INCH OR MORE:   5
MIN 32 OR BELOW:   0    0.50 INCH OR MORE:   3
MIN  0 OR BELOW:   0    1.00 INCH OR MORE:   1

[HDD (BASE 65) ]
TOTAL THIS MO.    12    CLEAR  (SCALE 0-3)  16
DPTR FM NORMAL    -1    PTCLDY (SCALE 4-7)   6
TOTAL FM JUL 1    12    CLOUDY (SCALE 8-10)  3
DPTR FM NORMAL    -2

[CDD (BASE 65) ]
TOTAL THIS MO.   185
DPTR FM NORMAL   -31    [PRESSURE DATA]
TOTAL FM JAN 1  1496    HIGHEST SLP M ON M
DPTR FM NORMAL  -184    LOWEST  SLP 29.71 ON 13

[REMARKS]
