000
CXUS55 KRIW 300901
CF6P60
PRELIMINARY LOCAL CLIMATOLOGICAL DATA (WS FORM: F-6)

                                          STATION:   LAKE YELLOWSTONE WY
                                          MONTH:     OCTOBER
                                          YEAR:      2014
                                          LATITUDE:   44 32 N
                                          LONGITUDE: 110 25 W

  TEMPERATURE IN F:       :PCPN:    SNOW:  WIND      :SUNSHINE: SKY     :PK WND
================================================================================
1   2   3   4   5  6A  6B    7    8   9   10  11  12  13   14  15   16   17  18
                                     12Z  AVG MX 2MIN
DY MAX MIN AVG DEP HDD CDD  WTR  SNW DPTH SPD SPD DIR MIN PSBL S-S WX    SPD DR
================================================================================

 1  40  26  33  -8  32   0 0.04    M    M  1.8 10 290   M    M   0        20 280
 2  45  26  36  -5  29   0 0.00  0.0    0  4.6 14 280   M    M   0        25 280
 3  50  20  35  -5  30   0 0.00  0.0    0  4.0 13 290   M    M   0        20 270
 4  56  25  41   1  24   0 0.00  0.0    0  4.0 14 270   M    M   0        22 280
 5  57  28  43   3  22   0 0.00  0.0    0  5.1 17 270   M    M   0        24 270
 6  59  32  46   7  19   0 0.00  0.0    0  4.6 15 290   M    M   0        21 290
 7  61  30  46   7  19   0 0.00  0.0    0  2.7 13 270   M    M   0        18 290
 8  61  28  45   7  20   0 0.01    M    0  2.0  7 120   M    M   0        10 110
 9  60  27  44   6  21   0 0.00  0.0    0  1.5  8 290   M    M   0        12 300
10  59  28  44   6  21   0 0.00  0.0    0  2.9 13 290   M    M   0        19 260
11  53  26  40   3  25   0 0.20    M    M  3.5 14 300   M    M   0        25 250
12  39  24  32  -5  33   0 0.05  0.0    0  3.7 10 290   M    M   0        19 330
13  45  22  34  -3  31   0 0.00  0.0    0  1.8 12 260   M    M   0        18 280
14  59  27  43   7  22   0 0.00  0.0    0  2.1  9 260   M    M   0        14 260
15  58  28  43   7  22   0 0.00    M    M  5.7 16 270   M    M   0        32 290
16  45  22  34  -2  31   0 0.00    M    M  2.0  7  90   M    M   0        13 120
17  54  22  38   3  27   0 0.00    M    M  2.2  7 110   M    M   0        11  90
18  61  26  44   9  21   0 0.00    M    M  2.3  8 270   M    M   0        13 250
19  59  25  42   7  23   0 0.00  0.0    0  2.3  7 310   M    M   0        11 170
20  62  24  43   9  22   0 0.00  0.0    0  2.4  9 210   M    M   0        16 190
21  43  27  35   1  30   0 0.10    M    M  3.4 18 280   M    M   0        27 280
22  42  24  33   0  32   0 0.00  0.0    0  2.8 13 280   M    M   0        17 290
23  51  25  38   5  27   0 0.00  0.0    0  3.5 14 270   M    M   0        23 210
24  54  28  41   8  24   0 0.00  0.0    0  3.8 16 260   M    M   0        29 270
25  62  26  44  12  21   0 0.12    M    0  3.2 17 280   M    M   0        27 280
26  38  24  31  -1  34   0 0.81    M    M  4.9 14 280   M    M   0        25 250
27  32  17  25  -6  40   0 0.00  0.0    0  3.3 12 270   M    M   0        21 290
28  37  15  26  -5  39   0 0.00  0.0    M  2.0  8 220   M    M   0        14 230
29  43  17  30  -1  35   0 0.00  0.0    M  2.2  9 250   M    M   0        18 280
================================================================================
SM 1485  719       776   0  1.33     0.0  90.3          M        0
================================================================================
AV 51.2 24.8                               3.1 FASTST   M    M   0    MAX(MPH)
                                 MISC ---->  # 18 280               # 32  290
================================================================================
NOTES:
# LAST OF SEVERAL OCCURRENCES

COLUMN 17 PEAK WIND IN M.P.H.

PRELIMINARY LOCAL CLIMATOLOGICAL DATA (WS FORM: F-6) , PAGE 2

                                          STATION:  LAKE YELLOWSTONE WY
                                          MONTH:    OCTOBER
                                          YEAR:     2014
                                          LATITUDE:   44 32 N
                                          LONGITUDE: 110 25 W

[TEMPERATURE DATA]      [PRECIPITATION DATA]       SYMBOLS USED IN COLUMN 16

AVERAGE MONTHLY: 38.0   TOTAL FOR MONTH:   1.33    1 = FOG OR MIST
DPTR FM NORMAL:   2.1   DPTR FM NORMAL:    0.08    2 = FOG REDUCING VISIBILITY
HIGHEST:    62 ON 25,20 GRTST 24HR  0.93 ON 25-26      TO 1/4 MILE OR LESS
LOWEST:     15 ON 28                               3 = THUNDER
                        SNOW, ICE PELLETS, HAIL    4 = ICE PELLETS
                        TOTAL MONTH:   0.0 INCH    5 = HAIL
                        GRTST 24HR     0.0         6 = FREEZING RAIN OR DRIZZLE
                        GRTST DEPTH:   0           7 = DUSTSTORM OR SANDSTORM:
                                                       VSBY 1/2 MILE OR LESS
                                                   8 = SMOKE OR HAZE
[NO. OF DAYS WITH]      [WEATHER - DAYS WITH]      9 = BLOWING SNOW
                                                   X = TORNADO
MAX 32 OR BELOW:   1    0.01 INCH OR MORE:   7
MAX 90 OR ABOVE:   0    0.10 INCH OR MORE:   4
MIN 32 OR BELOW:  29    0.50 INCH OR MORE:   1
MIN  0 OR BELOW:   0    1.00 INCH OR MORE:   0

[HDD (BASE 65) ]
TOTAL THIS MO.   776    CLEAR  (SCALE 0-3)  29
DPTR FM NORMAL   -66    PTCLDY (SCALE 4-7)   0
TOTAL FM JUL 1  1976    CLOUDY (SCALE 8-10)  0
DPTR FM NORMAL    -1

[CDD (BASE 65) ]
TOTAL THIS MO.     0
DPTR FM NORMAL     0    [PRESSURE DATA]
TOTAL FM JAN 1     0    HIGHEST SLP M ON M
DPTR FM NORMAL     0    LOWEST  SLP 29.72 ON 25

[REMARKS]
