000
CXUS55 KRIW 210901
CF6P60
PRELIMINARY LOCAL CLIMATOLOGICAL DATA (WS FORM: F-6)

                                          STATION:   LAKE YELLOWSTONE WY
                                          MONTH:     SEPTEMBER
                                          YEAR:      2014
                                          LATITUDE:   44 32 N
                                          LONGITUDE: 110 25 W

  TEMPERATURE IN F:       :PCPN:    SNOW:  WIND      :SUNSHINE: SKY     :PK WND
================================================================================
1   2   3   4   5  6A  6B    7    8   9   10  11  12  13   14  15   16   17  18
                                     12Z  AVG MX 2MIN
DY MAX MIN AVG DEP HDD CDD  WTR  SNW DPTH SPD SPD DIR MIN PSBL S-S WX    SPD DR
================================================================================

 1  56  33  45  -7  20   0 0.01    M    M  3.1 14 290   M    M   0        20 290
 2  64  29  47  -5  18   0 0.00  0.0    0  4.0 16 280   M    M   0        25 290
 3  61  31  46  -5  19   0 0.00  0.0    0  6.7 17 270   M    M   0        29 270
 4  55  27  41 -10  24   0 0.00  0.0    0  2.6  8 120   M    M   0        12 140
 5  62  26  44  -6  21   0 0.00  0.0    0  2.1  8 130   M    M   0        10 130
 6  68  28  48  -2  17   0 0.00  0.0    0  2.4 10 290   M    M   0        16 270
 7  70  33  52   2  13   0 0.00  0.0    0  3.2 16 270   M    M   0        25 260
 8  69  32  51   1  14   0 0.00  0.0    0  3.6 18 270   M    M   0        28 290
 9  59  38  49   0  16   0 0.28    M    M  2.8 16 300   M    M   0        30 320
10  50  31  41  -8  24   0 0.24    M    M  3.4 12 280   M    M   0        19 290
11  39  22  31 -17  34   0 0.02    M    M  2.1  9 320   M    M   0        17 340
12  56  18  37 -11  28   0 0.00  0.0    0  2.7  9 210   M    M   0        14 200
13  62  24  43  -5  22   0 0.00  0.0    0  3.4 15 280   M    M   0        25 310
14  66  27  47   0  18   0 0.00  0.0    0  3.9 16 280   M    M   0        26 290
15  69  28  49   2  16   0 0.00  0.0    0  3.5 15 280   M    M   0        22 270
16  68  31  50   3  15   0 0.00  0.0    0  1.8 15 280   M    M   0        22 270
17  71  33  52   6  13   0 0.00  0.0    0  2.2 13 280   M    M   0        22 300
18  62  40  51   5  14   0 0.47    M    M  0.8  8 360   M    M   0        16 330
19  63  36  50   4  15   0 0.00    M    M  2.0 14 280   M    M   0        21 280
20  65  32  49   4  16   0 0.00    M    M  1.8  6 120   M    M   0         8 130
================================================================================
SM 1235  599       377   0  1.02     0.0  58.1          M        0
================================================================================
AV 61.8 30.0                               2.9 FASTST   M    M   0    MAX(MPH)
                                 MISC ---->  # 18 270               # 30  320
================================================================================
NOTES:
# LAST OF SEVERAL OCCURRENCES

COLUMN 17 PEAK WIND IN M.P.H.

PRELIMINARY LOCAL CLIMATOLOGICAL DATA (WS FORM: F-6) , PAGE 2

                                          STATION:  LAKE YELLOWSTONE WY
                                          MONTH:    SEPTEMBER
                                          YEAR:     2014
                                          LATITUDE:   44 32 N
                                          LONGITUDE: 110 25 W

[TEMPERATURE DATA]      [PRECIPITATION DATA]       SYMBOLS USED IN COLUMN 16

AVERAGE MONTHLY: 45.8   TOTAL FOR MONTH:   1.02    1 = FOG OR MIST
DPTR FM NORMAL:  -2.8   DPTR FM NORMAL:    0.05    2 = FOG REDUCING VISIBILITY
HIGHEST:    71 ON 17    GRTST 24HR  0.47 ON 18-18      TO 1/4 MILE OR LESS
LOWEST:     18 ON 12                               3 = THUNDER
                        SNOW, ICE PELLETS, HAIL    4 = ICE PELLETS
                        TOTAL MONTH:   0.0 INCH    5 = HAIL
                        GRTST 24HR     0.0         6 = FREEZING RAIN OR DRIZZLE
                        GRTST DEPTH:   0           7 = DUSTSTORM OR SANDSTORM:
                                                       VSBY 1/2 MILE OR LESS
                                                   8 = SMOKE OR HAZE
[NO. OF DAYS WITH]      [WEATHER - DAYS WITH]      9 = BLOWING SNOW
                                                   X = TORNADO
MAX 32 OR BELOW:   0    0.01 INCH OR MORE:   5
MAX 90 OR ABOVE:   0    0.10 INCH OR MORE:   3
MIN 32 OR BELOW:  14    0.50 INCH OR MORE:   0
MIN  0 OR BELOW:   0    1.00 INCH OR MORE:   0

[HDD (BASE 65) ]
TOTAL THIS MO.   377    CLEAR  (SCALE 0-3)  20
DPTR FM NORMAL    49    PTCLDY (SCALE 4-7)   0
TOTAL FM JUL 1  1039    CLOUDY (SCALE 8-10)  0
DPTR FM NORMAL   124

[CDD (BASE 65) ]
TOTAL THIS MO.     0
DPTR FM NORMAL     0    [PRESSURE DATA]
TOTAL FM JAN 1     0    HIGHEST SLP M ON M
DPTR FM NORMAL     0    LOWEST  SLP 29.76 ON  3

[REMARKS]
