000
CXUS56 KLKN 011009
CF6P68
PRELIMINARY LOCAL CLIMATOLOGICAL DATA (WS FORM: F-6)

                                          STATION:   EUREKA AIRPORT NV
                                          MONTH:     AUGUST
                                          YEAR:      2015
                                          LATITUDE:   39 30 N
                                          LONGITUDE: 115 58 W

  TEMPERATURE IN F:       :PCPN:    SNOW:  WIND      :SUNSHINE: SKY     :PK WND
================================================================================
1   2   3   4   5  6A  6B    7    8   9   10  11  12  13   14  15   16   17  18
                                     12Z  AVG MX 2MIN
DY MAX MIN AVG DEP HDD CDD  WTR  SNW DPTH SPD SPD DIR MIN PSBL S-S WX    SPD DR
================================================================================

 1  95  53  74   4   0   9 0.00    M    M  6.6 20 200   M    M   M        24 200
 2  85  59  72   2   0   7 0.00    M    M  5.3 18  80   M    M   M        26  70
 3  87  52  70   0   0   5 0.00    M    M  6.9 30 310   M    M   M        38 300
 4  93  49  71   1   0   6 0.00    M    M 10.3 25 180   M    M   M        33 190
 5  87  54  71   1   0   6 0.00    M    M  7.8 25 290   M    M   M        35 280
 6  88  50  69   0   0   4 0.00    M    M  6.1 30 160   M    M   M        37 150
 7  75  47  61  -8   4   0 0.72    M    M  9.1 28 160   M    M   M        38 160
 8  76  47  62  -7   3   0 0.00    M    M  5.6 24 150   M    M   M        31 180
 9  86  46  66  -3   0   1 0.00    M    M  7.2 20 150   M    M   M        26 160
10  88  49  69   0   0   4 0.00    M    M 11.4 30 180   M    M   M        38 200
11  90  53  72   4   0   7 0.00    M    M 15.4 33 160   M    M   M        40 170
12  90  61  76   8   0  11 0.00    M    M 12.1 28 160   M    M   M        38 150
13  92  59  76   8   0  11 0.00    M    M 13.1 37 170   M    M   M        44 160
14  93  60  77   9   0  12 0.00    M    M 10.8 26 200   M    M   M        37 200
15  94  50  72   4   0   7 0.00    M    M  5.8 20  20   M    M   M        27  10
16  92  52  72   5   0   7 0.00    M    M  6.3 18  20   M    M   M        22  30
17  94  52  73   6   0   8 0.00    M    M  8.1 21 300   M    M   M        28 330
18  90  48  69   2   0   4 0.00    M    M  8.0 22  20   M    M   M        26  10
19  91  47  69   2   0   4 0.00    M    M  6.2 20 310   M    M   M        26 310
20  93  52  73   7   0   8 0.00    M    M  6.3 16  30   M    M   M        22 250
21  94  50  72   6   0   7 0.00    M    M  8.4 22 310   M    M   M        27 300
22  91  49  70   4   0   5 0.00    M    M  7.2 14 360   M    M   M        18 330
23  93  47  70   4   0   5 0.00    M    M  7.8 23 180   M    M   M        29 180
24  94  53  74   8   0   9 0.00    M    M  9.0 18 190   M    M   M        24 140
25  93  52  73   8   0   8 0.00    M    M 10.9 29 160   M    M   M        35 170
26  86  56  71   6   0   6 0.00    M    M  8.7 29 190   M    M   M        36 190
27  87  54  71   6   0   6 0.00    M    M  6.1 15  80   M    M   M        20  70
28  92  51  72   8   0   7 0.00    M    M  7.8 25 180   M    M   M        33 160
29  93  61  77  13   0  12 0.00    M    M 13.4 31 180   M    M   M        36 200
30  85  47  66   2   0   1 0.00    M    M  5.0 17 300   M    M   M        22 320
31  88  41  65   1   0   0 0.00    M    M  6.2 21 200   M    M   M        26 210
================================================================================
SM 2775 1601         7 187  0.72    M    258.9          M        M
================================================================================
AV 89.5 51.6                               8.4 FASTST   M    M   0    MAX(MPH)
                                 MISC ---->  # 37 170               # 44  160
================================================================================
NOTES:
# LAST OF SEVERAL OCCURRENCES

COLUMN 17 PEAK WIND IN M.P.H.

PRELIMINARY LOCAL CLIMATOLOGICAL DATA (WS FORM: F-6) , PAGE 2

                                          STATION:  EUREKA AIRPORT NV
                                          MONTH:    AUGUST
                                          YEAR:     2015
                                          LATITUDE:   39 30 N
                                          LONGITUDE: 115 58 W

[TEMPERATURE DATA]      [PRECIPITATION DATA]       SYMBOLS USED IN COLUMN 16

AVERAGE MONTHLY: 70.6   TOTAL FOR MONTH:   0.72    1 = FOG OR MIST
DPTR FM NORMAL:   3.4   DPTR FM NORMAL:    0.14    2 = FOG REDUCING VISIBILITY
HIGHEST:    95 ON  1    GRTST 24HR  0.72 ON  7- 7      TO 1/4 MILE OR LESS
LOWEST:     41 ON 31                               3 = THUNDER
                        SNOW, ICE PELLETS, HAIL    4 = ICE PELLETS
                        TOTAL MONTH:    M          5 = HAIL
                        GRTST 24HR    M  ON   M    6 = FREEZING RAIN OR DRIZZLE
                        GRTST DEPTH:  M  ON   M    7 = DUSTSTORM OR SANDSTORM:
                                                       VSBY 1/2 MILE OR LESS
                                                   8 = SMOKE OR HAZE
[NO. OF DAYS WITH]      [WEATHER - DAYS WITH]      9 = BLOWING SNOW
                                                   X = TORNADO
MAX 32 OR BELOW:   0    0.01 INCH OR MORE:   1
MAX 90 OR ABOVE:  19    0.10 INCH OR MORE:   1
MIN 32 OR BELOW:   0    0.50 INCH OR MORE:   1
MIN  0 OR BELOW:   0    1.00 INCH OR MORE:   0

[HDD (BASE 65) ]
TOTAL THIS MO.     7    CLEAR  (SCALE 0-3)   0
DPTR FM NORMAL   -27    PTCLDY (SCALE 4-7)   0
TOTAL FM JUL 1    28    CLOUDY (SCALE 8-10)  0
DPTR FM NORMAL   -19

[CDD (BASE 65) ]
TOTAL THIS MO.   187
DPTR FM NORMAL    85    [PRESSURE DATA]
TOTAL FM JAN 1   473    HIGHEST SLP M ON M
DPTR FM NORMAL   196    LOWEST  SLP 29.71 ON 29

[REMARKS]
#FINAL-08-15#
