000
CXUS53 KPAH 230649
CF6PAH
PRELIMINARY LOCAL CLIMATOLOGICAL DATA (WS FORM: F-6)

                                          STATION:   PADUCAH KY
                                          MONTH:     MARCH
                                          YEAR:      2017
                                          LATITUDE:   37  4 N
                                          LONGITUDE:  88 46 W

  TEMPERATURE IN F:       :PCPN:    SNOW:  WIND      :SUNSHINE: SKY     :PK WND
================================================================================
1   2   3   4   5  6A  6B    7    8   9   10  11  12  13   14  15   16   17  18
                                     12Z  AVG MX 2MIN
DY MAX MIN AVG DEP HDD CDD  WTR  SNW DPTH SPD SPD DIR MIN PSBL S-S WX    SPD DR
================================================================================

 1  72  40  56  12   9   0 0.27  0.0    0 14.1 48 260   M    M   2 13     75 240
 2  55  34  45   1  20   0 0.00  0.0    0  6.9 18  30   M    M   2        23  30
 3  48  30  39  -5  26   0 0.00  0.0    0  5.6 14 360   M    M   1        16  10
 4  67  32  50   5  15   0 0.00  0.0    0  8.1 21 240   M    M   0        29 240
 5  62  47  55  10  10   0 0.01  0.0    0  9.8 21 220   M    M   6        29 210
 6  68  53  61  16   4   0 0.64  0.0    0 14.1 23 180   M    M   9 1      32 160
 7  65  42  54   8  11   0 1.25  0.0    0  8.1 36 280   M    M   4 138    45 290
 8  66  38  52   6  13   0 0.00  0.0    0  6.5 14 250   M    M   0        18 220
 9  75  41  58  12   7   0 0.30  0.0    0  6.0 22 350   M    M   2 13     29  10
10  56  38  47   1  18   0 0.00  0.0    0 13.2 23  10   M    M   2        32 350
11  40  31  36 -11  29   0 0.06  0.2    0 10.5 17  10   M    M   8 1      23  40
12  48  26  37 -10  28   0 0.00  0.0    0  6.0 14  50   M    M   0        17  50
13  40  32  36 -11  29   0 0.16  0.8    0  4.6 20 350   M    M   8 1      25 340
14  39  26  33 -15  32   0    T    T    0 12.8 21  30   M    M   8        26 350
15  40  21  31 -17  34   0 0.00  0.0    0  5.2 15 360   M    M   0        19  10
16  49  19  34 -14  31   0 0.00  0.0    0  4.9 12 240   M    M   6        15 250
17  60  46  53   4  12   0 0.11    M    0  8.4 17 230   M    M   9 128    24 240
18  62  39  51   2  14   0 0.00  0.0    0  9.8 18 330   M    M   2 12     26 310
19  61  30  46  -3  19   0 0.00  0.0    0  4.2 14 100   M    M   4 1      18  90
20  84  44  64  14   1   0 0.18    M    0  8.0 21 250   M    M   1 13     27 240
21  66  50  58   8   7   0 0.11  0.0    0 10.2 17 360   M    M   2 13     23  40
22  57  40  49  -1  16   0 0.00  0.0    0 12.3 20  50   M    M   1        29  80
================================================================================
SM 1280  799       385   0  3.09     1.0 189.3          M       77
================================================================================
AV 58.2 36.3                               8.6 FASTST   M    M   4    MAX(MPH)
                                 MISC ---->  # 48 260               # 75  240
================================================================================
NOTES:
# LAST OF SEVERAL OCCURRENCES

COLUMN 17 PEAK WIND IN M.P.H.

PRELIMINARY LOCAL CLIMATOLOGICAL DATA (WS FORM: F-6) , PAGE 2

                                          STATION:  PADUCAH KY
                                          MONTH:    MARCH
                                          YEAR:     2017
                                          LATITUDE:   37  4 N
                                          LONGITUDE:  88 46 W

[TEMPERATURE DATA]      [PRECIPITATION DATA]       SYMBOLS USED IN COLUMN 16

AVERAGE MONTHLY: 47.3   TOTAL FOR MONTH:   3.09    1 = FOG OR MIST
DPTR FM NORMAL:   0.3   DPTR FM NORMAL:    0.41    2 = FOG REDUCING VISIBILITY
HIGHEST:    84 ON 20    GRTST 24HR  1.25 ON  7- 7      TO 1/4 MILE OR LESS
LOWEST:     19 ON 16                               3 = THUNDER
                        SNOW, ICE PELLETS, HAIL    4 = ICE PELLETS
                        TOTAL MONTH:   1.0 INCH    5 = HAIL
                        GRTST 24HR   0.8 ON   M    6 = FREEZING RAIN OR DRIZZLE
                        GRTST DEPTH:   0           7 = DUSTSTORM OR SANDSTORM:
                                                       VSBY 1/2 MILE OR LESS
                                                   8 = SMOKE OR HAZE
[NO. OF DAYS WITH]      [WEATHER - DAYS WITH]      9 = BLOWING SNOW
                                                   X = TORNADO
MAX 32 OR BELOW:   0    0.01 INCH OR MORE:  10
MAX 90 OR ABOVE:   0    0.10 INCH OR MORE:   8
MIN 32 OR BELOW:   9    0.50 INCH OR MORE:   2
MIN  0 OR BELOW:   0    1.00 INCH OR MORE:   1

[HDD (BASE 65) ]
TOTAL THIS MO.   385    CLEAR  (SCALE 0-3)  13
DPTR FM NORMAL   -16    PTCLDY (SCALE 4-7)   6
TOTAL FM JUL 1  2864    CLOUDY (SCALE 8-10)  3
DPTR FM NORMAL  -833

[CDD (BASE 65) ]
TOTAL THIS MO.     0
DPTR FM NORMAL     0    [PRESSURE DATA]
TOTAL FM JAN 1     0    HIGHEST SLP M ON M
DPTR FM NORMAL     0    LOWEST  SLP 29.58 ON  1

[REMARKS]
