000
CXUS53 KPAH 250632
CF6PAH
PRELIMINARY LOCAL CLIMATOLOGICAL DATA (WS FORM: F-6)

                                          STATION:   PADUCAH KY
                                          MONTH:     OCTOBER
                                          YEAR:      2014
                                          LATITUDE:   37  4 N
                                          LONGITUDE:  88 46 W

  TEMPERATURE IN F:       :PCPN:    SNOW:  WIND      :SUNSHINE: SKY     :PK WND
================================================================================
1   2   3   4   5  6A  6B    7    8   9   10  11  12  13   14  15   16   17  18
                                     12Z  AVG MX 2MIN
DY MAX MIN AVG DEP HDD CDD  WTR  SNW DPTH SPD SPD DIR MIN PSBL S-S WX    SPD DR
================================================================================

 1  88  55  72   8   0   7 0.00  0.0    0  3.9 13 230   M    M   2 1      18 230
 2  85  65  75  12   0  10 0.52  0.0    0  8.0 29 310   M    M   5 13     40 320
 3  72  44  58  -5   7   0 0.12  0.0    0 11.6 22 310   M    M   7 1      35 290
 4  57  36  47 -16  18   0 0.00  0.0    0  7.3 22 290   M    M   0        30 290
 5  75  36  56  -6   9   0 0.12    M    0  7.2 23 240   M    M   3 1      29 240
 6  75  56  66   4   0   1 0.00  0.0    0  8.9 22 250   M    M   2        29 260
 7  80  60  70   8   0   5 0.17  0.0    0  9.0 23 240   M    M   3 1      28 220
 8  82  50  66   5   0   1 0.00  0.0    0  2.2 12 160   M    M   0        14 160
 9  82  61  72  11   0   7 0.58  0.0    0  4.5 20 300   M    M   5 13     27 300
10  65  53  59  -2   6   0 0.60  0.0    0  7.5 15  20   M    M  10 12     18  20
11  57  52  55  -5  10   0    T  0.0    0  8.0 15  20   M    M  10 1      19  20
12  71  56  64   4   1   0 0.17  0.0    0  5.5 15 200   M    M  10 13     21 170
13  80  62  71  11   0   6 0.61  0.0    0 11.1 31 250   M    M   8 13     40 250
14  62  54  58  -1   7   0 0.21  0.0    0 11.4 21 250   M    M  10 1      31 220
15  57  53  55  -4  10   0 0.04  0.0    0  7.7 15 280   M    M  10 1      20 310
16  70  48  59   0   6   0 0.00  0.0    0  4.8 12 240   M    M   4 18     15 250
17  78  50  64   6   1   0 0.00  0.0    0  8.1 20 250   M    M   0        25 250
18  65  42  54  -4  11   0 0.00  0.0    0  6.2 17 360   M    M   2        22 310
19  64  37  51  -7  14   0 0.00  0.0    0  1.8  7 180   M    M   1 128    11  20
20  73  46  60   2   5   0 0.00  0.0    0  6.6 16 240   M    M   2 8      21 250
21  72  44  58   1   7   0 0.00  0.0    0  4.9 15 350   M    M   0 1      21 360
22  65  39  52  -5  13   0 0.00  0.0    0  4.7 14  80   M    M   0 1      17  30
23  62  34  48  -9  17   0 0.00  0.0    0  1.9  8 100   M    M   0 1       M  M
24  71  39  55  -1  10   0 0.00  0.0    0  3.4  9 270   M    M   2 1      19 280
================================================================================
SM 1708 1172       152  37  3.14     0.0 156.2          M       96
================================================================================
AV 71.2 48.8                               6.5 FASTST   M    M   4    MAX(MPH)
                                 MISC ---->  # 31 250               # 40  320
================================================================================
NOTES:
# LAST OF SEVERAL OCCURRENCES

COLUMN 17 PEAK WIND IN M.P.H.

PRELIMINARY LOCAL CLIMATOLOGICAL DATA (WS FORM: F-6) , PAGE 2

                                          STATION:  PADUCAH KY
                                          MONTH:    OCTOBER
                                          YEAR:     2014
                                          LATITUDE:   37  4 N
                                          LONGITUDE:  88 46 W

[TEMPERATURE DATA]      [PRECIPITATION DATA]       SYMBOLS USED IN COLUMN 16

AVERAGE MONTHLY: 60.0   TOTAL FOR MONTH:   3.14    1 = FOG OR MIST
DPTR FM NORMAL:   0.1   DPTR FM NORMAL:    0.03    2 = FOG REDUCING VISIBILITY
HIGHEST:    88 ON  1    GRTST 24HR  0.89 ON  9-10      TO 1/4 MILE OR LESS
LOWEST:     34 ON 23                               3 = THUNDER
                        SNOW, ICE PELLETS, HAIL    4 = ICE PELLETS
                        TOTAL MONTH:   0.0 INCH    5 = HAIL
                        GRTST 24HR     0.0         6 = FREEZING RAIN OR DRIZZLE
                        GRTST DEPTH:   0           7 = DUSTSTORM OR SANDSTORM:
                                                       VSBY 1/2 MILE OR LESS
                                                   8 = SMOKE OR HAZE
[NO. OF DAYS WITH]      [WEATHER - DAYS WITH]      9 = BLOWING SNOW
                                                   X = TORNADO
MAX 32 OR BELOW:   0    0.01 INCH OR MORE:  10
MAX 90 OR ABOVE:   0    0.10 INCH OR MORE:   9
MIN 32 OR BELOW:   0    0.50 INCH OR MORE:   4
MIN  0 OR BELOW:   0    1.00 INCH OR MORE:   0

[HDD (BASE 65) ]
TOTAL THIS MO.   152    CLEAR  (SCALE 0-3)  13
DPTR FM NORMAL    -4    PTCLDY (SCALE 4-7)   6
TOTAL FM JUL 1   173    CLOUDY (SCALE 8-10)  5
DPTR FM NORMAL   -22

[CDD (BASE 65) ]
TOTAL THIS MO.    37
DPTR FM NORMAL     2    [PRESSURE DATA]
TOTAL FM JAN 1  1710    HIGHEST SLP M ON M
DPTR FM NORMAL   175    LOWEST  SLP 29.53 ON 14

[REMARKS]
