000
CXUS53 KPAH 270637
CF6PAH
PRELIMINARY LOCAL CLIMATOLOGICAL DATA (WS FORM: F-6)

                                          STATION:   PADUCAH KY
                                          MONTH:     JULY
                                          YEAR:      2015
                                          LATITUDE:   37  4 N
                                          LONGITUDE:  88 46 W

  TEMPERATURE IN F:       :PCPN:    SNOW:  WIND      :SUNSHINE: SKY     :PK WND
================================================================================
1   2   3   4   5  6A  6B    7    8   9   10  11  12  13   14  15   16   17  18
                                     12Z  AVG MX 2MIN
DY MAX MIN AVG DEP HDD CDD  WTR  SNW DPTH SPD SPD DIR MIN PSBL S-S WX    SPD DR
================================================================================

 1  83  71  77  -2   0  12 0.29  0.0    0  5.6 20 260   M    M   4 13     25 250
 2  87  69  78  -1   0  13 2.27  0.0    0  6.2 37 270   M    M   7 13     46 280
 3  85  70  78  -1   0  13 0.25  0.0    0  4.2 16 250   M    M   7 138    23 240
 4  82  69  76  -3   0  11 0.00  0.0    0  2.4  8  40   M    M   5 128    10  40
 5  86  66  76  -3   0  11 0.00  0.0    0  1.6  8 230   M    M   1 128    16 250
 6  87  69  78  -1   0  13 0.00  0.0    0  6.5 15 230   M    M   5 18     21 220
 7  83  71  77  -2   0  12 3.42  0.0    0  7.4 22 160   M    M   5 138    30 280
 8  86  71  79   0   0  14 0.13  0.0    0  5.8 33 250   M    M   4 138    46 270
 9  87  70  79   0   0  14 1.96  0.0    0  8.4 23 280   M    M   6 138    32 280
10  89  69  79   0   0  14 0.06  0.0    0  4.5 16 240   M    M   3 13     22 310
11  91  72  82   3   0  17 0.00  0.0    0  4.6 13 240   M    M   2 12     16 220
12  93  77  85   6   0  20 0.00  0.0    0  6.6 14 240   M    M   1 1      17 240
13  93  76  85   6   0  20 0.00  0.0    0  7.9 20 240   M    M   0        24 240
14  94  77  86   7   0  21 0.00  0.0    0  8.7 15 280   M    M   1 3      20 240
15  88  71  80   1   0  15 0.00  0.0    0  5.6 14  10   M    M   1 1      17  10
16  89  69  79   0   0  14 0.00  0.0    0  3.9 10 120   M    M   2 1      15  60
17  92  77  85   6   0  20 0.00  0.0    0  7.3 14 210   M    M   1 1      19 210
18  93  78  86   7   0  21 0.00  0.0    0  5.5 14 250   M    M   1        19 250
19  94  77  86   7   0  21 0.00  0.0    0  4.3 10 280   M    M   1        19 210
20  90  74  82   3   0  17 0.84  0.0    0  7.2 29 250   M    M   3 138    36 250
21  89  72  81   2   0  16 0.00  0.0    0  5.0 10  10   M    M   2        14  20
22  87  71  79   0   0  14 0.71  0.0    0  4.2 14 230   M    M   6 13     17 150
23  87  71  79   0   0  14 0.00  0.0    0  3.0 13  40   M    M   6 18     14  30
24  90  71  81   2   0  16 0.00  0.0    0  3.2  8  50   M    M   2 1      21 330
25  91  71  81   2   0  16 0.00  0.0    0  1.9 12 140   M    M   3 18     14 140
26  85  73  79   0   0  14 0.36  0.0    0  2.7 25 350   M    M   2 138    31 360
================================================================================
SM 2301 1872         0 403 10.29     0.0 134.2          M       81
================================================================================
AV 88.5 72.0                               5.2 FASTST   M    M   3    MAX(MPH)
                                 MISC ---->  # 37 270               # 46  280
================================================================================
NOTES:
# LAST OF SEVERAL OCCURRENCES

COLUMN 17 PEAK WIND IN M.P.H.

PRELIMINARY LOCAL CLIMATOLOGICAL DATA (WS FORM: F-6) , PAGE 2

                                          STATION:  PADUCAH KY
                                          MONTH:    JULY
                                          YEAR:     2015
                                          LATITUDE:   37  4 N
                                          LONGITUDE:  88 46 W

[TEMPERATURE DATA]      [PRECIPITATION DATA]       SYMBOLS USED IN COLUMN 16

AVERAGE MONTHLY: 80.2   TOTAL FOR MONTH:  10.29    1 = FOG OR MIST
DPTR FM NORMAL:   1.2   DPTR FM NORMAL:    6.49    2 = FOG REDUCING VISIBILITY
HIGHEST:    94 ON 19,14 GRTST 24HR  3.42 ON  7- 7      TO 1/4 MILE OR LESS
LOWEST:     66 ON  5                               3 = THUNDER
                        SNOW, ICE PELLETS, HAIL    4 = ICE PELLETS
                        TOTAL MONTH:   0.0 INCH    5 = HAIL
                        GRTST 24HR     0.0         6 = FREEZING RAIN OR DRIZZLE
                        GRTST DEPTH:   0           7 = DUSTSTORM OR SANDSTORM:
                                                       VSBY 1/2 MILE OR LESS
                                                   8 = SMOKE OR HAZE
[NO. OF DAYS WITH]      [WEATHER - DAYS WITH]      9 = BLOWING SNOW
                                                   X = TORNADO
MAX 32 OR BELOW:   0    0.01 INCH OR MORE:  10
MAX 90 OR ABOVE:  10    0.10 INCH OR MORE:   9
MIN 32 OR BELOW:   0    0.50 INCH OR MORE:   5
MIN  0 OR BELOW:   0    1.00 INCH OR MORE:   3

[HDD (BASE 65) ]
TOTAL THIS MO.     0    CLEAR  (SCALE 0-3)  15
DPTR FM NORMAL     0    PTCLDY (SCALE 4-7)  11
TOTAL FM JUL 1     0    CLOUDY (SCALE 8-10)  0
DPTR FM NORMAL     0

[CDD (BASE 65) ]
TOTAL THIS MO.   403
DPTR FM NORMAL    39    [PRESSURE DATA]
TOTAL FM JAN 1  1015    HIGHEST SLP M ON M
DPTR FM NORMAL   159    LOWEST  SLP 29.63 ON 14

[REMARKS]
