000
CXUS53 KPAH 240638
CF6PAH
PRELIMINARY LOCAL CLIMATOLOGICAL DATA (WS FORM: F-6)

                                          STATION:   PADUCAH KY
                                          MONTH:     OCTOBER
                                          YEAR:      2017
                                          LATITUDE:   37  4 N
                                          LONGITUDE:  88 46 W

  TEMPERATURE IN F:       :PCPN:    SNOW:  WIND      :SUNSHINE: SKY     :PK WND
================================================================================
1   2   3   4   5  6A  6B    7    8   9   10  11  12  13   14  15   16   17  18
                                     12Z  AVG MX 2MIN
DY MAX MIN AVG DEP HDD CDD  WTR  SNW DPTH SPD SPD DIR MIN PSBL S-S WX    SPD DR
================================================================================

 1  82  50  66   2   0   1 0.00  0.0    0  5.8 14 150   M    M   1        19 180
 2  82  57  70   7   0   5 0.00  0.0    0  7.6 16 110   M    M   5        21 120
 3  86  65  76  13   0  11 0.00  0.0    0  6.6 16 170   M    M   6        23 170
 4  86  67  77  14   0  12 0.00  0.0    0  5.7 12 240   M    M   0        17 230
 5  84  61  73  11   0   8 0.00  0.0    0  3.4 12 210   M    M   1        16 230
 6  86  64  75  13   0  10 0.00  0.0    0  5.9 12 220   M    M   0        17 230
 7  82  69  76  14   0  11 0.33  0.0    0  7.0 20 170   M    M   7 1      28 160
 8  73  63  68   7   0   3 1.22  0.0    0  6.7 17  80   M    M  10 123    21  80
 9  86  67  77  16   0  12 0.00  0.0    0  5.1 14 130   M    M   6 12     17 100
10  85  62  74  13   0   9 0.69  0.0    0  5.6 21 320   M    M   7 13     27 320
11  62  53  58  -2   7   0 0.00  0.0    0  5.8 15 310   M    M  10        20 310
12  63  58  61   1   4   0 0.00  0.0    0  3.3  9 130   M    M  10        12 150
13  79  52  66   6   0   1 0.00  0.0    0  3.8  9 130   M    M   2 1      14 180
14  88  56  72  13   0   7 0.00  0.0    0  5.8 16 230   M    M   0        22 220
15  75  48  62   3   3   0 0.14  0.0    0  9.4 20 310   M    M   3 1      29 350
16  66  40  53  -6  12   0 0.00  0.0    0  5.6 15  20   M    M   0 1      21 330
17  70  36  53  -5  12   0 0.00  0.0    0  2.0  9 150   M    M   1 12     13 140
18  73  41  57  -1   8   0 0.00  0.0    0  5.2 16 230   M    M   0        21 230
19  78  45  62   4   3   0 0.00  0.0    0  4.6 14 240   M    M   0        17 240
20  78  45  62   4   3   0 0.00  0.0    0  4.0 10 120   M    M   0 1      14 120
21  81  55  68  11   0   3 0.00  0.0    0  8.5 17 170   M    M   1        34 150
22  77  56  67  10   0   2 0.97  0.0    0  9.4 20 170   M    M   8 13     31 160
23  66  53  60   3   5   0 0.01  0.0    0  8.5 21 320   M    M   7 18     29 330
================================================================================
SM 1788 1263        57  95  3.36     0.0 135.3          M       85
================================================================================
AV 77.7 54.9                               5.9 FASTST   M    M   4    MAX(MPH)
                                 MISC ---->  # 21 320               # 34  150
================================================================================
NOTES:
# LAST OF SEVERAL OCCURRENCES

COLUMN 17 PEAK WIND IN M.P.H.

PRELIMINARY LOCAL CLIMATOLOGICAL DATA (WS FORM: F-6) , PAGE 2

                                          STATION:  PADUCAH KY
                                          MONTH:    OCTOBER
                                          YEAR:     2017
                                          LATITUDE:   37  4 N
                                          LONGITUDE:  88 46 W

[TEMPERATURE DATA]      [PRECIPITATION DATA]       SYMBOLS USED IN COLUMN 16

AVERAGE MONTHLY: 66.3   TOTAL FOR MONTH:   3.36    1 = FOG OR MIST
DPTR FM NORMAL:   6.2   DPTR FM NORMAL:    0.37    2 = FOG REDUCING VISIBILITY
HIGHEST:    88 ON 14    GRTST 24HR  1.22 ON  8- 8      TO 1/4 MILE OR LESS
LOWEST:     36 ON 17                               3 = THUNDER
                        SNOW, ICE PELLETS, HAIL    4 = ICE PELLETS
                        TOTAL MONTH:   0.0 INCH    5 = HAIL
                        GRTST 24HR     0.0         6 = FREEZING RAIN OR DRIZZLE
                        GRTST DEPTH:   0           7 = DUSTSTORM OR SANDSTORM:
                                                       VSBY 1/2 MILE OR LESS
                                                   8 = SMOKE OR HAZE
[NO. OF DAYS WITH]      [WEATHER - DAYS WITH]      9 = BLOWING SNOW
                                                   X = TORNADO
MAX 32 OR BELOW:   0    0.01 INCH OR MORE:   6
MAX 90 OR ABOVE:   0    0.10 INCH OR MORE:   5
MIN 32 OR BELOW:   0    0.50 INCH OR MORE:   3
MIN  0 OR BELOW:   0    1.00 INCH OR MORE:   1

[HDD (BASE 65) ]
TOTAL THIS MO.    57    CLEAR  (SCALE 0-3)  12
DPTR FM NORMAL   -90    PTCLDY (SCALE 4-7)   8
TOTAL FM JUL 1    68    CLOUDY (SCALE 8-10)  3
DPTR FM NORMAL  -118

[CDD (BASE 65) ]
TOTAL THIS MO.    95
DPTR FM NORMAL    61    [PRESSURE DATA]
TOTAL FM JAN 1  1685    HIGHEST SLP M ON M
DPTR FM NORMAL   151    LOWEST  SLP 29.66 ON  8

[REMARKS]
