000
CXUS56 KPDT 250532
CF6PDT
PRELIMINARY LOCAL CLIMATOLOGICAL DATA (WS FORM: F-6)

                                          STATION:   PENDLETON OR
                                          MONTH:     APRIL
                                          YEAR:      2014
                                          LATITUDE:   45 40 N
                                          LONGITUDE: 118 51 W

  TEMPERATURE IN F:       :PCPN:    SNOW:  WIND      :SUNSHINE: SKY     :PK WND
================================================================================
1   2   3   4   5  6A  6B    7    8   9   10  11  12  13   14  15   16   17  18
                                     12Z  AVG MX 2MIN
DY MAX MIN AVG DEP HDD CDD  WTR  SNW DPTH SPD SPD DIR MIN PSBL S-S WX    SPD DR
================================================================================

 1  53  38  46  -2  19   0 0.00  0.0    0  5.4 14 260   M    M   5        17 270
 2  60  37  49   0  16   0 0.00  0.0    0  9.2 20 270   M    M   3        26 250
 3  63  35  49   0  16   0 0.02  0.0    0  8.9 29 270   M    M   4        34 260
 4  59  39  49   0  16   0 0.11  0.0    0 10.8 23 280   M    M   8 1      28 270
 5  60  36  48  -1  17   0 0.04  0.0    0  8.7 23 260   M    M   8        28 260
 6  67  45  56   7   9   0 0.03  0.0    0 13.9 31 280   M    M   4        44 270
 7  76  42  59  10   6   0 0.00  0.0    0  6.7 15  70   M    M   0        16  60
 8  75  46  61  12   4   0 0.00  0.0    0 10.0 21 270   M    M   0        26 270
 9  63  44  54   4  11   0 0.00  0.0    0  9.2 29 250   M    M   3        35 250
10  65  37  51   1  14   0 0.00  0.0    0  6.9 15 280   M    M   0        21 260
11  69  39  54   4  11   0 0.00  0.0    0  8.3 18 290   M    M   0        23 330
12  63  35  49  -1  16   0 0.00  0.0    0  7.0 17 320   M    M   4        23 330
13  63  32  48  -2  17   0 0.00  0.0    0  6.7 20  20   M    M   0        24  10
14  72  31  52   2  13   0 0.00  0.0    0  8.6 24 250   M    M   1        29 240
15  62  44  53   3  12   0 0.00  0.0    0 19.8 31 260   M    M   2        39 260
16  64  40  52   2  13   0 0.00  0.0    0  7.7 15 240   M    M   5        20 280
17  52  46  49  -2  16   0 0.34  0.0    0  5.6 23 270   M    M   9 1      28 260
18  60  37  49  -2  16   0 0.00  0.0    0 14.3 31 250   M    M   0        37 240
19  66  34  50  -1  15   0 0.00  0.0    0 11.7 35 280   M    M   2        40 280
20  66  37  52   1  13   0 0.00  0.0    0  7.3 18 260   M    M   0        23 270
21  67  38  53   2  12   0 0.00  0.0    0  8.1 25 260   M    M   3        32 270
22  57  37  47  -5  18   0 0.19  0.0    0 15.4 33 270   M    M   6 1      39 270
23  58  38  48  -4  17   0 0.10  0.0    0  9.3 23 250   M    M   8        29 260
================================================================================
SM 1460  887       317   0  0.83     0.0 219.5          M       75
================================================================================
AV 63.5 38.6                               9.5 FASTST   M    M   3    MAX(MPH)
                                 MISC ---->  # 35 280               # 44  270
================================================================================
NOTES:
# LAST OF SEVERAL OCCURRENCES

COLUMN 17 PEAK WIND IN M.P.H.

PRELIMINARY LOCAL CLIMATOLOGICAL DATA (WS FORM: F-6) , PAGE 2

                                          STATION:  PENDLETON OR
                                          MONTH:    APRIL
                                          YEAR:     2014
                                          LATITUDE:   45 40 N
                                          LONGITUDE: 118 51 W

[TEMPERATURE DATA]      [PRECIPITATION DATA]       SYMBOLS USED IN COLUMN 16

AVERAGE MONTHLY: 51.0   TOTAL FOR MONTH:   0.83    1 = FOG OR MIST
DPTR FM NORMAL:   1.0   DPTR FM NORMAL:   -0.08    2 = FOG REDUCING VISIBILITY
HIGHEST:    76 ON  7    GRTST 24HR  0.34 ON 17-17      TO 1/4 MILE OR LESS
LOWEST:     31 ON 14                               3 = THUNDER
                        SNOW, ICE PELLETS, HAIL    4 = ICE PELLETS
                        TOTAL MONTH:   0.0 INCH    5 = HAIL
                        GRTST 24HR     0.0         6 = FREEZING RAIN OR DRIZZLE
                        GRTST DEPTH:   0           7 = DUSTSTORM OR SANDSTORM:
                                                       VSBY 1/2 MILE OR LESS
                                                   8 = SMOKE OR HAZE
[NO. OF DAYS WITH]      [WEATHER - DAYS WITH]      9 = BLOWING SNOW
                                                   X = TORNADO
MAX 32 OR BELOW:   0    0.01 INCH OR MORE:   7
MAX 90 OR ABOVE:   0    0.10 INCH OR MORE:   4
MIN 32 OR BELOW:   2    0.50 INCH OR MORE:   0
MIN  0 OR BELOW:   0    1.00 INCH OR MORE:   0

[HDD (BASE 65) ]
TOTAL THIS MO.   317    CLEAR  (SCALE 0-3)  13
DPTR FM NORMAL   -28    PTCLDY (SCALE 4-7)   9
TOTAL FM JUL 1  5183    CLOUDY (SCALE 8-10)  1
DPTR FM NORMAL   322

[CDD (BASE 65) ]
TOTAL THIS MO.     0
DPTR FM NORMAL     0    [PRESSURE DATA]
TOTAL FM JAN 1     0    HIGHEST SLP M ON M
DPTR FM NORMAL     0    LOWEST  SLP 29.69 ON  1

[REMARKS]
