000
CXUS56 KPQR 241200
CF6PDX
PRELIMINARY LOCAL CLIMATOLOGICAL DATA (WS FORM: F-6)

                                          STATION:   PORTLAND OR
                                          MONTH:     FEBRUARY
                                          YEAR:      2018
                                          LATITUDE:   45 35 N
                                          LONGITUDE: 122 36 W

  TEMPERATURE IN F:       :PCPN:    SNOW:  WIND      :SUNSHINE: SKY     :PK WND
================================================================================
1   2   3   4   5  6A  6B    7    8   9   10  11  12  13   14  15   16   17  18
                                     12Z  AVG MX 2MIN
DY MAX MIN AVG DEP HDD CDD  WTR  SNW DPTH SPD SPD DIR MIN PSBL S-S WX    SPD DR
================================================================================

 1  51  41  46   3  19   0 0.10  0.0    0  3.5 13 110   M    M  10 1      17 120
 2  59  46  53  10  12   0    T  0.0    0  5.9 16 210   M    M   9 1      20 220
 3  58  46  52   9  13   0 0.02  0.0    0  3.2 15 230   M    M  10 1      19 220
 4  60  47  54  11  11   0 0.00  0.0    0  4.6 14 200   M    M   9        16 210
 5  58  43  51   8  14   0 0.00  0.0    0  1.9  6 300   M    M   7 1       8 300
 6  52  38  45   2  20   0 0.00  0.0    0  1.8  9 190   M    M   8 1      11 190
 7  59  38  49   6  16   0 0.00  0.0    0  1.2  7 100   M    M   7 1       7 100
 8  55  39  47   4  18   0 0.00  0.0    0  4.7 10 290   M    M   8 128    16 310
 9  51  39  45   2  20   0    T  0.0    0  2.8 12 360   M    M   8        16 360
10  50  35  43   0  22   0 0.00  0.0    0  3.7 12 290   M    M   7        13 290
11  49  36  43   0  22   0 0.00  0.0    0  5.0 13 300   M    M   7        17 320
12  49  31  40  -3  25   0 0.00  0.0    0  7.1 21  90   M    M   2        26  90
13  51  26  39  -5  26   0    T  0.0    0  1.7  8 320   M    M   3         9 320
14  48  34  41  -3  24   0 0.28    T    0  4.9 16 310   M    M   8 1      18 300
15  50  38  44   0  21   0 0.08  0.0    0  3.7 13 250   M    M   9 1      14 240
16  51  41  46   2  19   0 0.08  0.0    0 11.4 21 190   M    M  10 1      25 200
17  55  43  49   5  16   0 0.08  0.0    0 13.4 26 250   M    M   9 1      35 230
18  44  32  38  -6  27   0 0.21  0.2    0 10.5 24 190   M    M   8 1      31 190
19  40  30  35  -9  30   0    T    T    T  4.0 10 320   M    M   7        16 320
20  34  30  32 -12  33   0 0.30  4.2    0  9.2 17 110   M    M  10 1      20 110
21  37  23  30 -14  35   0 0.02  0.5    3  4.0 13 100   M    M   8 18     16 120
22  40  28  34 -10  31   0 0.07  1.7    3  5.8 15 100   M    M   8 1      18 110
23  39  24  32 -13  33   0    T    T    0  9.9 24 200   M    M   7        32 220
================================================================================
SM 1140  828       507   0  1.24     6.6 123.9          M      179
================================================================================
AV 49.6 36.0                               5.4 FASTST   M    M   8    MAX(MPH)
                                 MISC ---->  # 26 250               # 35  230
================================================================================
NOTES:
# LAST OF SEVERAL OCCURRENCES

COLUMN 17 PEAK WIND IN M.P.H.

PRELIMINARY LOCAL CLIMATOLOGICAL DATA (WS FORM: F-6) , PAGE 2

                                          STATION:  PORTLAND OR
                                          MONTH:    FEBRUARY
                                          YEAR:     2018
                                          LATITUDE:   45 35 N
                                          LONGITUDE: 122 36 W

[TEMPERATURE DATA]      [PRECIPITATION DATA]       SYMBOLS USED IN COLUMN 16

AVERAGE MONTHLY: 42.8   TOTAL FOR MONTH:   1.24    1 = FOG OR MIST
DPTR FM NORMAL:  -0.7   DPTR FM NORMAL:   -1.77    2 = FOG REDUCING VISIBILITY
HIGHEST:    60 ON  4    GRTST 24HR  0.30 ON 20-20      TO 1/4 MILE OR LESS
LOWEST:     23 ON 21                               3 = THUNDER
                        SNOW, ICE PELLETS, HAIL    4 = ICE PELLETS
                        TOTAL MONTH:   6.6 INCHES  5 = HAIL
                        GRTST 24HR   4.2 ON 20-20  6 = FREEZING RAIN OR DRIZZLE
                        GRTST DEPTH:   3 ON 22,21  7 = DUSTSTORM OR SANDSTORM:
                                                       VSBY 1/2 MILE OR LESS
                                                   8 = SMOKE OR HAZE
[NO. OF DAYS WITH]      [WEATHER - DAYS WITH]      9 = BLOWING SNOW
                                                   X = TORNADO
MAX 32 OR BELOW:   0    0.01 INCH OR MORE:  10
MAX 90 OR ABOVE:   0    0.10 INCH OR MORE:   4
MIN 32 OR BELOW:   8    0.50 INCH OR MORE:   0
MIN  0 OR BELOW:   0    1.00 INCH OR MORE:   0

[HDD (BASE 65) ]
TOTAL THIS MO.   507    CLEAR  (SCALE 0-3)   2
DPTR FM NORMAL    13    PTCLDY (SCALE 4-7)  12
TOTAL FM JUL 1  2803    CLOUDY (SCALE 8-10)  9
DPTR FM NORMAL  -155

[CDD (BASE 65) ]
TOTAL THIS MO.     0
DPTR FM NORMAL     0    [PRESSURE DATA]
TOTAL FM JAN 1     0    HIGHEST SLP M ON M
DPTR FM NORMAL     0    LOWEST  SLP 29.70 ON 18

[REMARKS]
