000
CXUS56 KFGZ 010900
CF6PGA
PRELIMINARY LOCAL CLIMATOLOGICAL DATA (WS FORM: F-6)

                                          STATION:   PAGE AZ AIRPORT
                                          MONTH:     AUGUST
                                          YEAR:      2015
                                          LATITUDE:   36 55 N
                                          LONGITUDE: 111 27 W

  TEMPERATURE IN F:       :PCPN:    SNOW:  WIND      :SUNSHINE: SKY     :PK WND
================================================================================
1   2   3   4   5  6A  6B    7    8   9   10  11  12  13   14  15   16   17  18
                                     12Z  AVG MX 2MIN
DY MAX MIN AVG DEP HDD CDD  WTR  SNW DPTH SPD SPD DIR MIN PSBL S-S WX    SPD DR
================================================================================

 1  93  76  85   2   0  20    T    M    M  4.5 12  70   M    M   1        17  20
 2  81  66  74  -9   0   9 0.26    M    M  5.6 14 140   M    M   4 1      18 190
 3  96  65  81  -2   0  16 0.00    M    M  3.4 10 350   M    M   0        14 210
 4  99  71  85   2   0  20 0.00    M    M  4.5 16  10   M    M   0        20 360
 5 102  71  87   4   0  22 0.00    M    M  5.5 15 230   M    M   0        26 240
 6 101  71  86   4   0  21    T    M    M  5.8 21 200   M    M   0        30 180
 7  79  64  72 -10   0   7 0.84    M    M  5.4 17 320   M    M   9 1      28 340
 8  87  65  76  -6   0  11 0.01    M    M  6.0 18 150   M    M   4        23 140
 9  89  67  78  -4   0  13    T    M    M  5.9 21 190   M    M   1        29 190
10  91  66  79  -3   0  14    T    M    M  3.8 16 150   M    M   1        21 130
11  79  68  74  -7   0   9 0.05    M    M  3.4 15 180   M    M   6        22 160
12  84  67  76  -5   0  11 0.04    M    M  3.5 10 340   M    M   4        15 360
13  92  68  80  -1   0  15 0.00    M    M  3.7 10 200   M    M   0        13 200
14  99  70  85   4   0  20 0.00  0.0    0  4.4 10 240   M    M   0        16 260
15 100  73  87   6   0  22 0.00    M    M  4.4  9 280   M    M   0        14  20
16 101  74  88   8   0  23 0.00    M    M  4.2 13 280   M    M   0        18 270
17 102  76  89   9   0  24 0.00    M    M  6.1 15 270   M    M   0        22 240
18 101  77  89   9   0  24 0.00  0.0    0  6.4 17 330   M    M   0        26 320
19  97  69  83   3   0  18 0.00    M    M  3.5 14 240   M    M   0        20 240
20 100  71  86   6   0  21 0.00    M    M  4.8 16 350   M    M   0        26 280
21  98  72  85   6   0  20 0.00    M    M  4.8 14 250   M    M   0        25 220
22  97  72  85   6   0  20    T    M    M  4.9 25 340   M    M   0        35 320
23  98  70  84   5   0  19 0.00    M    M  3.3  9  10   M    M   0        17 180
24  99  70  85   6   0  20 0.00    M    M  4.4 10  30   M    M   0        14  20
25  96  69  83   4   0  18 0.04    M    M  8.0 39 140   M    M   2 8      47 160
26  82  68  75  -3   0  10 0.02    M    M  4.4 21 270   M    M   5        31 270
27  91  66  79   1   0  14 0.00    M    M  3.2  9 350   M    M   0 8      14  10
28  96  69  83   5   0  18 0.00    M    M  3.3 10  30   M    M   0        16  20
29  99  69  84   6   0  19 0.00    M    M  5.0 12  30   M    M   0        19  20
30  92  68  80   3   0  15 0.04    M    M  6.4 31 140   M    M   2        39 140
31  89  65  77   0   0  12 0.00    M    M  5.0 17 150   M    M   1        21 160
================================================================================
SM 2910 2153         0 525  1.30     0.0 147.5          M       40
================================================================================
AV 93.9 69.5                               4.8 FASTST   M    M   1    MAX(MPH)
                                 MISC ---->  # 39 140               # 47  160
================================================================================
NOTES:
# LAST OF SEVERAL OCCURRENCES

COLUMN 17 PEAK WIND IN M.P.H.

PRELIMINARY LOCAL CLIMATOLOGICAL DATA (WS FORM: F-6) , PAGE 2

                                          STATION:  PAGE AZ AIRPORT
                                          MONTH:    AUGUST
                                          YEAR:     2015
                                          LATITUDE:   36 55 N
                                          LONGITUDE: 111 27 W

[TEMPERATURE DATA]      [PRECIPITATION DATA]       SYMBOLS USED IN COLUMN 16

AVERAGE MONTHLY: 81.7   TOTAL FOR MONTH:   1.30    1 = FOG OR MIST
DPTR FM NORMAL:   1.4   DPTR FM NORMAL:    0.13    2 = FOG REDUCING VISIBILITY
HIGHEST:   102 ON 17, 5 GRTST 24HR  0.85 ON  7- 8      TO 1/4 MILE OR LESS
LOWEST:     64 ON  7                               3 = THUNDER
                        SNOW, ICE PELLETS, HAIL    4 = ICE PELLETS
                        TOTAL MONTH:   0.0 INCH    5 = HAIL
                        GRTST 24HR     0.0         6 = FREEZING RAIN OR DRIZZLE
                        GRTST DEPTH:   0           7 = DUSTSTORM OR SANDSTORM:
                                                       VSBY 1/2 MILE OR LESS
                                                   8 = SMOKE OR HAZE
[NO. OF DAYS WITH]      [WEATHER - DAYS WITH]      9 = BLOWING SNOW
                                                   X = TORNADO
MAX 32 OR BELOW:   0    0.01 INCH OR MORE:   8
MAX 90 OR ABOVE:  23    0.10 INCH OR MORE:   2
MIN 32 OR BELOW:   0    0.50 INCH OR MORE:   1
MIN  0 OR BELOW:   0    1.00 INCH OR MORE:   0

[HDD (BASE 65) ]
TOTAL THIS MO.     0    CLEAR  (SCALE 0-3)  25
DPTR FM NORMAL     0    PTCLDY (SCALE 4-7)   5
TOTAL FM JUL 1     0    CLOUDY (SCALE 8-10)  1
DPTR FM NORMAL     0

[CDD (BASE 65) ]
TOTAL THIS MO.   525
DPTR FM NORMAL    51    [PRESSURE DATA]
TOTAL FM JAN 1  1649    HIGHEST SLP M ON M
DPTR FM NORMAL    47    LOWEST  SLP 29.80 ON 18

[REMARKS]
#FINAL-08-15#
