000
CXUS51 KPHI 300800
CF6PHL
PRELIMINARY LOCAL CLIMATOLOGICAL DATA (WS FORM: F-6)

                                          STATION:   PHILADELPHIA PA
                                          MONTH:     JANUARY
                                          YEAR:      2015
                                          LATITUDE:   39 52 N
                                          LONGITUDE:  75 15 W

  TEMPERATURE IN F:       :PCPN:    SNOW:  WIND      :SUNSHINE: SKY     :PK WND
================================================================================
1   2   3   4   5  6A  6B    7    8   9   10  11  12  13   14  15   16   17  18
                                     12Z  AVG MX 2MIN
DY MAX MIN AVG DEP HDD CDD  WTR  SNW DPTH SPD SPD DIR MIN PSBL S-S WX    SPD DR
================================================================================

 1  42  28  35   1  30   0 0.00  0.0    0 15.6 28 250   M    M   2        35 250
 2  44  29  37   3  28   0 0.00  0.0    0  8.1 20 270   M    M   5        24 270
 3  44  28  36   3  29   0 0.72    T    0  5.6 13  30   M    M  10 14     20  30
 4  58  42  50  17  15   0 0.37  0.0    0 10.8 31 280   M    M  10 12     42 270
 5  50  24  37   4  28   0 0.00  0.0    0 18.1 32 260   M    M   6        40 290
 6  24  16  20 -13  45   0 0.12  1.5    0  5.6 14 300   M    M   8 1      18 300
 7  24  13  19 -14  46   0    T    T    0 16.7 31 280   M    M   6 1      40 280
 8  21   9  15 -18  50   0 0.00  0.0    1 12.8 28 320   M    M   3        40 330
 9  36  21  29  -4  36   0 0.01    T    T 15.5 30 290   M    M   6        38 290
10  25  16  21 -12  44   0 0.00  0.0    0 11.3 20 290   M    M   0        26 280
11  40  15  28  -5  37   0 0.00  0.0    0  6.9 16 220   M    M   7        20 210
12  38  33  36   3  29   0 0.59    T    0  5.2 10 350   M    M  10 14     14 350
13  38  21  30  -3  35   0 0.00  0.0    0 12.6 23 360   M    M   6        30  10
14  32  20  26  -7  39   0 0.00  0.0    0  9.7 17  40   M    M  10        24  10
15  36  29  33   0  32   0 0.00  0.0    0  7.3 15 230   M    M   7        18 270
16  43  25  34   1  31   0 0.00  0.0    0 14.9 30 310   M    M   3        39 300
17  33  18  26  -7  39   0 0.00  0.0    0  7.4 17  20   M    M   2        20 360
18  43  24  34   1  31   0 1.84  0.0    0  6.0 14 280   M    M   9 16     19 290
19  45  30  38   5  27   0 0.00  0.0    0 11.4 25 280   M    M   7 1      34 310
20  46  29  38   5  27   0 0.00  0.0    0  6.6 15 310   M    M   6 18     18 310
21  34  27  31  -2  34   0 0.06  0.5    0  5.6 13  20   M    M   8 1      15  10
22  41  30  36   3  29   0 0.03    T    1  6.6 16 320   M    M   9 18     23 320
23  42  25  34   1  31   0 0.16  0.6    0  5.0 14 220   M    M   6 14     23 230
24  39  33  36   3  29   0 0.55  0.4    1 11.2 20 290   M    M   8 14     28 280
25  46  33  40   7  25   0    T    T    0 11.5 22 240   M    M   8        26 280
26  34  27  31  -2  34   0    T  0.4    0 17.3 26  30   M    M  10 18     35  40
27  34  21  28  -5  37   0 0.07  0.8    1 16.3 25 320   M    M   8        32 320
28  35  20  28  -5  37   0 0.00  0.0    T 13.0 26 320   M    M   1        31 310
29  34  21  28  -5  37   0    T    T    0  6.0 12 180   M    M   6        15 180
================================================================================
SM 1101  707       971   0  4.52     4.2 300.6          M      187
================================================================================
AV 38.0 24.4                              10.4 FASTST   M    M   6    MAX(MPH)
                                 MISC ---->  # 32 260               # 42  270
================================================================================
NOTES:
# LAST OF SEVERAL OCCURRENCES

COLUMN 17 PEAK WIND IN M.P.H.

PRELIMINARY LOCAL CLIMATOLOGICAL DATA (WS FORM: F-6) , PAGE 2

                                          STATION:  PHILADELPHIA PA
                                          MONTH:    JANUARY
                                          YEAR:     2015
                                          LATITUDE:   39 52 N
                                          LONGITUDE:  75 15 W

[TEMPERATURE DATA]      [PRECIPITATION DATA]       SYMBOLS USED IN COLUMN 16

AVERAGE MONTHLY: 31.2   TOTAL FOR MONTH:   4.52    1 = FOG OR MIST
DPTR FM NORMAL:  -1.9   DPTR FM NORMAL:    1.69    2 = FOG REDUCING VISIBILITY
HIGHEST:    58 ON  4    GRTST 24HR  1.84 ON 18-18      TO 1/4 MILE OR LESS
LOWEST:      9 ON  8                               3 = THUNDER
                        SNOW, ICE PELLETS, HAIL    4 = ICE PELLETS
                        TOTAL MONTH:   4.2 INCHES  5 = HAIL
                        GRTST 24HR   1.5 ON  6- 6  6 = FREEZING RAIN OR DRIZZLE
                        GRTST DEPTH:   1 ON 27,24  7 = DUSTSTORM OR SANDSTORM:
                                                       VSBY 1/2 MILE OR LESS
                                                   8 = SMOKE OR HAZE
[NO. OF DAYS WITH]      [WEATHER - DAYS WITH]      9 = BLOWING SNOW
                                                   X = TORNADO
MAX 32 OR BELOW:   5    0.01 INCH OR MORE:  11
MAX 90 OR ABOVE:   0    0.10 INCH OR MORE:   7
MIN 32 OR BELOW:  25    0.50 INCH OR MORE:   4
MIN  0 OR BELOW:   0    1.00 INCH OR MORE:   1

[HDD (BASE 65) ]
TOTAL THIS MO.   971    CLEAR  (SCALE 0-3)   6
DPTR FM NORMAL    45    PTCLDY (SCALE 4-7)  11
TOTAL FM JUL 1  2483    CLOUDY (SCALE 8-10) 12
DPTR FM NORMAL  -113

[CDD (BASE 65) ]
TOTAL THIS MO.     0
DPTR FM NORMAL     0    [PRESSURE DATA]
TOTAL FM JAN 1     0    HIGHEST SLP M ON M
DPTR FM NORMAL     0    LOWEST  SLP 29.26 ON 24

[REMARKS]
