000
CXUS51 KPHI 230800
CF6PHL
PRELIMINARY LOCAL CLIMATOLOGICAL DATA (WS FORM: F-6)

                                          STATION:   PHILADELPHIA PA
                                          MONTH:     JANUARY
                                          YEAR:      2018
                                          LATITUDE:   39 52 N
                                          LONGITUDE:  75 15 W

  TEMPERATURE IN F:       :PCPN:    SNOW:  WIND      :SUNSHINE: SKY     :PK WND
================================================================================
1   2   3   4   5  6A  6B    7    8   9   10  11  12  13   14  15   16   17  18
                                     12Z  AVG MX 2MIN
DY MAX MIN AVG DEP HDD CDD  WTR  SNW DPTH SPD SPD DIR MIN PSBL S-S WX    SPD DR
================================================================================

 1  20   6  13 -21  52   0 0.00  0.0    1 10.5 20 330   M    M   1        24 320
 2  24  12  18 -16  47   0 0.00  0.0    T 13.1 20 280   M    M   1        25 290
 3  33  13  23 -10  42   0 0.00  0.0    0  4.7 13 360   M    M   5        16 290
 4  29  16  23 -10  42   0 0.25  4.1    0 20.8 35 320   M    M   9 19     45 310
 5  17  11  14 -19  51   0 0.00  0.0    3 21.6 33 280   M    M   1        42 270
 6  16   7  12 -21  53   0 0.00  0.0    3 16.9 30 280   M    M   1        38 280
 7  19   4  12 -21  53   0 0.00  0.0    2  8.9 17 220   M    M   3        24 200
 8  33  16  25  -8  40   0 0.06  0.0    T 10.6 20 220   M    M   8 16     27 190
 9  45  25  35   2  30   0 0.00  0.0    0  7.1 20 300   M    M   2 1      27 320
10  44  24  34   1  31   0 0.00  0.0    0  2.2 10 210   M    M   6        13  70
11  59  39  49  16  16   0 0.00  0.0    0  3.8 14 160   M    M  10        20 170
12  64  53  59  26   6   0 1.42  0.0    0 11.5 24 170   M    M  10 1      33 180
13  61  19  40   7  25   0 0.05  0.0    0 19.0 30 310   M    M   6 1      41 310
14  27  14  21 -12  44   0 0.00  0.0    0 12.1 24 340   M    M   1        30 320
15  34  17  26  -7  39   0 0.00  0.0    0  9.6 17  40   M    M   9        21  20
16  45  29  37   4  28   0    T    T    0  4.2 10  70   M    M   9        13 350
17  40  21  31  -2  34   0 0.07  0.2    T 12.1 21 340   M    M   9 1      27 350
18  36  18  27  -6  38   0 0.00  0.0    0  8.1 17 290   M    M   2        24 310
19  46  23  35   2  30   0 0.00  0.0    0  9.1 20 260   M    M   4        25 260
20  57  29  43  10  22   0 0.00  0.0    0 10.0 20 270   M    M   5        25 270
21  53  30  42   9  23   0 0.00  0.0    0  3.5  9 360   M    M   6        15 270
22  62  42  52  19  13   0    T  0.0    0  3.2 10 170   M    M   9        14 140
================================================================================
SM  864  468       759   0  1.85     4.3 222.6          M      117
================================================================================
AV 39.3 21.3                              10.1 FASTST   M    M   5    MAX(MPH)
                                 MISC ---->  # 35 320               # 45  310
================================================================================
NOTES:
# LAST OF SEVERAL OCCURRENCES

COLUMN 17 PEAK WIND IN M.P.H.

PRELIMINARY LOCAL CLIMATOLOGICAL DATA (WS FORM: F-6) , PAGE 2

                                          STATION:  PHILADELPHIA PA
                                          MONTH:    JANUARY
                                          YEAR:     2018
                                          LATITUDE:   39 52 N
                                          LONGITUDE:  75 15 W

[TEMPERATURE DATA]      [PRECIPITATION DATA]       SYMBOLS USED IN COLUMN 16

AVERAGE MONTHLY: 30.3   TOTAL FOR MONTH:   1.85    1 = FOG OR MIST
DPTR FM NORMAL:  -2.8   DPTR FM NORMAL:   -0.29    2 = FOG REDUCING VISIBILITY
HIGHEST:    64 ON 12    GRTST 24HR  1.42 ON 12-12      TO 1/4 MILE OR LESS
LOWEST:      4 ON  7                               3 = THUNDER
                        SNOW, ICE PELLETS, HAIL    4 = ICE PELLETS
                        TOTAL MONTH:   4.3 INCHES  5 = HAIL
                        GRTST 24HR   4.1 ON  4- 4  6 = FREEZING RAIN OR DRIZZLE
                        GRTST DEPTH:   3 ON  6, 5  7 = DUSTSTORM OR SANDSTORM:
                                                       VSBY 1/2 MILE OR LESS
                                                   8 = SMOKE OR HAZE
[NO. OF DAYS WITH]      [WEATHER - DAYS WITH]      9 = BLOWING SNOW
                                                   X = TORNADO
MAX 32 OR BELOW:   7    0.01 INCH OR MORE:   5
MAX 90 OR ABOVE:   0    0.10 INCH OR MORE:   2
MIN 32 OR BELOW:  19    0.50 INCH OR MORE:   1
MIN  0 OR BELOW:   0    1.00 INCH OR MORE:   1

[HDD (BASE 65) ]
TOTAL THIS MO.   759    CLEAR  (SCALE 0-3)   8
DPTR FM NORMAL    57    PTCLDY (SCALE 4-7)   7
TOTAL FM JUL 1  2285    CLOUDY (SCALE 8-10)  7
DPTR FM NORMAL   -87

[CDD (BASE 65) ]
TOTAL THIS MO.     0
DPTR FM NORMAL     0    [PRESSURE DATA]
TOTAL FM JAN 1     0    HIGHEST SLP M ON M
DPTR FM NORMAL     0    LOWEST  SLP 29.28 ON  4

[REMARKS]
