298
CXUS51 KPHI 250800
CF6PHL
PRELIMINARY LOCAL CLIMATOLOGICAL DATA (WS FORM: F-6)

                                          STATION:   PHILADELPHIA PA
                                          MONTH:     MAY
                                          YEAR:      2016
                                          LATITUDE:   39 52 N
                                          LONGITUDE:  75 15 W

  TEMPERATURE IN F:       :PCPN:    SNOW:  WIND      :SUNSHINE: SKY     :PK WND
================================================================================
1   2   3   4   5  6A  6B    7    8   9   10  11  12  13   14  15   16   17  18
                                     12Z  AVG MX 2MIN
DY MAX MIN AVG DEP HDD CDD  WTR  SNW DPTH SPD SPD DIR MIN PSBL S-S WX    SPD DR
================================================================================

 1  54  47  51  -8  14   0 0.61  0.0    0  6.0 13 100   M    M   8 1      20  20
 2  65  48  57  -3   8   0 0.27  0.0    0  5.1 12 110   M    M   9 138    17  30
 3  59  52  56  -4   9   0 0.34  0.0    0  8.9 15  80   M    M   9 18     19  40
 4  54  51  53  -7  12   0 0.02  0.0    0  9.5 16  80   M    M  10 18     23  30
 5  58  50  54  -6  11   0    T  0.0    0 11.1 18  30   M    M  10 1      25  50
 6  56  50  53  -8  12   0 1.15  0.0    0 11.4 21  40   M    M  10 18     27  20
 7  63  51  57  -4   8   0 0.08  0.0    0  6.1 12  90   M    M   9 1      16  50
 8  71  51  61   0   4   0 0.05  0.0    0 10.5 30 320   M    M   7        37 320
 9  71  50  61  -1   4   0 0.00  0.0    0 11.4 23 240   M    M   7        30 230
10  60  51  56  -6   9   0 0.02  0.0    0  5.6 16  40   M    M   9        20  40
11  66  52  59  -3   6   0    T  0.0    0  3.7 12 230   M    M  10 1      20 230
12  76  56  66   3   0   1 0.00  0.0    0  6.2 16 260   M    M   7 18     21 240
13  70  60  65   2   0   0 0.20  0.0    0  6.6 13 230   M    M   8 18     17 230
14  76  54  65   2   0   0 0.10  0.0    0  9.4 36 290   M    M   5 1      47 300
15  59  46  53 -11  12   0 0.00  0.0    0 16.7 31 280   M    M   5        39 270
16  67  42  55  -9  10   0 0.00  0.0    0 14.5 26 270   M    M   3        36 280
17  62  52  57  -7   8   0 0.12  0.0    0  5.2 15 220   M    M   9 1      18 220
18  69  52  61  -3   4   0    T  0.0    0  6.7 17  40   M    M   9 1      23  20
19  73  54  64  -1   1   0    T  0.0    0  5.2 14 290   M    M   6 8      17 280
20  76  53  65   0   0   0 0.00  0.0    0  4.5 13 160   M    M   6        18 180
21  62  53  58  -7   7   0 1.96  0.0    0  9.5 20  40   M    M  10 1      27  40
22  66  52  59  -7   6   0 0.11  0.0    0  6.5 14  50   M    M  10        21 340
23  76  55  66   0   0   1 0.08  0.0    0  4.5 28  40   M    M   8 138    33  40
24  83  56  70   4   0   5 0.03  0.0    0  8.8 20 280   M    M   7        25 310
================================================================================
SM 1592 1238       145   7  5.14     0.0 193.6          M      191
================================================================================
AV 66.3 51.6                               8.1 FASTST   M    M   8    MAX(MPH)
                                 MISC ---->  # 36 290               # 47  300
================================================================================
NOTES:
# LAST OF SEVERAL OCCURRENCES

COLUMN 17 PEAK WIND IN M.P.H.

PRELIMINARY LOCAL CLIMATOLOGICAL DATA (WS FORM: F-6) , PAGE 2

                                          STATION:  PHILADELPHIA PA
                                          MONTH:    MAY
                                          YEAR:     2016
                                          LATITUDE:   39 52 N
                                          LONGITUDE:  75 15 W

[TEMPERATURE DATA]      [PRECIPITATION DATA]       SYMBOLS USED IN COLUMN 16

AVERAGE MONTHLY: 59.0   TOTAL FOR MONTH:   5.14    1 = FOG OR MIST
DPTR FM NORMAL:  -3.8   DPTR FM NORMAL:    2.30    2 = FOG REDUCING VISIBILITY
HIGHEST:    83 ON 24    GRTST 24HR  2.05 ON 21-22      TO 1/4 MILE OR LESS
LOWEST:     42 ON 16                               3 = THUNDER
                        SNOW, ICE PELLETS, HAIL    4 = ICE PELLETS
                        TOTAL MONTH:   0.0 INCH    5 = HAIL
                        GRTST 24HR     0.0         6 = FREEZING RAIN OR DRIZZLE
                        GRTST DEPTH:   0           7 = DUSTSTORM OR SANDSTORM:
                                                       VSBY 1/2 MILE OR LESS
                                                   8 = SMOKE OR HAZE
[NO. OF DAYS WITH]      [WEATHER - DAYS WITH]      9 = BLOWING SNOW
                                                   X = TORNADO
MAX 32 OR BELOW:   0    0.01 INCH OR MORE:  15
MAX 90 OR ABOVE:   0    0.10 INCH OR MORE:   9
MIN 32 OR BELOW:   0    0.50 INCH OR MORE:   3
MIN  0 OR BELOW:   0    1.00 INCH OR MORE:   2

[HDD (BASE 65) ]
TOTAL THIS MO.   145    CLEAR  (SCALE 0-3)   1
DPTR FM NORMAL    46    PTCLDY (SCALE 4-7)  11
TOTAL FM JUL 1  3587    CLOUDY (SCALE 8-10) 12
DPTR FM NORMAL -1002

[CDD (BASE 65) ]
TOTAL THIS MO.     7
DPTR FM NORMAL   -40    [PRESSURE DATA]
TOTAL FM JAN 1    30    HIGHEST SLP M ON M
DPTR FM NORMAL   -30    LOWEST  SLP 29.57 ON  6

[REMARKS]
