000
CXUS53 KUNR 010945
CF6PHP
PRELIMINARY LOCAL CLIMATOLOGICAL DATA (WS FORM: F-6)

                                          STATION:   PHILIP SD
                                          MONTH:     APRIL
                                          YEAR:      2016
                                          LATITUDE:   44  3 N
                                          LONGITUDE: 101 36 W

  TEMPERATURE IN F:       :PCPN:    SNOW:  WIND      :SUNSHINE: SKY     :PK WND
================================================================================
1   2   3   4   5  6A  6B    7    8   9   10  11  12  13   14  15   16   17  18
                                     12Z  AVG MX 2MIN
DY MAX MIN AVG DEP HDD CDD  WTR  SNW DPTH SPD SPD DIR MIN PSBL S-S WX    SPD DR
================================================================================

 1  52  29  41   0  24   0 0.00    M    M 14.3 25 350   M    M   4        33 350
 2  70  28  49   8  16   0 0.00    M    M 10.0 21 240   M    M   2        27 290
 3  75  37  56  14   9   0 0.00    M    M 16.6 37 330   M    M   1        47 310
 4  68  32  50   8  15   0    T    M    M 11.9 22 110   M    M   3        29 150
 5  65  37  51   9  14   0    T    M    M 24.0 52 300   M    M   4 8      64 290
 6  65  36  51   8  14   0    T    M    M 21.5 39 330   M    M   4        49 310
 7  60  27  44   1  21   0 0.00    M    M 20.2 39 340   M    M   1        50 350
 8  55  25  40  -4  25   0 0.00    M    M  7.4 16  80   M    M   5        22 340
 9  82  25  54  10  11   0 0.00    M    M 13.4 26 180   M    M   0        32 180
10  61  26  44   0  21   0 0.02    M    M 15.3 30 310   M    M   3 1      35 310
11  52  16  34 -11  31   0 0.00    M    M  7.1 14  90   M    M   2        18 100
12  80  28  54   9  11   0 0.00    M    M  5.8 23 310   M    M   0 8      29 310
13  78  41  60  15   5   0    T    M    M 12.7 18 120   M    M   1        30 120
14  79  47  63  17   2   0 0.12    M    M 12.4 35 160   M    M   0 3      48 180
15  65  46  56  10   9   0 1.05    M    M 12.7 25 350   M    M   8 13     32 350
16  46  35  41  -5  24   0 0.67    M    M 20.5 30 330   M    M  10 1      38 330
17  41  34  38  -9  27   0 0.44    M    M 12.6 23 350   M    M   9 1      30 350
18  39  33  36 -11  29   0 0.41    M    M 11.8 17 300   M    M  10 1      21 310
19  59  33  46  -2  19   0 0.00    M    M  3.3 10  40   M    M   4        13 320
20  64  36  50   2  15   0 0.00    M    M  7.7 16  20   M    M   3        21 360
21  69  38  54   6  11   0 0.00    M    M 10.1 20 350   M    M   0        24  20
22  81  33  57   8   8   0 0.00    M    M 12.3 29 160   M    M   0        36 180
23  85  47  66  17   0   1 0.00    M    M 10.0 18 150   M    M   0        24 140
24  68  44  56   7   9   0 0.25    M    M 18.1 32 310   M    M   2 13     39 310
25  56  32  44  -6  21   0 0.00    M    M 14.6 24 310   M    M   9        30 310
26  44  33  39 -11  26   0 0.37    M    M 10.1 20  40   M    M   9 1      23  40
27  42  33  38 -12  27   0 0.63    M    M 14.2 22  10   M    M  10 1      26 340
28  45  34  40 -11  25   0    T    M    M  9.2 15 350   M    M  10 1      18  30
29  52  38  45  -6  20   0    T    M    M  9.5 21  80   M    M   9        28  80
30  53  39  46  -6  19   0 0.00    M    M 18.2 35  40   M    M   7        42  50
================================================================================
SM 1851 1022       508   1  3.96    M    387.5          M      130
================================================================================
AV 61.7 34.1                              12.9 FASTST   M    M   4    MAX(MPH)
                                 MISC ---->  # 52 300               # 64  290
================================================================================
NOTES:
# LAST OF SEVERAL OCCURRENCES

COLUMN 17 PEAK WIND IN M.P.H.

PRELIMINARY LOCAL CLIMATOLOGICAL DATA (WS FORM: F-6) , PAGE 2

                                          STATION:  PHILIP SD
                                          MONTH:    APRIL
                                          YEAR:     2016
                                          LATITUDE:   44  3 N
                                          LONGITUDE: 101 36 W

[TEMPERATURE DATA]      [PRECIPITATION DATA]       SYMBOLS USED IN COLUMN 16

AVERAGE MONTHLY: 47.9   TOTAL FOR MONTH:   3.96    1 = FOG OR MIST
DPTR FM NORMAL:   1.6   DPTR FM NORMAL:    2.12    2 = FOG REDUCING VISIBILITY
HIGHEST:    85 ON 23    GRTST 24HR  1.62 ON 15-16      TO 1/4 MILE OR LESS
LOWEST:     16 ON 11                               3 = THUNDER
                        SNOW, ICE PELLETS, HAIL    4 = ICE PELLETS
                        TOTAL MONTH:    M          5 = HAIL
                        GRTST 24HR    M  ON   M    6 = FREEZING RAIN OR DRIZZLE
                        GRTST DEPTH:  M  ON   M    7 = DUSTSTORM OR SANDSTORM:
                                                       VSBY 1/2 MILE OR LESS
                                                   8 = SMOKE OR HAZE
[NO. OF DAYS WITH]      [WEATHER - DAYS WITH]      9 = BLOWING SNOW
                                                   X = TORNADO
MAX 32 OR BELOW:   0    0.01 INCH OR MORE:   9
MAX 90 OR ABOVE:   0    0.10 INCH OR MORE:   8
MIN 32 OR BELOW:  10    0.50 INCH OR MORE:   3
MIN  0 OR BELOW:   0    1.00 INCH OR MORE:   1

[HDD (BASE 65) ]
TOTAL THIS MO.   508    CLEAR  (SCALE 0-3)  12
DPTR FM NORMAL   -56    PTCLDY (SCALE 4-7)   9
TOTAL FM JUL 1  6051    CLOUDY (SCALE 8-10)  9
DPTR FM NORMAL  -816

[CDD (BASE 65) ]
TOTAL THIS MO.     1
DPTR FM NORMAL    -2    [PRESSURE DATA]
TOTAL FM JAN 1     1    HIGHEST SLP 30.42 ON 17
DPTR FM NORMAL    -2    LOWEST  SLP 29.31 ON 24

[REMARKS]
#FINAL-04-16#
