000
CXUS55 KPSR 171005
CF6PHX
PRELIMINARY LOCAL CLIMATOLOGICAL DATA (WS FORM: F-6)

                                          STATION:   PHOENIX AZ
                                          MONTH:     APRIL
                                          YEAR:      2014
                                          LATITUDE:   33 25 N
                                          LONGITUDE: 112  1 W

  TEMPERATURE IN F:       :PCPN:    SNOW:  WIND      :SUNSHINE: SKY     :PK WND
================================================================================
1   2   3   4   5  6A  6B    7    8   9   10  11  12  13   14  15   16   17  18
                                     12Z  AVG MX 2MIN
DY MAX MIN AVG DEP HDD CDD  WTR  SNW DPTH SPD SPD DIR MIN PSBL S-S WX    SPD DR
================================================================================

 1  79  57  68  -1   0   3 0.00  0.0    0 10.9 25 270   M    M   1        32 280
 2  71  55  63  -6   2   0 0.00  0.0    0 10.9 24 260   M    M   4        30 250
 3  73  50  62  -7   3   0 0.00  0.0    0  4.5 13 310   M    M   2        17 300
 4  80  52  66  -3   0   1 0.00  0.0    0  5.9 14 290   M    M   5        17 280
 5  78  58  68  -2   0   3 0.00  0.0    0  7.4 20 290   M    M   4        24 290
 6  83  57  70   0   0   5 0.00  0.0    0  7.7 20 280   M    M   1        23 260
 7  89  58  74   4   0   9 0.00  0.0    0  4.3 14 260   M    M   0        19 280
 8  94  62  78   8   0  13 0.00  0.0    0  4.9 12 310   M    M   0        15 250
 9  95  65  80   9   0  15 0.00  0.0    0  5.6 12 280   M    M   6        18 230
10  98  65  82  11   0  17 0.00  0.0    0  6.6 13 310   M    M   6 8      19 320
11  96  68  82  11   0  17 0.00  0.0    0  6.3 14 250   M    M   8        18 270
12  89  68  79   7   0  14 0.00  0.0    0  8.1 21 270   M    M   6        25 230
13  88  61  75   3   0  10 0.00  0.0    0 10.0 23 270   M    M   1        29 230
14  85  66  76   4   0  11 0.00  0.0    0  8.4 21  60   M    M   0        27  40
15  90  60  75   3   0  10 0.00  0.0    0  4.7 15  80   M    M   4        17 340
16  93  60  77   4   0  12 0.00  0.0    0  7.0 17 280   M    M   2        22 270
================================================================================
SM 1381  962         5 140  0.00     0.0 113.2          M       50
================================================================================
AV 86.3 60.1                               7.1 FASTST   M    M   3    MAX(MPH)
                                 MISC ---->  # 25 270               # 32  280
================================================================================
NOTES:
# LAST OF SEVERAL OCCURRENCES

COLUMN 17 PEAK WIND IN M.P.H.

PRELIMINARY LOCAL CLIMATOLOGICAL DATA (WS FORM: F-6) , PAGE 2

                                          STATION:  PHOENIX AZ
                                          MONTH:    APRIL
                                          YEAR:     2014
                                          LATITUDE:   33 25 N
                                          LONGITUDE: 112  1 W

[TEMPERATURE DATA]      [PRECIPITATION DATA]       SYMBOLS USED IN COLUMN 16

AVERAGE MONTHLY: 73.2   TOTAL FOR MONTH:   0.00    1 = FOG OR MIST
DPTR FM NORMAL:   2.6   DPTR FM NORMAL:   -0.21    2 = FOG REDUCING VISIBILITY
HIGHEST:    98 ON 10    GRTST 24HR  0.00 ON 16-16      TO 1/4 MILE OR LESS
LOWEST:     50 ON  3                               3 = THUNDER
                        SNOW, ICE PELLETS, HAIL    4 = ICE PELLETS
                        TOTAL MONTH:   0.0 INCH    5 = HAIL
                        GRTST 24HR     0.0         6 = FREEZING RAIN OR DRIZZLE
                        GRTST DEPTH:   0           7 = DUSTSTORM OR SANDSTORM:
                                                       VSBY 1/2 MILE OR LESS
                                                   8 = SMOKE OR HAZE
[NO. OF DAYS WITH]      [WEATHER - DAYS WITH]      9 = BLOWING SNOW
                                                   X = TORNADO
MAX 32 OR BELOW:   0    0.01 INCH OR MORE:   0
MAX 90 OR ABOVE:   6    0.10 INCH OR MORE:   0
MIN 32 OR BELOW:   0    0.50 INCH OR MORE:   0
MIN  0 OR BELOW:   0    1.00 INCH OR MORE:   0

[HDD (BASE 65) ]
TOTAL THIS MO.     5    CLEAR  (SCALE 0-3)   8
DPTR FM NORMAL   -11    PTCLDY (SCALE 4-7)   8
TOTAL FM JUL 1   546    CLOUDY (SCALE 8-10)  0
DPTR FM NORMAL  -384

[CDD (BASE 65) ]
TOTAL THIS MO.   140
DPTR FM NORMAL    35    [PRESSURE DATA]
TOTAL FM JAN 1   339    HIGHEST SLP M ON M
DPTR FM NORMAL   130    LOWEST  SLP 29.61 ON M

[REMARKS]
