000
CXUS54 KBRO 260900
CF6PIL
PRELIMINARY LOCAL CLIMATOLOGICAL DATA (WS FORM: F-6)

                                          STATION:   BAYVIEW
                                          MONTH:     AUGUST
                                          YEAR:      2016
                                          LATITUDE:   26 10 N
                                          LONGITUDE:  97 20 W

  TEMPERATURE IN F:       :PCPN:    SNOW:  WIND      :SUNSHINE: SKY     :PK WND
================================================================================
1   2   3   4   5  6A  6B    7    8   9   10  11  12  13   14  15   16   17  18
                                     12Z  AVG MX 2MIN
DY MAX MIN AVG DEP HDD CDD  WTR  SNW DPTH SPD SPD DIR MIN PSBL S-S WX    SPD DR
================================================================================

 1  96  78  87   2   0  22 0.00  0.0    0 12.8 23 100   M    M   1 18     28 100
 2  93  79  86   1   0  21 0.00  0.0    0 10.2 21 110   M    M   1        26 100
 3  93  78  86   1   0  21 0.00  0.0    0 10.3 20 110   M    M   1        25 100
 4  94  78  86   1   0  21 0.00  0.0    0 11.1 21 110   M    M   0        25 110
 5  94  79  87   2   0  22 0.00  0.0    0 11.3 20 110   M    M   1        26 150
 6  94  79  87   2   0  22 0.00  0.0    0 11.8 21 120   M    M   0 18     26 130
 7  94  79  87   2   0  22    T  0.0    0 11.8 23 100   M    M   1        27 100
 8  96  80  88   3   0  23 0.00  0.0    0 12.1 23 120   M    M   1        30 120
 9  97  83  90   5   0  25 0.00  0.0    0 13.8 24 120   M    M   2 18     33 110
10  98  83  91   6   0  26 0.00  0.0    0 14.0 25 130   M    M   2 8      33 160
11  98  84  91   6   0  26 0.00  0.0    0 15.1 28 130   M    M   1 18     33 130
12  98  80  89   4   0  24 0.00  0.0    0 14.1 25 150   M    M   1 18     32 150
13  97  82  90   5   0  25 0.00  0.0    0 13.1 28 150   M    M   2 18     34 160
14  97  82  90   5   0  25 0.00  0.0    0 10.6 23 120   M    M   1        30 100
15  93  78  86   1   0  21 0.00  0.0    0  7.5 17 100   M    M   2        23 120
16  87  77  82  -3   0  17 0.25  0.0    0  8.0 17 160   M    M   2 1      23 160
17  92  77  85   0   0  20    T  0.0    0  9.3 23 120   M    M   0        27 110
18  94  78  86   1   0  21 0.00  0.0    0 11.5 22 130   M    M   1        28 110
19  96  81  89   4   0  24 0.00  0.0    0 15.5 28 150   M    M   2 1      35 160
20  96  81  89   4   0  24 0.00  0.0    0 16.5 29 150   M    M   2        36 160
21  96  81  89   4   0  24 0.19  0.0    0 13.3 26 150   M    M   2 38     34 140
22  97  79  88   3   0  23 0.00  0.0    0 14.3 25 130   M    M   1 1      32 140
23  96  80  88   3   0  23 0.00  0.0    0 12.4 23 110   M    M   1 1      29 150
24  97  78  88   3   0  23 0.00  0.0    0 11.8 23 120   M    M   1        30 140
25  93  75  84  -1   0  19 0.00  0.0    0  9.7 18 110   M    M   0 1      24 110
================================================================================
SM 2376 1989         0 564  0.44     0.0 301.9          M       29
================================================================================
AV 95.0 79.6                              12.1 FASTST   M    M   1    MAX(MPH)
                                 MISC ---->  # 29 150               # 36  160
================================================================================
NOTES:
# LAST OF SEVERAL OCCURRENCES

COLUMN 17 PEAK WIND IN M.P.H.

PRELIMINARY LOCAL CLIMATOLOGICAL DATA (WS FORM: F-6) , PAGE 2

                                          STATION:  BAYVIEW
                                          MONTH:    AUGUST
                                          YEAR:     2016
                                          LATITUDE:   26 10 N
                                          LONGITUDE:  97 20 W

[TEMPERATURE DATA]      [PRECIPITATION DATA]       SYMBOLS USED IN COLUMN 16

AVERAGE MONTHLY: 87.3   TOTAL FOR MONTH:   0.44    1 = FOG OR MIST
DPTR FM NORMAL:   2.3   DPTR FM NORMAL:   -0.79    2 = FOG REDUCING VISIBILITY
HIGHEST:    98 ON 12,11 GRTST 24HR  0.25 ON 16-16      TO 1/4 MILE OR LESS
LOWEST:     75 ON 25                               3 = THUNDER
                        SNOW, ICE PELLETS, HAIL    4 = ICE PELLETS
                        TOTAL MONTH:   0.0 INCH    5 = HAIL
                        GRTST 24HR     0.0         6 = FREEZING RAIN OR DRIZZLE
                        GRTST DEPTH:   0           7 = DUSTSTORM OR SANDSTORM:
                                                       VSBY 1/2 MILE OR LESS
                                                   8 = SMOKE OR HAZE
[NO. OF DAYS WITH]      [WEATHER - DAYS WITH]      9 = BLOWING SNOW
                                                   X = TORNADO
MAX 32 OR BELOW:   0    0.01 INCH OR MORE:   2
MAX 90 OR ABOVE:  24    0.10 INCH OR MORE:   2
MIN 32 OR BELOW:   0    0.50 INCH OR MORE:   0
MIN  0 OR BELOW:   0    1.00 INCH OR MORE:   0

[HDD (BASE 65) ]
TOTAL THIS MO.     0    CLEAR  (SCALE 0-3)  25
DPTR FM NORMAL     0    PTCLDY (SCALE 4-7)   0
TOTAL FM JUL 1     0    CLOUDY (SCALE 8-10)  0
DPTR FM NORMAL     0

[CDD (BASE 65) ]
TOTAL THIS MO.   564
DPTR FM NORMAL    64    [PRESSURE DATA]
TOTAL FM JAN 1  3038    HIGHEST SLP M ON M
DPTR FM NORMAL   277    LOWEST  SLP 29.72 ON 13

[REMARKS]
