000
CXUS53 KAPX 200631
CF6PLN
PRELIMINARY LOCAL CLIMATOLOGICAL DATA (WS FORM: F-6)

                                          STATION:   PELLSTON
                                          MONTH:     JANUARY
                                          YEAR:      2018
                                          LATITUDE:   45 34 N
                                          LONGITUDE:  84 48 W

  TEMPERATURE IN F:       :PCPN:    SNOW:  WIND      :SUNSHINE: SKY     :PK WND
================================================================================
1   2   3   4   5  6A  6B    7    8   9   10  11  12  13   14  15   16   17  18
                                     12Z  AVG MX 2MIN
DY MAX MIN AVG DEP HDD CDD  WTR  SNW DPTH SPD SPD DIR MIN PSBL S-S WX    SPD DR
================================================================================

 1  18   6  12  -7  53   0    T    M    M 13.2 21 290   M    M   9 18     28 290
 2  22  16  19   0  46   0 0.01    M    M 16.1 30 270   M    M   7 18     40 260
 3  21   3  12  -6  53   0 0.10    M    M 12.4 26 320   M    M   9 189    32 330
 4   3 -21  -9 -27  74   0 0.00    M    M  8.2 17 350   M    M   2 18     22 330
 5   0 -33 -16 -34  81   0    T    M    M  5.4 15 330   M    M   1 8      18 330
 6   3 -35 -16 -34  81   0 0.00    M    M  1.9  9 150   M    M   2        11 140
 7  31   3  17  -1  48   0    T    M    M 12.2 21 230   M    M  10 18     31 230
 8  33  25  29  11  36   0 0.04    M    M 12.3 29 310   M    M  10 18     36 320
 9  31  13  22   5  43   0 0.00    M    M  5.8 16 310   M    M   7 8      20 300
10  42  18  30  13  35   0 0.00    M    M  5.9 12 200   M    M   6 1      19 200
11  52  25  39  22  26   0 0.38    M    M 12.0 25 310   M    M  10 1      32 320
12  24   7  16  -1  49   0    T    M    M 15.6 26 330   M    M   8 18     35 310
13  13  -2   6 -11  59   0    T    M    M  5.0 15  10   M    M   5 18     19  10
14  19  -6   7 -10  58   0    T    M    M  6.1 16 180   M    M   7 1      22 180
15  21  15  18   2  47   0 0.01    M    M 10.3 18  70   M    M  10 18     27  50
16  17  -8   5 -11  60   0    T    M    M  4.0 10 360   M    M   4 18     14  40
17  29  -5  12  -4  53   0    T    M    M 12.4 28 240   M    M   4 18     40 240
18  34  26  30  14  35   0    T    M    M  8.6 22 250   M    M   7        31 260
19  40  28  34  18  31   0 0.00    M    M 10.3 29 250   M    M   3        40 250
================================================================================
SM  453   75       968   0  0.54    M    177.7          M      121
================================================================================
AV 23.8  4.0                               9.4 FASTST   M    M   6    MAX(MPH)
                                 MISC ---->  # 30 270               # 40  260
================================================================================
NOTES:
# LAST OF SEVERAL OCCURRENCES

COLUMN 17 PEAK WIND IN M.P.H.

PRELIMINARY LOCAL CLIMATOLOGICAL DATA (WS FORM: F-6) , PAGE 2

                                          STATION:  PELLSTON
                                          MONTH:    JANUARY
                                          YEAR:     2018
                                          LATITUDE:   45 34 N
                                          LONGITUDE:  84 48 W

[TEMPERATURE DATA]      [PRECIPITATION DATA]       SYMBOLS USED IN COLUMN 16

AVERAGE MONTHLY: 13.9   TOTAL FOR MONTH:   0.54    1 = FOG OR MIST
DPTR FM NORMAL:  -3.4   DPTR FM NORMAL:   -0.63    2 = FOG REDUCING VISIBILITY
HIGHEST:    52 ON 11    GRTST 24HR  0.38 ON 11-11      TO 1/4 MILE OR LESS
LOWEST:    -35 ON  6                               3 = THUNDER
                        SNOW, ICE PELLETS, HAIL    4 = ICE PELLETS
                        TOTAL MONTH:    M          5 = HAIL
                        GRTST 24HR    M  ON   M    6 = FREEZING RAIN OR DRIZZLE
                        GRTST DEPTH:  M  ON   M    7 = DUSTSTORM OR SANDSTORM:
                                                       VSBY 1/2 MILE OR LESS
                                                   8 = SMOKE OR HAZE
[NO. OF DAYS WITH]      [WEATHER - DAYS WITH]      9 = BLOWING SNOW
                                                   X = TORNADO
MAX 32 OR BELOW:  14    0.01 INCH OR MORE:   5
MAX 90 OR ABOVE:   0    0.10 INCH OR MORE:   2
MIN 32 OR BELOW:  19    0.50 INCH OR MORE:   0
MIN  0 OR BELOW:   7    1.00 INCH OR MORE:   0

[HDD (BASE 65) ]
TOTAL THIS MO.   968    CLEAR  (SCALE 0-3)   4
DPTR FM NORMAL    61    PTCLDY (SCALE 4-7)   8
TOTAL FM JUL 1  4076    CLOUDY (SCALE 8-10)  7
DPTR FM NORMAL  -117

[CDD (BASE 65) ]
TOTAL THIS MO.     0
DPTR FM NORMAL     0    [PRESSURE DATA]
TOTAL FM JAN 1     0    HIGHEST SLP M ON M
DPTR FM NORMAL     0    LOWEST  SLP 29.50 ON 19

[REMARKS]
