000
CXUS53 KAPX 300631
CF6PLN
PRELIMINARY LOCAL CLIMATOLOGICAL DATA (WS FORM: F-6)

                                          STATION:   PELLSTON
                                          MONTH:     AUGUST
                                          YEAR:      2015
                                          LATITUDE:   45 34 N
                                          LONGITUDE:  84 48 W

  TEMPERATURE IN F:       :PCPN:    SNOW:  WIND      :SUNSHINE: SKY     :PK WND
================================================================================
1   2   3   4   5  6A  6B    7    8   9   10  11  12  13   14  15   16   17  18
                                     12Z  AVG MX 2MIN
DY MAX MIN AVG DEP HDD CDD  WTR  SNW DPTH SPD SPD DIR MIN PSBL S-S WX    SPD DR
================================================================================

 1  79  47  63  -2   2   0 0.00    M    M  5.5 17 250   M    M   1        25 270
 2  72  58  65   0   0   0 0.46    M    M  5.6 26 270   M    M   5 13     40 240
 3  73  51  62  -3   3   0    T    M    M  6.0 21 310   M    M   4 12     25 310
 4  71  49  60  -5   5   0 0.02    M    M  7.1 21 290   M    M   5 1      27 300
 5  75  43  59  -6   6   0 0.00    M    M  4.5 14 290   M    M   1        19 310
 6  76  45  61  -4   4   0 0.00    M    M  2.3 12  60   M    M   3 1      15  50
 7  77  50  64  -1   1   0 0.00    M    M  4.7 14  60   M    M   6        17  60
 8  80  53  67   2   0   2 0.00    M    M  3.6 14  70   M    M   6        18 140
 9  84  49  67   2   0   2 0.00    M    M  3.6 13 360   M    M   4        14 360
10  79  58  69   4   0   4 0.01    M    M  4.5 15 360   M    M   7 1      18 360
11  74  57  66   1   0   1 0.00    M    M 12.1 24 310   M    M   5        31 320
12  77  52  65   1   0   0 0.00    M    M  5.6 17 300   M    M   3        25 250
13  82  63  73   9   0   8 0.04    M    M  7.7 20 240   M    M   2        29 240
14  91  63  77  13   0  12 0.00    M    M  5.1 16 310   M    M   1 1      20 290
15  91  62  77  13   0  12 0.00    M    M  3.5 14 320   M    M   4 12     18 330
16  89  58  74  10   0   9 0.00    M    M  8.5 22 250   M    M   1 1      31 270
17  85  66  76  12   0  11    T    M    M  6.4 13 220   M    M   5        18 240
18  79  62  71   7   0   6 0.04    M    M  4.6 13  80   M    M   8 1      18 110
19  86  67  77  13   0  12 0.12    M    M  9.5 20 200   M    M   7 13     28 190
20  71  57  64   0   1   0 0.65    M    M  7.8 24 220   M    M   8 1      36 220
21  75  52  64   1   1   0 0.00    M    M  4.4 14 290   M    M   4        19 280
22  82  56  69   6   0   4 0.00    M    M  3.9 13 240   M    M   3        16 220
23  78  56  67   4   0   2 0.59    M    M  7.3 21 180   M    M   3 3      31 190
24  62  53  58  -5   7   0 0.86    M    M  8.7 18 260   M    M   8        26 280
25  60  52  56  -7   9   0 0.07    M    M 10.2 21 310   M    M   8        25 320
26  61  48  55  -7  10   0 0.00    M    M  9.9 17 310   M    M   9        24 330
27  72  46  59  -3   6   0 0.00    M    M  1.9 10 230   M    M   7 1      17 200
28  75  46  61  -1   4   0 0.08    M    M  4.9 16 250   M    M   5 12     22 240
29  73  53  63   1   2   0 0.17    M    M  4.7 15 260   M    M   8 1      21 250
================================================================================
SM 2229 1572        61  85  3.11    M    174.1          M      141
================================================================================
AV 76.9 54.2                               6.0 FASTST   M    M   5    MAX(MPH)
                                 MISC ---->  # 26 270               # 40  240
================================================================================
NOTES:
# LAST OF SEVERAL OCCURRENCES

COLUMN 17 PEAK WIND IN M.P.H.

PRELIMINARY LOCAL CLIMATOLOGICAL DATA (WS FORM: F-6) , PAGE 2

                                          STATION:  PELLSTON
                                          MONTH:    AUGUST
                                          YEAR:     2015
                                          LATITUDE:   45 34 N
                                          LONGITUDE:  84 48 W

[TEMPERATURE DATA]      [PRECIPITATION DATA]       SYMBOLS USED IN COLUMN 16

AVERAGE MONTHLY: 65.5   TOTAL FOR MONTH:   3.11    1 = FOG OR MIST
DPTR FM NORMAL:   1.6   DPTR FM NORMAL:    0.12    2 = FOG REDUCING VISIBILITY
HIGHEST:    91 ON 15,14 GRTST 24HR  1.33 ON 23-24      TO 1/4 MILE OR LESS
LOWEST:     43 ON  5                               3 = THUNDER
                        SNOW, ICE PELLETS, HAIL    4 = ICE PELLETS
                        TOTAL MONTH:    M          5 = HAIL
                        GRTST 24HR    M  ON   M    6 = FREEZING RAIN OR DRIZZLE
                        GRTST DEPTH:  M  ON   M    7 = DUSTSTORM OR SANDSTORM:
                                                       VSBY 1/2 MILE OR LESS
                                                   8 = SMOKE OR HAZE
[NO. OF DAYS WITH]      [WEATHER - DAYS WITH]      9 = BLOWING SNOW
                                                   X = TORNADO
MAX 32 OR BELOW:   0    0.01 INCH OR MORE:  12
MAX 90 OR ABOVE:   2    0.10 INCH OR MORE:   6
MIN 32 OR BELOW:   0    0.50 INCH OR MORE:   3
MIN  0 OR BELOW:   0    1.00 INCH OR MORE:   0

[HDD (BASE 65) ]
TOTAL THIS MO.    61    CLEAR  (SCALE 0-3)   8
DPTR FM NORMAL   -27    PTCLDY (SCALE 4-7)  18
TOTAL FM JUL 1   121    CLOUDY (SCALE 8-10)  3
DPTR FM NORMAL   -36

[CDD (BASE 65) ]
TOTAL THIS MO.    85
DPTR FM NORMAL    33    [PRESSURE DATA]
TOTAL FM JAN 1   200    HIGHEST SLP M ON M
DPTR FM NORMAL     7    LOWEST  SLP 29.51 ON  2

[REMARKS]
