000
CXUS53 KAPX 210631
CF6PLN
PRELIMINARY LOCAL CLIMATOLOGICAL DATA (WS FORM: F-6)

                                          STATION:   PELLSTON
                                          MONTH:     DECEMBER
                                          YEAR:      2014
                                          LATITUDE:   45 34 N
                                          LONGITUDE:  84 48 W

  TEMPERATURE IN F:       :PCPN:    SNOW:  WIND      :SUNSHINE: SKY     :PK WND
================================================================================
1   2   3   4   5  6A  6B    7    8   9   10  11  12  13   14  15   16   17  18
                                     12Z  AVG MX 2MIN
DY MAX MIN AVG DEP HDD CDD  WTR  SNW DPTH SPD SPD DIR MIN PSBL S-S WX    SPD DR
================================================================================

 1  24   7  16 -13  49   0    T    M    M 11.9 30  30   M    M   9        39 320
 2  30   0  15 -13  50   0    T    M    M  3.8 10 190   M    M   5 1       M  M
 3  31  22  27  -1  38   0 0.02    M    M 14.0 25 290   M    M   9 1      33 280
 4  27  19  23  -5  42   0 0.00    M    M  6.1 18 300   M    M   7        29 300
 5  33  15  24  -3  41   0 0.00    M    M  2.3  7 300   M    M   9 1       9 160
 6  34  12  23  -4  42   0 0.00    M    M  9.1 18 340   M    M   4 1      24 350
 7  34   5  20  -6  45   0 0.00    M    M  5.3 15 150   M    M   1         M  M
 8  35  28  32   6  33   0 0.19    M    M  4.9 15 140   M    M   7 12     21 140
 9  35  21  28   2  37   0 0.00    M    M  9.8 18 350   M    M  10 1      22 320
10  26   3  15 -10  50   0 0.00    M    M  5.8 10 330   M    M   5 1      13  40
11  32   1  17  -8  48   0 0.00    M    M  7.2 20 310   M    M   3        25 320
12  34  30  32   8  33   0 0.00    M    M  6.9 12 260   M    M  10 1      18  99
13  38  33  36  12  29   0 0.00    M    M  9.0 16 260   M    M  10 12     25 240
14  41  33  37  13  28   0    T    M    M  2.6  8 230   M    M  10 12     12 290
15  46  36  41  17  24   0 0.07    M    M  1.2  6 220   M    M  10 12      9 220
16  41  35  38  15  27   0 0.31    M    M  3.8  9  50   M    M  10 1      13  50
17  35  25  30   7  35   0 0.09    M    M  9.9 17 300   M    M  10 18     23 310
18  25   2  14  -8  51   0 0.00    M    M  5.1 13  20   M    M   3 1      16  20
19  29  -3  13  -9  52   0 0.00    M    M  0.3  5 360   M    M   0 1       5 350
20  27  -3  12 -10  53   0 0.00    M    M  0.6  6 140   M    M   6 1       7 130
================================================================================
SM  657  321       807   0  0.68    M    119.6          M      138
================================================================================
AV 32.8 16.0                               6.0 FASTST   M    M   7    MAX(MPH)
                                 MISC ---->    30   M                 39    M
================================================================================
NOTES:
# LAST OF SEVERAL OCCURRENCES

COLUMN 17 PEAK WIND IN M.P.H.

PRELIMINARY LOCAL CLIMATOLOGICAL DATA (WS FORM: F-6) , PAGE 2

                                          STATION:  PELLSTON
                                          MONTH:    DECEMBER
                                          YEAR:     2014
                                          LATITUDE:   45 34 N
                                          LONGITUDE:  84 48 W

[TEMPERATURE DATA]      [PRECIPITATION DATA]       SYMBOLS USED IN COLUMN 16

AVERAGE MONTHLY: 24.4   TOTAL FOR MONTH:   0.68    1 = FOG OR MIST
DPTR FM NORMAL:  -0.7   DPTR FM NORMAL:   -0.64    2 = FOG REDUCING VISIBILITY
HIGHEST:    46 ON 15    GRTST 24HR  0.38 ON 15-16      TO 1/4 MILE OR LESS
LOWEST:     -3 ON 20,19                            3 = THUNDER
                        SNOW, ICE PELLETS, HAIL    4 = ICE PELLETS
                        TOTAL MONTH:    M          5 = HAIL
                        GRTST 24HR    M  ON   M    6 = FREEZING RAIN OR DRIZZLE
                        GRTST DEPTH:  M  ON   M    7 = DUSTSTORM OR SANDSTORM:
                                                       VSBY 1/2 MILE OR LESS
                                                   8 = SMOKE OR HAZE
[NO. OF DAYS WITH]      [WEATHER - DAYS WITH]      9 = BLOWING SNOW
                                                   X = TORNADO
MAX 32 OR BELOW:   9    0.01 INCH OR MORE:   5
MAX 90 OR ABOVE:   0    0.10 INCH OR MORE:   2
MIN 32 OR BELOW:  16    0.50 INCH OR MORE:   0
MIN  0 OR BELOW:   3    1.00 INCH OR MORE:   0

[HDD (BASE 65) ]
TOTAL THIS MO.   807    CLEAR  (SCALE 0-3)   2
DPTR FM NORMAL    11    PTCLDY (SCALE 4-7)   8
TOTAL FM JUL 1  2904    CLOUDY (SCALE 8-10) 10
DPTR FM NORMAL   111

[CDD (BASE 65) ]
TOTAL THIS MO.     0
DPTR FM NORMAL     0    [PRESSURE DATA]
TOTAL FM JAN 1   148    HIGHEST SLP M ON M
DPTR FM NORMAL   -72    LOWEST  SLP 29.71 ON 16

[REMARKS]
