000
CXUS54 KOUN 230700
CF6PNC
PRELIMINARY LOCAL CLIMATOLOGICAL DATA (WS FORM: F-6)

                                          STATION:   PONCA CITY
                                          MONTH:     JULY
                                          YEAR:      2016
                                          LATITUDE:   36 44 N
                                          LONGITUDE:  97  6 W

  TEMPERATURE IN F:       :PCPN:    SNOW:  WIND      :SUNSHINE: SKY     :PK WND
================================================================================
1   2   3   4   5  6A  6B    7    8   9   10  11  12  13   14  15   16   17  18
                                     12Z  AVG MX 2MIN
DY MAX MIN AVG DEP HDD CDD  WTR  SNW DPTH SPD SPD DIR MIN PSBL S-S WX    SPD DR
================================================================================

 1  78  69  74  -6   0   9 1.20  0.0    0  5.0 32 270   M    M   7 1      51 270
 2  95  72  84   4   0  19    T  0.0    0 11.0 20 160   M    M   2        26 160
 3  87  71  79  -2   0  14 0.58  0.0    0  5.9 20  40   M    M   7 1      26  50
 4  93  73  83   2   0  18 0.00  0.0    0  8.4 20 160   M    M   4 1      28 170
 5  96  77  87   6   0  22    T  0.0    0 11.4 25 150   M    M   0 1      34 160
 6  98  71  85   4   0  20 0.02  0.0    0 13.9 25 140   M    M   1        35 150
 7  99  81  90   9   0  25 0.00  0.0    0 10.5 22 160   M    M   0        34 150
 8  87  74  81   0   0  16 0.02  0.0    0 11.0 33 130   M    M   4        55 140
 9  93  75  84   3   0  19    T  0.0    0 11.7 29 140   M    M   1        38  50
10  95  73  84   3   0  19 0.00  0.0    0 14.4 25 150   M    M   0        43 150
11  94  78  86   4   0  21 0.00  0.0    0 18.8 32 150   M    M   0        44 150
12  92  78  85   3   0  20 0.00  0.0    0 18.1 35 150   M    M   5        42 140
13  97  71  84   2   0  19 0.71  0.0    0 12.6 32  20   M    M   1        48  10
14  81  66  74  -8   0   9 1.16  0.0    0 10.2 33 360   M    M   2 1      59 320
15  89  69  79  -3   0  14 0.00  0.0    0 11.3 22 130   M    M   1        40  50
16  92  71  82   0   0  17 0.00  0.0    0 11.8 24 140   M    M   1        40 160
17  96  77  87   5   0  22 0.00  0.0    0 12.5 22 150   M    M   0        33 150
18  96  76  86   4   0  21 0.00  0.0    0 12.4 28 150   M    M   0        37 150
19  94  77  86   4   0  21 0.00  0.0    0 11.5 28 150   M    M   0        39 150
20  98  78  88   6   0  23 0.00  0.0    0 12.1 26 150   M    M   0        34 200
21 101  78  90   8   0  25 0.00  0.0    0 10.8 21 160   M    M   0        34 150
22 101  80  91   9   0  26 0.00  0.0    0 10.4 18 160   M    M   0        26 160
================================================================================
SM 2052 1635         0 419  3.69     0.0 255.7          M       36
================================================================================
AV 93.3 74.3                              11.6 FASTST   M    M   2    MAX(MPH)
                                 MISC ---->  # 35 150               # 59  320
================================================================================
NOTES:
# LAST OF SEVERAL OCCURRENCES

COLUMN 17 PEAK WIND IN M.P.H.

PRELIMINARY LOCAL CLIMATOLOGICAL DATA (WS FORM: F-6) , PAGE 2

                                          STATION:  PONCA CITY
                                          MONTH:    JULY
                                          YEAR:     2016
                                          LATITUDE:   36 44 N
                                          LONGITUDE:  97  6 W

[TEMPERATURE DATA]      [PRECIPITATION DATA]       SYMBOLS USED IN COLUMN 16

AVERAGE MONTHLY: 83.8   TOTAL FOR MONTH:   3.69    1 = FOG OR MIST
DPTR FM NORMAL:   2.3   DPTR FM NORMAL:    1.24    2 = FOG REDUCING VISIBILITY
HIGHEST:   101 ON 22,21 GRTST 24HR  1.20 ON  1- 1      TO 1/4 MILE OR LESS
LOWEST:     66 ON 14                               3 = THUNDER
                        SNOW, ICE PELLETS, HAIL    4 = ICE PELLETS
                        TOTAL MONTH:   0.0 INCH    5 = HAIL
                        GRTST 24HR     0.0         6 = FREEZING RAIN OR DRIZZLE
                        GRTST DEPTH:   0           7 = DUSTSTORM OR SANDSTORM:
                                                       VSBY 1/2 MILE OR LESS
                                                   8 = SMOKE OR HAZE
[NO. OF DAYS WITH]      [WEATHER - DAYS WITH]      9 = BLOWING SNOW
                                                   X = TORNADO
MAX 32 OR BELOW:   0    0.01 INCH OR MORE:   6
MAX 90 OR ABOVE:  17    0.10 INCH OR MORE:   4
MIN 32 OR BELOW:   0    0.50 INCH OR MORE:   4
MIN  0 OR BELOW:   0    1.00 INCH OR MORE:   2

[HDD (BASE 65) ]
TOTAL THIS MO.     0    CLEAR  (SCALE 0-3)  17
DPTR FM NORMAL     0    PTCLDY (SCALE 4-7)   5
TOTAL FM JUL 1     0    CLOUDY (SCALE 8-10)  0
DPTR FM NORMAL     0

[CDD (BASE 65) ]
TOTAL THIS MO.   419
DPTR FM NORMAL    57    [PRESSURE DATA]
TOTAL FM JAN 1  1086    HIGHEST SLP M ON M
DPTR FM NORMAL   186    LOWEST  SLP 29.69 ON M

[REMARKS]
