000
CXUS54 KOUN 250800
CF6PNC
PRELIMINARY LOCAL CLIMATOLOGICAL DATA (WS FORM: F-6)

                                          STATION:   PONCA CITY
                                          MONTH:     JANUARY
                                          YEAR:      2015
                                          LATITUDE:   36 44 N
                                          LONGITUDE:  97  6 W

  TEMPERATURE IN F:       :PCPN:    SNOW:  WIND      :SUNSHINE: SKY     :PK WND
================================================================================
1   2   3   4   5  6A  6B    7    8   9   10  11  12  13   14  15   16   17  18
                                     12Z  AVG MX 2MIN
DY MAX MIN AVG DEP HDD CDD  WTR  SNW DPTH SPD SPD DIR MIN PSBL S-S WX    SPD DR
================================================================================

 1  32  21  27  -7  38   0    T    M    0  4.7 10 210   M    M  10 18     14 200
 2  35  31  33  -1  32   0 0.08    M    0  2.9 10 150   M    M  10 18     11 140
 3  41  22  32  -2  33   0 0.09    M    0  6.6 29 340   M    M  10 18     37 320
 4  26  13  20 -14  45   0    T    T    0 12.7 30 340   M    M   3        40 350
 5  41  12  27  -7  38   0 0.00  0.0    0  7.8 23 170   M    M   0        31 170
 6  40  23  32  -2  33   0 0.00  0.0    0  8.2 23  20   M    M   0        28  20
 7  25   5  15 -19  50   0 0.00  0.0    0 15.8 35  10   M    M   3        42  10
 8  37   5  21 -13  44   0 0.00  0.0    0  9.4 24 220   M    M   0        34 220
 9  32  12  22 -12  43   0 0.00  0.0    0 13.2 26  10   M    M   5        33  20
10  40  11  26  -8  39   0 0.00  0.0    0  9.2 16 160   M    M   4        24 200
11  37  31  34   0  31   0    T    M    0  8.1 17 160   M    M   8 18     20 170
12  38  21  30  -4  35   0    T  0.0    0 14.3 25 360   M    M   5 18     29  10
13  37  15  26  -8  39   0 0.00  0.0    0  6.6 14  40   M    M   2        18  40
14  34  26  30  -4  35   0    T    T    0  2.6  8 270   M    M   9        11  10
15  55  18  37   2  28   0 0.00  0.0    0  2.8 12 310   M    M   1 18     16 310
16  65  20  43   8  22   0 0.00  0.0    0  6.6 22 210   M    M   0        27 210
17  64  28  46  11  19   0 0.00  0.0    0 10.8 30 340   M    M   0        40 340
18  74  22  48  13  17   0 0.00  0.0    0  6.1 25 210   M    M   0        36 230
19  69  28  49  14  16   0 0.00  0.0    0  3.6  9 250   M    M   0        12 240
20  51  26  39   4  26   0    T  0.0    0  5.1 17  20   M    M   6 12     21  20
21  52  23  38   3  27   0 0.00  0.0    0  5.7 15  30   M    M   7 12     18  30
22  50  22  36   1  29   0 0.00  0.0    0  7.2 20  40   M    M   4        22  40
23  51  16  34  -1  31   0 0.00  0.0    0  3.9 15 240   M    M   0 18     19 240
24  63  27  45  10  20   0    T  0.0    0  7.8 16 250   M    M   0        23 250
================================================================================
SM 1089  478       770   0  0.17    T    181.7          M       87
================================================================================
AV 45.4 19.9                               7.6 FASTST   M    M   4    MAX(MPH)
                                 MISC ---->  # 35  10               # 42   10
================================================================================
NOTES:
# LAST OF SEVERAL OCCURRENCES

COLUMN 17 PEAK WIND IN M.P.H.

PRELIMINARY LOCAL CLIMATOLOGICAL DATA (WS FORM: F-6) , PAGE 2

                                          STATION:  PONCA CITY
                                          MONTH:    JANUARY
                                          YEAR:     2015
                                          LATITUDE:   36 44 N
                                          LONGITUDE:  97  6 W

[TEMPERATURE DATA]      [PRECIPITATION DATA]       SYMBOLS USED IN COLUMN 16

AVERAGE MONTHLY: 32.6   TOTAL FOR MONTH:   0.17    1 = FOG OR MIST
DPTR FM NORMAL:  -1.8   DPTR FM NORMAL:   -0.57    2 = FOG REDUCING VISIBILITY
HIGHEST:    74 ON 18    GRTST 24HR  0.17 ON  2- 3      TO 1/4 MILE OR LESS
LOWEST:      5 ON  8, 7                            3 = THUNDER
                        SNOW, ICE PELLETS, HAIL    4 = ICE PELLETS
                        TOTAL MONTH:    T          5 = HAIL
                        GRTST 24HR    T  ON 14-14  6 = FREEZING RAIN OR DRIZZLE
                        GRTST DEPTH:   0           7 = DUSTSTORM OR SANDSTORM:
                                                       VSBY 1/2 MILE OR LESS
                                                   8 = SMOKE OR HAZE
[NO. OF DAYS WITH]      [WEATHER - DAYS WITH]      9 = BLOWING SNOW
                                                   X = TORNADO
MAX 32 OR BELOW:   4    0.01 INCH OR MORE:   2
MAX 90 OR ABOVE:   0    0.10 INCH OR MORE:   0
MIN 32 OR BELOW:  24    0.50 INCH OR MORE:   0
MIN  0 OR BELOW:   0    1.00 INCH OR MORE:   0

[HDD (BASE 65) ]
TOTAL THIS MO.   770    CLEAR  (SCALE 0-3)  13
DPTR FM NORMAL    37    PTCLDY (SCALE 4-7)   6
TOTAL FM JUL 1  2321    CLOUDY (SCALE 8-10)  5
DPTR FM NORMAL   -55

[CDD (BASE 65) ]
TOTAL THIS MO.     0
DPTR FM NORMAL     0    [PRESSURE DATA]
TOTAL FM JAN 1     0    HIGHEST SLP M ON M
DPTR FM NORMAL     0    LOWEST  SLP 29.79 ON  3

[REMARKS]
