000
CXUS55 KALY 170710
CF6POU
PRELIMINARY LOCAL CLIMATOLOGICAL DATA (WS FORM: F-6)

                                          STATION:   POUGHKEEPSIE NY
                                          MONTH:     OCTOBER
                                          YEAR:      2017
                                          LATITUDE:   41 37 N
                                          LONGITUDE:  73 53 W

  TEMPERATURE IN F:       :PCPN:    SNOW:  WIND      :SUNSHINE: SKY     :PK WND
================================================================================
1   2   3   4   5  6A  6B    7    8   9   10  11  12  13   14  15   16   17  18
                                     12Z  AVG MX 2MIN
DY MAX MIN AVG DEP HDD CDD  WTR  SNW DPTH SPD SPD DIR MIN PSBL S-S WX    SPD DR
================================================================================

 1  66  41  54  -3  11   0 0.00    M    M  1.4  9 310   M    M   3 12     13 330
 2  71  36  54  -2  11   0 0.00    M    M  0.9  8 310   M    M   2 12     10 330
 3  71  39  55  -1  10   0 0.00    M    M  2.7 10 190   M    M   0        14 220
 4  78  44  61   5   4   0 0.00    M    M  4.1 14 240   M    M   1 18     20 220
 5  80  56  68  13   0   3 0.00  0.0    0  5.3 13 240   M    M   1        17 240
 6  78  50  64   9   1   0 0.00    M    M  1.9 10 260   M    M   3 1      14 230
 7  80  57  69  15   0   4 0.00    M    M  3.8 14 150   M    M   4        20 150
 8  80  69  75  21   0  10 0.41    M    M  4.9 14 170   M    M   6 1      21 170
 9  77  69  73  20   0   8 0.68    M    M  6.0 16 160   M    M   9 13     26 170
10  79  55  67  14   0   2 0.00    M    M  1.8  8 280   M    M   1 12     11 300
11  74  51  63  10   2   0 0.04    M    M  5.0 14  10   M    M   4 1      18 320
12  64  45  55   3  10   0 0.04    M    M  5.8 15  40   M    M   4 1      19  50
13  65  41  53   1  12   0 0.00    M    M  3.4 13 130   M    M   7        16 140
14  70  53  62  10   3   0 0.00    M    M  1.3 10 210   M    M   6 1      12 210
15  76  54  65  14   0   0 0.05    M    M  6.6 16 230   M    M  10 1      24 250
16  65  37  51   0  14   0 0.01    M    M  7.5 17 330   M    M   6        24 340
================================================================================
SM 1174  797        78  27  1.23     0.0  62.4          M       67
================================================================================
AV 73.4 49.8                               3.9 FASTST   M    M   4    MAX(MPH)
                                 MISC ---->    17   M               # 26  170
================================================================================
NOTES:
# LAST OF SEVERAL OCCURRENCES

COLUMN 17 PEAK WIND IN M.P.H.

PRELIMINARY LOCAL CLIMATOLOGICAL DATA (WS FORM: F-6) , PAGE 2

                                          STATION:  POUGHKEEPSIE NY
                                          MONTH:    OCTOBER
                                          YEAR:     2017
                                          LATITUDE:   41 37 N
                                          LONGITUDE:  73 53 W

[TEMPERATURE DATA]      [PRECIPITATION DATA]       SYMBOLS USED IN COLUMN 16

AVERAGE MONTHLY: 61.6   TOTAL FOR MONTH:   1.23    1 = FOG OR MIST
DPTR FM NORMAL:   7.8   DPTR FM NORMAL:   -1.17    2 = FOG REDUCING VISIBILITY
HIGHEST:    80 ON  8, 7 GRTST 24HR  0.68 ON  9- 9      TO 1/4 MILE OR LESS
LOWEST:     36 ON  2                               3 = THUNDER
                        SNOW, ICE PELLETS, HAIL    4 = ICE PELLETS
                        TOTAL MONTH:   0.0 INCH    5 = HAIL
                        GRTST 24HR     0.0         6 = FREEZING RAIN OR DRIZZLE
                        GRTST DEPTH:   0           7 = DUSTSTORM OR SANDSTORM:
                                                       VSBY 1/2 MILE OR LESS
                                                   8 = SMOKE OR HAZE
[NO. OF DAYS WITH]      [WEATHER - DAYS WITH]      9 = BLOWING SNOW
                                                   X = TORNADO
MAX 32 OR BELOW:   0    0.01 INCH OR MORE:   6
MAX 90 OR ABOVE:   0    0.10 INCH OR MORE:   2
MIN 32 OR BELOW:   0    0.50 INCH OR MORE:   1
MIN  0 OR BELOW:   0    1.00 INCH OR MORE:   0

[HDD (BASE 65) ]
TOTAL THIS MO.    78    CLEAR  (SCALE 0-3)   7
DPTR FM NORMAL  -108    PTCLDY (SCALE 4-7)   7
TOTAL FM JUL 1   191    CLOUDY (SCALE 8-10)  2
DPTR FM NORMAL  -135

[CDD (BASE 65) ]
TOTAL THIS MO.    27
DPTR FM NORMAL    27    [PRESSURE DATA]
TOTAL FM JAN 1   715    HIGHEST SLP M ON M
DPTR FM NORMAL    47    LOWEST  SLP 29.64 ON 15

[REMARKS]
