000
CXUS55 KALY 250710
CF6POU
PRELIMINARY LOCAL CLIMATOLOGICAL DATA (WS FORM: F-6)

                                          STATION:   POUGHKEEPSIE NY
                                          MONTH:     APRIL
                                          YEAR:      2017
                                          LATITUDE:   41 37 N
                                          LONGITUDE:  73 53 W

  TEMPERATURE IN F:       :PCPN:    SNOW:  WIND      :SUNSHINE: SKY     :PK WND
================================================================================
1   2   3   4   5  6A  6B    7    8   9   10  11  12  13   14  15   16   17  18
                                     12Z  AVG MX 2MIN
DY MAX MIN AVG DEP HDD CDD  WTR  SNW DPTH SPD SPD DIR MIN PSBL S-S WX    SPD DR
================================================================================

 1  44  33  39  -4  26   0 0.01    M    M  9.8 21  10   M    M  10 18     31  10
 2  60  29  45   2  20   0 0.00    M    M  3.6 21 350   M    M   3 1      31 300
 3  65  31  48   4  17   0 0.05    M    M  4.3 14 250   M    M   4        20 150
 4  50  42  46   2  19   0 0.60    M    M  6.1 20 120   M    M  10 1      25 120
 5  60  43  52   7  13   0 0.01    M    M  4.0 14 130   M    M   7 1      20 110
 6  50  39  45   0  20   0 0.54    M    M  7.2 16 100   M    M  10 13     24 210
 7  50  39  45   0  20   0    T    M    M 11.9 23 290   M    M  10        28 270
 8  53  32  43  -3  22   0 0.00    M    M  9.4 21 310   M    M   4        29 290
 9  68  26  47   1  18   0 0.00    M    M  2.6 15 240   M    M   0        19 250
10  80  38  59  12   6   0 0.00    M    M  4.0 16 160   M    M   0        23 140
11  86  47  67  20   0   2 0.00    M    M  4.3 17  10   M    M   0        24  20
12  69  45  57   9   8   0 0.09    M    M  3.9 16  30   M    M   3 1      19  30
13  61  34  48   0  17   0 0.00    M    M  5.1 18 360   M    M   0        23 340
14  65  34  50   2  15   0 0.00    M    M  2.0 13 360   M    M   1        17 340
15  67  35  51   2  14   0 0.00    M    M  4.9 16 170   M    M   2        26 150
16  85  48  67  18   0   2 0.11    M    M  7.8 32 280   M    M   3 8      45 280
17  71  46  59  10   6   0 0.00    M    M  8.2 22 300   M    M   0 1      30 280
18  63  37  50   0  15   0 0.00    M    M  5.7 16 150   M    M   0        24 150
19  57  43  50   0  15   0 0.15    M    M  8.3 18 160   M    M   8 1      28 190
20  66  46  56   6   9   0 0.21    M    M  2.1 12 110   M    M   9 18     15 160
21  56  49  53   2  12   0 0.24    M    M  4.3 10 140   M    M  10 1      15 120
22  56  43  50  -1  15   0 0.01    M    M  4.5 16  20   M    M   9        22  20
23  68  33  51  -1  14   0 0.00    M    M  2.4  8 150   M    M   0        13 150
24  68  38  53   1  12   0 0.00    M    M  3.0 10 120   M    M   3        15 130
================================================================================
SM 1518  930       333   4  2.02    M    129.4          M      106
================================================================================
AV 63.3 38.8                               5.4 FASTST   M    M   4    MAX(MPH)
                                 MISC ---->  # 32 280               # 45  280
================================================================================
NOTES:
# LAST OF SEVERAL OCCURRENCES

COLUMN 17 PEAK WIND IN M.P.H.

PRELIMINARY LOCAL CLIMATOLOGICAL DATA (WS FORM: F-6) , PAGE 2

                                          STATION:  POUGHKEEPSIE NY
                                          MONTH:    APRIL
                                          YEAR:     2017
                                          LATITUDE:   41 37 N
                                          LONGITUDE:  73 53 W

[TEMPERATURE DATA]      [PRECIPITATION DATA]       SYMBOLS USED IN COLUMN 16

AVERAGE MONTHLY: 51.0   TOTAL FOR MONTH:   2.02    1 = FOG OR MIST
DPTR FM NORMAL:   3.4   DPTR FM NORMAL:   -0.99    2 = FOG REDUCING VISIBILITY
HIGHEST:    86 ON 11    GRTST 24HR  0.74 ON 31- 1      TO 1/4 MILE OR LESS
LOWEST:     26 ON  9                               3 = THUNDER
                        SNOW, ICE PELLETS, HAIL    4 = ICE PELLETS
                        TOTAL MONTH:    M          5 = HAIL
                        GRTST 24HR    M  ON   M    6 = FREEZING RAIN OR DRIZZLE
                        GRTST DEPTH:  M  ON   M    7 = DUSTSTORM OR SANDSTORM:
                                                       VSBY 1/2 MILE OR LESS
                                                   8 = SMOKE OR HAZE
[NO. OF DAYS WITH]      [WEATHER - DAYS WITH]      9 = BLOWING SNOW
                                                   X = TORNADO
MAX 32 OR BELOW:   0    0.01 INCH OR MORE:  11
MAX 90 OR ABOVE:   0    0.10 INCH OR MORE:   6
MIN 32 OR BELOW:   4    0.50 INCH OR MORE:   2
MIN  0 OR BELOW:   0    1.00 INCH OR MORE:   0

[HDD (BASE 65) ]
TOTAL THIS MO.   333    CLEAR  (SCALE 0-3)  11
DPTR FM NORMAL   -87    PTCLDY (SCALE 4-7)   6
TOTAL FM JUL 1  5370    CLOUDY (SCALE 8-10)  7
DPTR FM NORMAL  -495

[CDD (BASE 65) ]
TOTAL THIS MO.     4
DPTR FM NORMAL     4    [PRESSURE DATA]
TOTAL FM JAN 1     4    HIGHEST SLP M ON M
DPTR FM NORMAL     4    LOWEST  SLP 29.14 ON  6

[REMARKS]
