000
CXUS56 KPDT 281832
CF6PSC
PRELIMINARY LOCAL CLIMATOLOGICAL DATA (WS FORM: F-6)

                                          STATION:   PASCO WA
                                          MONTH:     JUNE
                                          YEAR:      2017
                                          LATITUDE:   46 16 N
                                          LONGITUDE: 119  7 W

  TEMPERATURE IN F:       :PCPN:    SNOW:  WIND      :SUNSHINE: SKY     :PK WND
================================================================================
1   2   3   4   5  6A  6B    7    8   9   10  11  12  13   14  15   16   17  18
                                     12Z  AVG MX 2MIN
DY MAX MIN AVG DEP HDD CDD  WTR  SNW DPTH SPD SPD DIR MIN PSBL S-S WX    SPD DR
================================================================================

 1  79  55  67   2   0   2 0.01  0.0    0  7.6 24 290   M    M   3        29 300
 2  84  54  69   4   0   4 0.00  0.0    0  5.7 14 360   M    M   0        17 280
 3  89  51  70   5   0   5 0.02  0.0    0  6.2 23 210   M    M   2 3      28 210
 4  73  51  62  -4   3   0 0.01  0.0    0  8.9 18 210   M    M   1        21 180
 5  80  42  61  -5   4   0 0.00  0.0    0  4.9 12 320   M    M   0        14 340
 6  89  50  70   4   0   5 0.00  0.0    0  6.7 13 330   M    M   0        16 340
 7  92  57  75   9   0  10 0.00  0.0    0  5.0 17 210   M    M   0        21 210
 8  76  56  66   0   0   1    T  0.0    0 12.4 30 240   M    M   2        39 250
 9  75  50  63  -3   2   0    T  0.0    0 13.1 29 200   M    M   1        40 200
10  74  46  60  -7   5   0 0.00  0.0    0 11.9 23 200   M    M   0        30 210
11  77  39  58  -9   7   0 0.00  0.0    0  4.2 15 330   M    M   0        25 330
12  82  53  68   1   0   3 0.00  0.0    0 11.4 29 210   M    M   1        37 210
13  78  53  66  -1   0   1 0.00  0.0    0 15.3 29 210   M    M   0        36 230
14  75  51  63  -4   2   0 0.00  0.0    0  7.9 17 240   M    M   2        20 220
15  73  58  66  -1   0   1 0.16  0.0    0  5.2 17 190   M    M   9 1      23 200
16  73  55  64  -4   1   0 0.00  0.0    0 12.6 26 230   M    M   6        35 240
17  80  45  63  -5   2   0    T    M    0  5.5 15 230   M    M   3        20 230
18  89  61  75   7   0  10 0.00  0.0    0  6.7 16 250   M    M   6        22 250
19  95  57  76   8   0  11 0.00  0.0    0  7.0 14 330   M    M   0        19 320
20  92  61  77   9   0  12 0.00  0.0    0  9.1 24 310   M    M   0        30 320
21  87  52  70   2   0   5 0.00  0.0    0  7.7 20 320   M    M   0        26 330
22  84  50  67  -2   0   2 0.00  0.0    0  5.8 18 330   M    M   0        30 300
23  89  45  67  -2   0   2 0.00  0.0    0  4.0 12 320   M    M   0 8      17 310
24  94  49  72   3   0   7 0.00  0.0    0  4.2 10 340   M    M   0        13 360
25 102  51  77   8   0  12 0.00  0.0    0  4.0  8 210   M    M   0        11  20
26 103  65  84  14   0  19 0.30  0.0    0  7.7 36 190   M    M   1 38     47 170
27  87  64  76   6   0  11 0.00  0.0    0  7.6 14 330   M    M   0        18 190
================================================================================
SM 2271 1421        26 123  0.50     0.0 208.3          M       37
================================================================================
AV 84.1 52.6                               7.7 FASTST   M    M   1    MAX(MPH)
                                 MISC ---->  # 36 190               # 47  170
================================================================================
NOTES:
# LAST OF SEVERAL OCCURRENCES

COLUMN 17 PEAK WIND IN M.P.H.

PRELIMINARY LOCAL CLIMATOLOGICAL DATA (WS FORM: F-6) , PAGE 2

                                          STATION:  PASCO WA
                                          MONTH:    JUNE
                                          YEAR:     2017
                                          LATITUDE:   46 16 N
                                          LONGITUDE: 119  7 W

[TEMPERATURE DATA]      [PRECIPITATION DATA]       SYMBOLS USED IN COLUMN 16

AVERAGE MONTHLY: 68.4   TOTAL FOR MONTH:   0.50    1 = FOG OR MIST
DPTR FM NORMAL:   1.1   DPTR FM NORMAL:   -0.15    2 = FOG REDUCING VISIBILITY
HIGHEST:   103 ON 26    GRTST 24HR  0.30 ON 26-26      TO 1/4 MILE OR LESS
LOWEST:     39 ON 11                               3 = THUNDER
                        SNOW, ICE PELLETS, HAIL    4 = ICE PELLETS
                        TOTAL MONTH:   0.0 INCH    5 = HAIL
                        GRTST 24HR     0.0         6 = FREEZING RAIN OR DRIZZLE
                        GRTST DEPTH:   0           7 = DUSTSTORM OR SANDSTORM:
                                                       VSBY 1/2 MILE OR LESS
                                                   8 = SMOKE OR HAZE
[NO. OF DAYS WITH]      [WEATHER - DAYS WITH]      9 = BLOWING SNOW
                                                   X = TORNADO
MAX 32 OR BELOW:   0    0.01 INCH OR MORE:   5
MAX 90 OR ABOVE:   6    0.10 INCH OR MORE:   2
MIN 32 OR BELOW:   0    0.50 INCH OR MORE:   0
MIN  0 OR BELOW:   0    1.00 INCH OR MORE:   0

[HDD (BASE 65) ]
TOTAL THIS MO.    26    CLEAR  (SCALE 0-3)  23
DPTR FM NORMAL    -9    PTCLDY (SCALE 4-7)   3
TOTAL FM JUL 1  5408    CLOUDY (SCALE 8-10)  1
DPTR FM NORMAL   383

[CDD (BASE 65) ]
TOTAL THIS MO.   123
DPTR FM NORMAL    32    [PRESSURE DATA]
TOTAL FM JAN 1   172    HIGHEST SLP M ON M
DPTR FM NORMAL    48    LOWEST  SLP 29.54 ON  8

[REMARKS]
