000
CXUS54 KFWD 220730
CF6PSN
PRELIMINARY LOCAL CLIMATOLOGICAL DATA (WS FORM: F-6)

                                          STATION:   PALESTINE
                                          MONTH:     SEPTEMBER
                                          YEAR:      2014
                                          LATITUDE:   31 46 N
                                          LONGITUDE:  95 42 W

  TEMPERATURE IN F:       :PCPN:    SNOW:  WIND      :SUNSHINE: SKY     :PK WND
================================================================================
1   2   3   4   5  6A  6B    7    8   9   10  11  12  13   14  15   16   17  18
                                     12Z  AVG MX 2MIN
DY MAX MIN AVG DEP HDD CDD  WTR  SNW DPTH SPD SPD DIR MIN PSBL S-S WX    SPD DR
================================================================================

 1  95  75  85   5   0  20 0.00  0.0    0  7.2 13 140   M    M   5        17 150
 2  93  76  85   5   0  20 0.58  0.0    0  5.6 10 170   M    M   3         M  M
 3  93  74  84   4   0  19 0.00  0.0    0  4.4 10 120   M    M   2 1       M  M
 4  94  74  84   5   0  19 0.00  0.0    0  3.9  8 140   M    M   3 1      16 150
 5  94  73  84   5   0  19 0.00  0.0    0  2.0  8 100   M    M   2         M  M
 6  95  72  84   5   0  19 0.43  0.0    0  1.8 12  30   M    M   1        18  30
 7  88  72  80   1   0  15 0.02  0.0    0  2.8  7 360   M    M   4 1       M  M
 8  91  71  81   3   0  16 0.00  0.0    0  1.6  5 120   M    M   1 1       M  M
 9  92  71  82   4   0  17 0.00  0.0    0  4.1  9 130   M    M   1 1       M  M
10  95  76  86   8   0  21 0.00  0.0    0  8.2 16 170   M    M   4        24 170
11  94  74  84   7   0  19 0.00  0.0    0  6.3 10  20   M    M   3        18 310
12  90  67  79   2   0  14 0.34  0.0    0  5.8 16 350   M    M   5 1      18 310
13  69  63  66 -11   0   1 0.00  0.0    0  8.3 12 360   M    M  10 1      18 360
14  81  62  72  -4   0   7 0.00  0.0    0  3.1  7  70   M    M   7 1       M  M
15  80  69  75  -1   0  10 0.00  0.0    0  1.5  5  40   M    M   0         M  M
16  91  75  83   7   0  18 0.00  0.0    0  3.0  7  40   M    M   1         M  M
17  89  72  81   5   0  16 0.00  0.0    0  2.1  5 180   M    M   4 12      M  M
18  85  71  78   3   0  13 0.34  0.0    0  2.0 12  90   M    M   6 1      16  90
19  87  71  79   4   0  14 0.00  0.0    0  3.6  9  80   M    M   7         M  M
20  89  70  80   5   0  15 0.00  0.0    0  3.6 13 110   M    M   1        17 110
21  92  65  79   5   0  14 0.00  0.0    0  0.8  5 100   M    M   1         M  M
================================================================================
SM 1877 1493         0 326  1.71     0.0  81.7          M       71
================================================================================
AV 89.4 71.1                               3.9 FASTST   M    M   3    MAX(MPH)
                                 MISC ---->    16   M                 24    M
================================================================================
NOTES:
# LAST OF SEVERAL OCCURRENCES

COLUMN 17 PEAK WIND IN M.P.H.

PRELIMINARY LOCAL CLIMATOLOGICAL DATA (WS FORM: F-6) , PAGE 2

                                          STATION:  PALESTINE
                                          MONTH:    SEPTEMBER
                                          YEAR:     2014
                                          LATITUDE:   31 46 N
                                          LONGITUDE:  95 42 W

[TEMPERATURE DATA]      [PRECIPITATION DATA]       SYMBOLS USED IN COLUMN 16

AVERAGE MONTHLY: 80.2   TOTAL FOR MONTH:   1.71    1 = FOG OR MIST
DPTR FM NORMAL:   2.9   DPTR FM NORMAL:   -0.50    2 = FOG REDUCING VISIBILITY
HIGHEST:    95 ON 10, 6 GRTST 24HR  0.58 ON  2- 2      TO 1/4 MILE OR LESS
LOWEST:     62 ON 14                               3 = THUNDER
                        SNOW, ICE PELLETS, HAIL    4 = ICE PELLETS
                        TOTAL MONTH:   0.0 INCH    5 = HAIL
                        GRTST 24HR     0.0         6 = FREEZING RAIN OR DRIZZLE
                        GRTST DEPTH:   0           7 = DUSTSTORM OR SANDSTORM:
                                                       VSBY 1/2 MILE OR LESS
                                                   8 = SMOKE OR HAZE
[NO. OF DAYS WITH]      [WEATHER - DAYS WITH]      9 = BLOWING SNOW
                                                   X = TORNADO
MAX 32 OR BELOW:   0    0.01 INCH OR MORE:   5
MAX 90 OR ABOVE:  13    0.10 INCH OR MORE:   4
MIN 32 OR BELOW:   0    0.50 INCH OR MORE:   1
MIN  0 OR BELOW:   0    1.00 INCH OR MORE:   0

[HDD (BASE 65) ]
TOTAL THIS MO.     0    CLEAR  (SCALE 0-3)  11
DPTR FM NORMAL     0    PTCLDY (SCALE 4-7)   9
TOTAL FM JUL 1     0    CLOUDY (SCALE 8-10)  1
DPTR FM NORMAL     0

[CDD (BASE 65) ]
TOTAL THIS MO.   326
DPTR FM NORMAL    64    [PRESSURE DATA]
TOTAL FM JAN 1  1702    HIGHEST SLP M ON M
DPTR FM NORMAL  -394    LOWEST  SLP M ON M

[REMARKS]
