000
CXUS54 KFWD 250730
CF6PSN
PRELIMINARY LOCAL CLIMATOLOGICAL DATA (WS FORM: F-6)

                                          STATION:   PALESTINE
                                          MONTH:     JANUARY
                                          YEAR:      2015
                                          LATITUDE:   31 46 N
                                          LONGITUDE:  95 42 W

  TEMPERATURE IN F:       :PCPN:    SNOW:  WIND      :SUNSHINE: SKY     :PK WND
================================================================================
1   2   3   4   5  6A  6B    7    8   9   10  11  12  13   14  15   16   17  18
                                     12Z  AVG MX 2MIN
DY MAX MIN AVG DEP HDD CDD  WTR  SNW DPTH SPD SPD DIR MIN PSBL S-S WX    SPD DR
================================================================================

 1  40  37  39  -7  26   0 0.43    M    0  4.0  7 350   M    M  10         M  M
 2  44  40  42  -4  23   0 0.34    M    0  4.1  9 350   M    M  10 1       M  M
 3  53  39  46   0  19   0 0.68    M    0  4.5 10 280   M    M   7 1       M  M
 4  42  29  36 -10  29   0 0.00  0.0    0  6.5 15 350   M    M   1 1      24 350
 5  51  23  37  -9  28   0 0.00  0.0    0  2.5  8  30   M    M   0         M  M
 6  61  31  46   0  19   0 0.00  0.0    0  2.3  7 200   M    M   0         M  M
 7  51  26  39  -7  26   0 0.00  0.0    0 10.0 20 340   M    M   0        29 340
 8  40  19  30 -16  35   0 0.00  0.0    0  5.4 10 350   M    M   1         M  M
 9  37  32  35 -11  30   0 0.07    T    0  2.6  8 350   M    M   8 46      M  M
10  40  34  37  -9  28   0 0.01  0.0    0  4.2  8  90   M    M  10         M  M
11  43  34  39  -7  26   0 0.52  0.0    M  2.7 10  50   M    M  10 1       M  M
12  44  40  42  -4  23   0 0.00  0.0    0  7.9 12 350   M    M  10 1      18 360
13  42  37  40  -6  25   0 0.00  0.0    0  6.8 14 360   M    M  10 1      17 350
14  44  35  40  -6  25   0 0.00  0.0    0  3.9  9  30   M    M  10         M  M
15  54  32  43  -3  22   0 0.00  0.0    0  3.7 13 350   M    M   3        18 350
16  61  29  45  -1  20   0 0.00  0.0    0  2.3 10 170   M    M   0 1       M  M
17  68  40  54   8  11   0 0.00  0.0    0  7.4 17 200   M    M   0        22 200
18  69  31  50   4  15   0 0.00  0.0    0  1.8  6 230   M    M   0         M  M
19  70  37  54   8  11   0 0.00  0.0    0  5.2 10 190   M    M   0        16 180
20  71  51  61  15   4   0 0.00  0.0    0  4.4  7  40   M    M   5 1       M  M
21  60  49  55   9  10   0 0.02  0.0    0  8.1 13  80   M    M   7        21  80
22  52  40  46   0  19   0 1.80  0.0    0 12.8 20  40   M    M  10        31  40
23  50  32  41  -5  24   0 0.00  0.0    0  7.0 13  10   M    M   6 1      21 350
24  58  27  43  -3  22   0 0.00  0.0    0  1.9  7 260   M    M   0         M  M
================================================================================
SM 1245  824       520   0  3.87    T    122.0          M      118
================================================================================
AV 51.9 34.3                               5.1 FASTST   M    M   5    MAX(MPH)
                                 MISC ---->    20   M                 31    M
================================================================================
NOTES:
# LAST OF SEVERAL OCCURRENCES

COLUMN 17 PEAK WIND IN M.P.H.

PRELIMINARY LOCAL CLIMATOLOGICAL DATA (WS FORM: F-6) , PAGE 2

                                          STATION:  PALESTINE
                                          MONTH:    JANUARY
                                          YEAR:     2015
                                          LATITUDE:   31 46 N
                                          LONGITUDE:  95 42 W

[TEMPERATURE DATA]      [PRECIPITATION DATA]       SYMBOLS USED IN COLUMN 16

AVERAGE MONTHLY: 43.1   TOTAL FOR MONTH:   3.87    1 = FOG OR MIST
DPTR FM NORMAL:  -2.9   DPTR FM NORMAL:    1.10    2 = FOG REDUCING VISIBILITY
HIGHEST:    71 ON 20    GRTST 24HR  1.80 ON 22-22      TO 1/4 MILE OR LESS
LOWEST:     19 ON  8                               3 = THUNDER
                        SNOW, ICE PELLETS, HAIL    4 = ICE PELLETS
                        TOTAL MONTH:    T          5 = HAIL
                        GRTST 24HR    T  ON  9- 9  6 = FREEZING RAIN OR DRIZZLE
                        GRTST DEPTH:   0           7 = DUSTSTORM OR SANDSTORM:
                                                       VSBY 1/2 MILE OR LESS
                                                   8 = SMOKE OR HAZE
[NO. OF DAYS WITH]      [WEATHER - DAYS WITH]      9 = BLOWING SNOW
                                                   X = TORNADO
MAX 32 OR BELOW:   0    0.01 INCH OR MORE:   8
MAX 90 OR ABOVE:   0    0.10 INCH OR MORE:   5
MIN 32 OR BELOW:  11    0.50 INCH OR MORE:   3
MIN  0 OR BELOW:   0    1.00 INCH OR MORE:   1

[HDD (BASE 65) ]
TOTAL THIS MO.   520    CLEAR  (SCALE 0-3)  10
DPTR FM NORMAL    56    PTCLDY (SCALE 4-7)   5
TOTAL FM JUL 1  1281    CLOUDY (SCALE 8-10)  9
DPTR FM NORMAL  -119

[CDD (BASE 65) ]
TOTAL THIS MO.     0
DPTR FM NORMAL     0    [PRESSURE DATA]
TOTAL FM JAN 1     0    HIGHEST SLP M ON M
DPTR FM NORMAL     0    LOWEST  SLP M ON M

[REMARKS]
