000
CXUS54 KFWD 010730
CF6PWG
PRELIMINARY LOCAL CLIMATOLOGICAL DATA (WS FORM: F-6)

                                          STATION:   WACO MCGREGOR
                                          MONTH:     FEBRUARY
                                          YEAR:      2017
                                          LATITUDE:   31 28 N
                                          LONGITUDE:  97 19 W

  TEMPERATURE IN F:       :PCPN:    SNOW:  WIND      :SUNSHINE: SKY     :PK WND
================================================================================
1   2   3   4   5  6A  6B    7    8   9   10  11  12  13   14  15   16   17  18
                                     12Z  AVG MX 2MIN
DY MAX MIN AVG DEP HDD CDD  WTR  SNW DPTH SPD SPD DIR MIN PSBL S-S WX    SPD DR
================================================================================

 1  81  52  67  20   0   2 0.00  0.0    0 11.9 18 180   M    M   0        24 180
 2  54  38  46  -1  19   0 0.00  0.0    0 11.7 20 350   M    M   2        25 340
 3  51  38  45  -2  20   0 0.00  0.0    0  9.2 13  30   M    M  10         M  M
 4  53  46  50   2  15   0    T  0.0    0  8.3 13 120   M    M  10 1       M  M
 5  76  51  64  16   1   0 0.00  0.0    0  9.4 20 160   M    M   8 1      30 190
 6  77  65  71  23   0   6 0.00  0.0    0 14.5 22 180   M    M   8 1      28 180
 7  82  56  69  21   0   4 0.00  0.0    0  9.8 17 180   M    M   1        24 180
 8  77  46  62  14   3   0 0.00  0.0    0 11.1 21 340   M    M   0        30 350
 9  64  37  51   3  14   0 0.00  0.0    0  8.3 15  20   M    M   0         M  M
10  76  44  60  12   5   0 0.00  0.0    0 13.1 22 180   M    M   3        30 190
11  85  65  75  26   0  10 0.00  0.0    0 12.9 20 200   M    M   4        28 210
12  73  63  68  19   0   3 0.00  0.0    0 11.7 17  20   M    M   5 1      22 190
13  75  56  66  17   0   1    T  0.0    0 11.3 17 150   M    M   8        21 130
14  67  43  55   6  10   0 1.94  0.0    0 15.7 22 320   M    M  10 13     30 300
15  59  39  49   0  16   0 0.00  0.0    0  8.9 12 350   M    M   2         M  M
16  66  31  49  -1  16   0 0.00  0.0    0  5.6 10 180   M    M   0         M  M
17  72  45  59   9   6   0 0.00  0.0    0 12.2 18 160   M    M   2        27 190
18  83  58  71  21   0   6 0.00  0.0    0 10.8 16 170   M    M   2 1      24 170
19  79  64  72  22   0   7 0.02  0.0    0 13.5 20 140   M    M   6 18     30 150
20  69  54  62  12   3   0 0.99  0.0    0  9.7 21 150   M    M   6 13     30 150
21  74  49  62  11   3   0 0.00  0.0    0  9.1 17 340   M    M   0        23 340
22  82  41  62  11   3   0 0.00  0.0    0  5.3 12 170   M    M   0         M  M
23  85  53  69  18   0   4 0.00  0.0    0 13.1 22 160   M    M   0        32 170
24  66  44  55   4  10   0 0.00  0.0    0 10.9 20 340   M    M   0        30 340
25  55  36  46  -6  19   0 0.00  0.0    0  7.3 13  30   M    M   0        20  10
26  66  34  50  -2  15   0 0.00  0.0    0  5.3 16 170   M    M   6        18 170
27  80  62  71  19   0   6 0.00  0.0    0  9.2 16 190   M    M   6 1      24 190
28  81  68  75  23   0  10 0.00  0.0    0 13.7 23 190   M    M   5 18     31 190
================================================================================
SM 2008 1378       178  59  2.95     0.0 293.5          M      104
================================================================================
AV 71.7 49.2                              10.5 FASTST   M    M   4    MAX(MPH)
                                 MISC ---->  # 23 190                 32    M
================================================================================
NOTES:
# LAST OF SEVERAL OCCURRENCES

COLUMN 17 PEAK WIND IN M.P.H.

PRELIMINARY LOCAL CLIMATOLOGICAL DATA (WS FORM: F-6) , PAGE 2

                                          STATION:  WACO MCGREGOR
                                          MONTH:    FEBRUARY
                                          YEAR:     2017
                                          LATITUDE:   31 28 N
                                          LONGITUDE:  97 19 W

[TEMPERATURE DATA]      [PRECIPITATION DATA]       SYMBOLS USED IN COLUMN 16

AVERAGE MONTHLY: 60.5   TOTAL FOR MONTH:   2.95    1 = FOG OR MIST
DPTR FM NORMAL:  11.1   DPTR FM NORMAL:    0.28    2 = FOG REDUCING VISIBILITY
HIGHEST:    85 ON 23,11 GRTST 24HR  1.94 ON 14-14      TO 1/4 MILE OR LESS
LOWEST:     31 ON 16                               3 = THUNDER
                        SNOW, ICE PELLETS, HAIL    4 = ICE PELLETS
                        TOTAL MONTH:   0.0 INCH    5 = HAIL
                        GRTST 24HR     0.0         6 = FREEZING RAIN OR DRIZZLE
                        GRTST DEPTH:   0           7 = DUSTSTORM OR SANDSTORM:
                                                       VSBY 1/2 MILE OR LESS
                                                   8 = SMOKE OR HAZE
[NO. OF DAYS WITH]      [WEATHER - DAYS WITH]      9 = BLOWING SNOW
                                                   X = TORNADO
MAX 32 OR BELOW:   0    0.01 INCH OR MORE:   3
MAX 90 OR ABOVE:   0    0.10 INCH OR MORE:   2
MIN 32 OR BELOW:   1    0.50 INCH OR MORE:   2
MIN  0 OR BELOW:   0    1.00 INCH OR MORE:   1

[HDD (BASE 65) ]
TOTAL THIS MO.   178    CLEAR  (SCALE 0-3)  14
DPTR FM NORMAL  -263    PTCLDY (SCALE 4-7)  10
TOTAL FM JUL 1  1163    CLOUDY (SCALE 8-10)  4
DPTR FM NORMAL  -786

[CDD (BASE 65) ]
TOTAL THIS MO.    59
DPTR FM NORMAL    55    [PRESSURE DATA]
TOTAL FM JAN 1    76    HIGHEST SLP M ON M
DPTR FM NORMAL    70    LOWEST  SLP M ON M

[REMARKS]
#FINAL-02-17#
