000
CXUS54 KFWD 230730
CF6RBD
PRELIMINARY LOCAL CLIMATOLOGICAL DATA (WS FORM: F-6)

                                          STATION:   DALLAS EXECUTIVE
                                          MONTH:     JULY
                                          YEAR:      2017
                                          LATITUDE:   32 40 N
                                          LONGITUDE:  96 52 W

  TEMPERATURE IN F:       :PCPN:    SNOW:  WIND      :SUNSHINE: SKY     :PK WND
================================================================================
1   2   3   4   5  6A  6B    7    8   9   10  11  12  13   14  15   16   17  18
                                     12Z  AVG MX 2MIN
DY MAX MIN AVG DEP HDD CDD  WTR  SNW DPTH SPD SPD DIR MIN PSBL S-S WX    SPD DR
================================================================================

 1  83  70  77  -5   0  12 0.30  0.0    0  5.4 17 340   M    M   5 13     22  10
 2  93  72  83   0   0  18 0.00  0.0    0  6.8 17 160   M    M   3 1      24 160
 3  93  77  85   2   0  20 0.00  0.0    0  8.9 15 150   M    M   1        27 170
 4  93  68  81  -2   0  16 0.90  0.0    0  8.5 33 340   M    M   1 13     42 320
 5  92  71  82  -1   0  17 0.10  0.0    0  7.1 17  10   M    M   2 13     22  10
 6  95  71  83   0   0  18 0.12  0.0    0  3.1 12 340   M    M   1 13     16 140
 7  93  77  85   2   0  20 0.00  0.0    0  3.0 12 180   M    M   1 3      17 170
 8  96  76  86   3   0  21 0.00  0.0    0  5.7 25  70   M    M   1 3      31  70
 9  93  73  83  -1   0  18 0.00  0.0    0  7.0 17 140   M    M   1 3      26 140
10  93  71  82  -2   0  17 0.00  0.0    0  7.2 14 160   M    M   1        20 160
11  96  77  87   3   0  22 0.00  0.0    0  7.8 15 150   M    M   1        23 140
12  95  77  86   2   0  21 0.00  0.0    0  7.7 15 140   M    M   0        20 160
13  96  77  87   3   0  22 0.00  0.0    0  6.0 13 130   M    M   0        18 160
14  98  78  88   4   0  23    T  0.0    0  5.1 13 140   M    M   1        16 150
15  95  77  86   2   0  21 0.03  0.0    0  5.0 17  40   M    M   1 1      21  40
16  97  75  86   2   0  21 0.00  0.0    0  5.5 20 100   M    M   1 3      27 110
17  95  75  85   1   0  20 0.00  0.0    0  6.0 15  90   M    M   1 18     21 110
18  97  77  87   3   0  22 0.00  0.0    0  5.7 14 120   M    M   1        20  80
19  98  79  89   5   0  24 0.00  0.0    0  5.7 13 140   M    M   0        19 140
20 100  79  90   5   0  25 0.00  0.0    0  6.4 14 140   M    M   0        19 140
21 100  79  90   5   0  25 0.00  0.0    0  7.8 16 140   M    M   0        22 120
22 100  78  89   4   0  24 0.00  0.0    0  7.1 14 140   M    M   0        19 140
================================================================================
SM 2091 1654         0 447  1.45     0.0 138.5          M       23
================================================================================
AV 95.1 75.2                               6.3 FASTST   M    M   1    MAX(MPH)
                                 MISC ---->  # 33 340               # 42  320
================================================================================
NOTES:
# LAST OF SEVERAL OCCURRENCES

COLUMN 17 PEAK WIND IN M.P.H.

PRELIMINARY LOCAL CLIMATOLOGICAL DATA (WS FORM: F-6) , PAGE 2

                                          STATION:  DALLAS EXECUTIVE
                                          MONTH:    JULY
                                          YEAR:     2017
                                          LATITUDE:   32 40 N
                                          LONGITUDE:  96 52 W

[TEMPERATURE DATA]      [PRECIPITATION DATA]       SYMBOLS USED IN COLUMN 16

AVERAGE MONTHLY: 85.1   TOTAL FOR MONTH:   1.45    1 = FOG OR MIST
DPTR FM NORMAL:   1.4   DPTR FM NORMAL:   -0.60    2 = FOG REDUCING VISIBILITY
HIGHEST:   100 ON 22,21 GRTST 24HR  0.90 ON  4- 4      TO 1/4 MILE OR LESS
LOWEST:     68 ON  4                               3 = THUNDER
                        SNOW, ICE PELLETS, HAIL    4 = ICE PELLETS
                        TOTAL MONTH:   0.0 INCH    5 = HAIL
                        GRTST 24HR     0.0         6 = FREEZING RAIN OR DRIZZLE
                        GRTST DEPTH:   0           7 = DUSTSTORM OR SANDSTORM:
                                                       VSBY 1/2 MILE OR LESS
                                                   8 = SMOKE OR HAZE
[NO. OF DAYS WITH]      [WEATHER - DAYS WITH]      9 = BLOWING SNOW
                                                   X = TORNADO
MAX 32 OR BELOW:   0    0.01 INCH OR MORE:   5
MAX 90 OR ABOVE:  21    0.10 INCH OR MORE:   4
MIN 32 OR BELOW:   0    0.50 INCH OR MORE:   1
MIN  0 OR BELOW:   0    1.00 INCH OR MORE:   0

[HDD (BASE 65) ]
TOTAL THIS MO.     0    CLEAR  (SCALE 0-3)  21
DPTR FM NORMAL     0    PTCLDY (SCALE 4-7)   1
TOTAL FM JUL 1     0    CLOUDY (SCALE 8-10)  0
DPTR FM NORMAL     0

[CDD (BASE 65) ]
TOTAL THIS MO.   447
DPTR FM NORMAL    35    [PRESSURE DATA]
TOTAL FM JAN 1  1474    HIGHEST SLP M ON M
DPTR FM NORMAL   225    LOWEST  SLP 29.78 ON 22

[REMARKS]
