000
CXUS56 KSTO 261355
CF6RBL
PRELIMINARY LOCAL CLIMATOLOGICAL DATA (WS FORM: F-6)

                                          STATION:   RED BLUFF AIRPORT CA
                                          MONTH:     SEPTEMBER
                                          YEAR:      2016
                                          LATITUDE:   40  9 N
                                          LONGITUDE: 122 15 W

  TEMPERATURE IN F:       :PCPN:    SNOW:  WIND      :SUNSHINE: SKY     :PK WND
================================================================================
1   2   3   4   5  6A  6B    7    8   9   10  11  12  13   14  15   16   17  18
                                     12Z  AVG MX 2MIN
DY MAX MIN AVG DEP HDD CDD  WTR  SNW DPTH SPD SPD DIR MIN PSBL S-S WX    SPD DR
================================================================================

 1  92  60  76  -1   0  11 0.00  0.0    0  4.3 14 180   M    M   0        17 180
 2  92  60  76  -1   0  11 0.00  0.0    0  4.8 13 350   M    M   0        18  40
 3  88  62  75  -2   0  10 0.00  0.0    0  6.7 17 160   M    M   0        21 180
 4  87  57  72  -5   0   7 0.00  0.0    0  4.5 12 170   M    M   0        16  90
 5  93  56  75  -1   0  10 0.00  0.0    0  8.0 23 360   M    M   0        28 350
 6  96  58  77   1   0  12 0.00  0.0    0  7.0 16  10   M    M   0 8      23  10
 7  99  66  83   7   0  18 0.00  0.0    0  8.2 21 360   M    M   0        27 350
 8  98  63  81   5   0  16 0.00  0.0    0  5.6 12 160   M    M   0        16 150
 9 105  65  85   9   0  20 0.00  0.0    0  7.0 18 350   M    M   0        23 360
10  97  63  80   4   0  15 0.00  0.0    0  5.4 14 160   M    M   0        17 150
11  90  62  76   0   0  11 0.00  0.0    0  7.8 17 170   M    M   0        22 160
12  83  57  70  -5   0   5 0.00  0.0    0  6.6 18 160   M    M   0        20 160
13  75  52  64 -11   1   0 0.00  0.0    0  8.1 17 150   M    M   0        22 150
14  83  52  68  -7   0   3 0.00  0.0    0  4.0 10 170   M    M   0        13 360
15  91  57  74  -1   0   9 0.00  0.0    0  5.8 10 150   M    M   0        28 330
16 100  58  79   5   0  14 0.00  0.0    0  6.2 15 360   M    M   0        17 360
17  97  59  78   4   0  13 0.00  0.0    0  5.2 12 170   M    M   0        14 170
18  98  65  82   8   0  17 0.00  0.0    0  5.1 13 170   M    M   0        20 140
19  96  64  80   6   0  15 0.00  0.0    0  6.8 17 160   M    M   0        21 160
20  90  65  78   4   0  13 0.00  0.0    0  9.3 18 140   M    M   0        24 170
21  81  60  71  -2   0   6 0.00  0.0    0  9.0 24 300   M    M   1        36 310
22  79  53  66  -7   0   1 0.00  0.0    0  7.6 20 360   M    M   1        26  20
23  85  54  70  -3   0   5 0.00  0.0    0  6.8 12 300   M    M   3        16 360
24  96  61  79   6   0  14 0.00  0.0    0  9.8 20 350   M    M   0        27 360
25 105  69  87  15   0  22 0.00  0.0    0  9.2 20  10   M    M   0        26 360
================================================================================
SM 2296 1498         1 278  0.00     0.0 168.8          M        5
================================================================================
AV 91.8 59.9                               6.8 FASTST   M    M   0    MAX(MPH)
                                 MISC ---->  # 24 300               # 36  310
================================================================================
NOTES:
# LAST OF SEVERAL OCCURRENCES

COLUMN 17 PEAK WIND IN M.P.H.

PRELIMINARY LOCAL CLIMATOLOGICAL DATA (WS FORM: F-6) , PAGE 2

                                          STATION:  RED BLUFF AIRPORT CA
                                          MONTH:    SEPTEMBER
                                          YEAR:     2016
                                          LATITUDE:   40  9 N
                                          LONGITUDE: 122 15 W

[TEMPERATURE DATA]      [PRECIPITATION DATA]       SYMBOLS USED IN COLUMN 16

AVERAGE MONTHLY: 75.9   TOTAL FOR MONTH:   0.00    1 = FOG OR MIST
DPTR FM NORMAL:   0.9   DPTR FM NORMAL:   -0.37    2 = FOG REDUCING VISIBILITY
HIGHEST:   105 ON 25, 9 GRTST 24HR  0.00 ON 25-25      TO 1/4 MILE OR LESS
LOWEST:     52 ON 14,13                            3 = THUNDER
                        SNOW, ICE PELLETS, HAIL    4 = ICE PELLETS
                        TOTAL MONTH:   0.0 INCH    5 = HAIL
                        GRTST 24HR     0.0         6 = FREEZING RAIN OR DRIZZLE
                        GRTST DEPTH:   0           7 = DUSTSTORM OR SANDSTORM:
                                                       VSBY 1/2 MILE OR LESS
                                                   8 = SMOKE OR HAZE
[NO. OF DAYS WITH]      [WEATHER - DAYS WITH]      9 = BLOWING SNOW
                                                   X = TORNADO
MAX 32 OR BELOW:   0    0.01 INCH OR MORE:   0
MAX 90 OR ABOVE:  17    0.10 INCH OR MORE:   0
MIN 32 OR BELOW:   0    0.50 INCH OR MORE:   0
MIN  0 OR BELOW:   0    1.00 INCH OR MORE:   0

[HDD (BASE 65) ]
TOTAL THIS MO.     1    CLEAR  (SCALE 0-3)  25
DPTR FM NORMAL     1    PTCLDY (SCALE 4-7)   0
TOTAL FM JUL 1     1    CLOUDY (SCALE 8-10)  0
DPTR FM NORMAL     1

[CDD (BASE 65) ]
TOTAL THIS MO.   278
DPTR FM NORMAL    24    [PRESSURE DATA]
TOTAL FM JAN 1  1990    HIGHEST SLP M ON M
DPTR FM NORMAL   278    LOWEST  SLP 29.63 ON  3

[REMARKS]
