000
CXUS56 KSTO 191355
CF6RDD
PRELIMINARY LOCAL CLIMATOLOGICAL DATA (WS FORM: F-6)

                                          STATION:   REDDING AIRPORT CA
                                          MONTH:     JANUARY
                                          YEAR:      2017
                                          LATITUDE:   40 30 N
                                          LONGITUDE: 122 18 W

  TEMPERATURE IN F:       :PCPN:    SNOW:  WIND      :SUNSHINE: SKY     :PK WND
================================================================================
1   2   3   4   5  6A  6B    7    8   9   10  11  12  13   14  15   16   17  18
                                     12Z  AVG MX 2MIN
DY MAX MIN AVG DEP HDD CDD  WTR  SNW DPTH SPD SPD DIR MIN PSBL S-S WX    SPD DR
================================================================================

 1  52  33  43  -2  22   0 0.00  0.0    0  6.5 22 190   M    M   7        27 190
 2  45  37  41  -4  24   0 0.08  0.0    0  8.5 20 180   M    M   8 1      23 170
 3  44  39  42  -3  23   0 1.75  0.0    0  4.7 14 350   M    M  10 1      17 350
 4  51  36  44  -1  21   0 0.22  0.0    0  6.5 23 200   M    M   5 1      30 220
 5  46  33  40  -5  25   0 0.00  0.0    0 13.1 28  20   M    M   0        33  10
 6  49  29  39  -6  26   0    T    M    0  5.0 13 360   M    M   3        16  10
 7  41  33  37  -8  28   0 0.98  3.0    0  2.0 12 350   M    M  10 1      14 360
 8  59  40  50   5  15   0 1.96  0.0    0 13.8 36 170   M    M  10 1      46 170
 9  57  44  51   6  14   0    T    M    0 12.6 26 180   M    M   7        35 180
10  54  47  51   6  14   0 2.00    M    0 19.7 45 170   M    M  10 1      57 170
11  55  41  48   3  17   0 0.06    M    0  5.6 16 180   M    M   7 1      19 180
12  53  41  47   2  18   0 0.03    M    0  8.9 20  10   M    M   8        29  10
13  58  43  51   6  14   0 0.00  0.0    0 12.2 24  10   M    M   0        29  10
14  59  38  49   3  16   0 0.00  0.0    0  7.2 16  20   M    M   0        20 360
15  63  30  47   1  18   0 0.00  0.0    0  2.9 15  20   M    M   2 12     23  20
16  68  30  49   3  16   0 0.00  0.0    0  3.9 15  30   M    M   1 12     19  30
17  49  37  43  -3  22   0 0.03    M    0  2.3  7 110   M    M   7 18      9 360
18  47  43  45  -1  20   0 1.37  0.0    0 15.7 40 180   M    M  10 1      53 180
================================================================================
SM  950  674       353   0  8.48     3.0 151.1          M      105
================================================================================
AV 52.8 37.4                               8.4 FASTST   M    M   6    MAX(MPH)
                                 MISC ---->  # 45 170               # 57  170
================================================================================
NOTES:
# LAST OF SEVERAL OCCURRENCES

COLUMN 17 PEAK WIND IN M.P.H.

PRELIMINARY LOCAL CLIMATOLOGICAL DATA (WS FORM: F-6) , PAGE 2

                                          STATION:  REDDING AIRPORT CA
                                          MONTH:    JANUARY
                                          YEAR:     2017
                                          LATITUDE:   40 30 N
                                          LONGITUDE: 122 18 W

[TEMPERATURE DATA]      [PRECIPITATION DATA]       SYMBOLS USED IN COLUMN 16

AVERAGE MONTHLY: 45.1   TOTAL FOR MONTH:   8.48    1 = FOG OR MIST
DPTR FM NORMAL:  -0.2   DPTR FM NORMAL:    4.91    2 = FOG REDUCING VISIBILITY
HIGHEST:    68 ON 16    GRTST 24HR  2.00 ON 10-10      TO 1/4 MILE OR LESS
LOWEST:     29 ON  6                               3 = THUNDER
                        SNOW, ICE PELLETS, HAIL    4 = ICE PELLETS
                        TOTAL MONTH:   3.0 INCHES  5 = HAIL
                        GRTST 24HR   3.0 ON  7- 7  6 = FREEZING RAIN OR DRIZZLE
                        GRTST DEPTH:   0           7 = DUSTSTORM OR SANDSTORM:
                                                       VSBY 1/2 MILE OR LESS
                                                   8 = SMOKE OR HAZE
[NO. OF DAYS WITH]      [WEATHER - DAYS WITH]      9 = BLOWING SNOW
                                                   X = TORNADO
MAX 32 OR BELOW:   0    0.01 INCH OR MORE:  10
MAX 90 OR ABOVE:   0    0.10 INCH OR MORE:   6
MIN 32 OR BELOW:   3    0.50 INCH OR MORE:   5
MIN  0 OR BELOW:   0    1.00 INCH OR MORE:   4

[HDD (BASE 65) ]
TOTAL THIS MO.   353    CLEAR  (SCALE 0-3)   5
DPTR FM NORMAL    -3    PTCLDY (SCALE 4-7)   8
TOTAL FM JUL 1  1423    CLOUDY (SCALE 8-10)  5
DPTR FM NORMAL   -63

[CDD (BASE 65) ]
TOTAL THIS MO.     0
DPTR FM NORMAL     0    [PRESSURE DATA]
TOTAL FM JAN 1     0    HIGHEST SLP M ON M
DPTR FM NORMAL     0    LOWEST  SLP 29.45 ON 10

[REMARKS]
