000
CXUS56 KSTO 301355
CF6RDD
PRELIMINARY LOCAL CLIMATOLOGICAL DATA (WS FORM: F-6)

                                          STATION:   REDDING AIRPORT CA
                                          MONTH:     JUNE
                                          YEAR:      2015
                                          LATITUDE:   40 30 N
                                          LONGITUDE: 122 18 W

  TEMPERATURE IN F:       :PCPN:    SNOW:  WIND      :SUNSHINE: SKY     :PK WND
================================================================================
1   2   3   4   5  6A  6B    7    8   9   10  11  12  13   14  15   16   17  18
                                     12Z  AVG MX 2MIN
DY MAX MIN AVG DEP HDD CDD  WTR  SNW DPTH SPD SPD DIR MIN PSBL S-S WX    SPD DR
================================================================================

 1  81  58  70  -2   0   5 0.51  0.0    0  8.1 20 170   M    M   5 8      24 180
 2  86  64  75   3   0  10 0.00  0.0    0  4.7 12 320   M    M   3        17 330
 3  89  65  77   5   0  12 0.00  0.0    0  6.9 16 180   M    M   2        22 190
 4  88  65  77   4   0  12 0.02  0.0    0  8.8 29  50   M    M   3 3      35  40
 5  98  68  83  10   0  18 0.00  0.0    0  9.9 28  20   M    M   1 3      33  10
 6 102  68  85  12   0  20 0.00  0.0    0  7.3 28 170   M    M   0        33 170
 7 106  68  87  13   0  22 0.00  0.0    0  4.3 14  10   M    M   0        20  30
 8 107  71  89  15   0  24 0.00  0.0    0  4.2 14 160   M    M   0        20 100
 9 108  72  90  16   0  25 0.04  0.0    0  5.0 26  10   M    M   2 3      35 340
10  92  71  82   8   0  17 0.00  0.0    0  7.2 20 160   M    M   0 8      38  30
11 105  65  85  10   0  20 0.00  0.0    0  6.9 18  10   M    M   0        24  30
12 109  82  96  21   0  31 0.00  0.0    0  8.1 16  20   M    M   0        23  10
13 105  72  89  14   0  24 0.00  0.0    0  6.4 15 180   M    M   0        18 350
14  99  70  85   9   0  20 0.00  0.0    0  6.3 20 160   M    M   0        23 160
15  97  68  83   7   0  18 0.00  0.0    0  6.6 20 160   M    M   0        25 150
16 101  66  84   8   0  19 0.00  0.0    0  4.8 16 150   M    M   0         M  M
17 103  69  86  10   0  21 0.00  0.0    0  5.8 17 140   M    M   0        21 150
18  99  67  83   6   0  18 0.00  0.0    0  7.6 20 180   M    M   0        25 170
19  99  62  81   4   0  16 0.00  0.0    0  4.6 14 160   M    M   0        16 170
20  99  66  83   6   0  18 0.00  0.0    0  4.9 15 150   M    M   0        22 190
21  94  69  82   5   0  17 0.00  0.0    0  9.0 21 180   M    M   0        25 170
22  96  61  79   1   0  14 0.00  0.0    0  4.6 15 160   M    M   0        23 140
23 102  64  83   5   0  18 0.00  0.0    0  5.0 12 250   M    M   0        20 260
24 108  70  89  11   0  24 0.00  0.0    0  5.8 17 190   M    M   0        20 190
25 112  71  92  13   0  27 0.00  0.0    0  6.3 20 190   M    M   0        22 170
26 111  75  93  14   0  28 0.00  0.0    0  4.4 17 160   M    M   0        20 160
27 100  75  88   9   0  23 0.00  0.0    0  6.0 16 190   M    M   0        20 170
28 101  75  88   9   0  23 0.00  0.0    0  4.2 17 150   M    M   1        21 150
29 105  67  86   6   0  21 0.00  0.0    0  3.6 14 160   M    M   0        16 150
================================================================================
SM 2902 1984         0 565  0.57     0.0 177.3          M       17
================================================================================
AV100.1 68.4                               6.1 FASTST   M    M   1    MAX(MPH)
                                 MISC ---->  # 29  50               # 38   30
================================================================================
NOTES:
# LAST OF SEVERAL OCCURRENCES

COLUMN 17 PEAK WIND IN M.P.H.

PRELIMINARY LOCAL CLIMATOLOGICAL DATA (WS FORM: F-6) , PAGE 2

                                          STATION:  REDDING AIRPORT CA
                                          MONTH:    JUNE
                                          YEAR:     2015
                                          LATITUDE:   40 30 N
                                          LONGITUDE: 122 18 W

[TEMPERATURE DATA]      [PRECIPITATION DATA]       SYMBOLS USED IN COLUMN 16

AVERAGE MONTHLY: 84.2   TOTAL FOR MONTH:   0.57    1 = FOG OR MIST
DPTR FM NORMAL:   8.4   DPTR FM NORMAL:   -0.12    2 = FOG REDUCING VISIBILITY
HIGHEST:   112 ON 25    GRTST 24HR  0.51 ON  1- 1      TO 1/4 MILE OR LESS
LOWEST:     58 ON  1                               3 = THUNDER
                        SNOW, ICE PELLETS, HAIL    4 = ICE PELLETS
                        TOTAL MONTH:   0.0 INCH    5 = HAIL
                        GRTST 24HR     0.0         6 = FREEZING RAIN OR DRIZZLE
                        GRTST DEPTH:   0           7 = DUSTSTORM OR SANDSTORM:
                                                       VSBY 1/2 MILE OR LESS
                                                   8 = SMOKE OR HAZE
[NO. OF DAYS WITH]      [WEATHER - DAYS WITH]      9 = BLOWING SNOW
                                                   X = TORNADO
MAX 32 OR BELOW:   0    0.01 INCH OR MORE:   3
MAX 90 OR ABOVE:  25    0.10 INCH OR MORE:   1
MIN 32 OR BELOW:   0    0.50 INCH OR MORE:   1
MIN  0 OR BELOW:   0    1.00 INCH OR MORE:   0

[HDD (BASE 65) ]
TOTAL THIS MO.     0    CLEAR  (SCALE 0-3)  27
DPTR FM NORMAL    -6    PTCLDY (SCALE 4-7)   2
TOTAL FM JUL 1  1755    CLOUDY (SCALE 8-10)  0
DPTR FM NORMAL -1060

[CDD (BASE 65) ]
TOTAL THIS MO.   565
DPTR FM NORMAL   245    [PRESSURE DATA]
TOTAL FM JAN 1   855    HIGHEST SLP M ON M
DPTR FM NORMAL   367    LOWEST  SLP 29.55 ON 13

[REMARKS]
