000
CXUS51 KPHI 260800
CF6RDG
PRELIMINARY LOCAL CLIMATOLOGICAL DATA (WS FORM: F-6)

                                          STATION:   READING PA
                                          MONTH:     DECEMBER
                                          YEAR:      2014
                                          LATITUDE:   40 22 N
                                          LONGITUDE:  75 58 W

  TEMPERATURE IN F:       :PCPN:    SNOW:  WIND      :SUNSHINE: SKY     :PK WND
================================================================================
1   2   3   4   5  6A  6B    7    8   9   10  11  12  13   14  15   16   17  18
                                     12Z  AVG MX 2MIN
DY MAX MIN AVG DEP HDD CDD  WTR  SNW DPTH SPD SPD DIR MIN PSBL S-S WX    SPD DR
================================================================================

 1  63  36  50  12  15   0 0.13    M    M  4.2 20 340   M    M   7 1      25 340
 2  39  30  35  -3  30   0 0.01    M    M  5.9 14  20   M    M   8 16     18  40
 3  43  32  38   0  27   0 0.37    M    M  5.1 16 290   M    M   8 1      22 290
 4  42  29  36  -1  29   0 0.00    M    M  6.5 16 290   M    M   1        19 290
 5  36  27  32  -5  33   0 0.23    M    M  4.2  7 350   M    M   8 1       8 340
 6  44  35  40   3  25   0 0.40    M    M  4.4 23 360   M    M   9 1      34  10
 7  45  28  37   1  28   0 0.00    M    M  8.5 22 360   M    M   0        30 350
 8  30  22  26 -10  39   0 0.00    M    M  6.8 14  50   M    M   6        19  50
 9  44  29  37   1  28   0 0.38    M    M 10.7 18  20   M    M  10 16     25  20
10  41  32  37   2  28   0    T    M    M 17.0 30 320   M    M  10 18     37 320
11  35  30  33  -2  32   0 0.03    M    M 10.6 23 270   M    M  10 18     29 280
12  39  31  35   0  30   0    T    M    M  9.8 20 320   M    M   9        25 300
13  39  31  35   1  30   0 0.00    M    M 10.2 17 300   M    M   8        23 290
14  45  36  41   7  24   0 0.00    M    M 11.3 20 320   M    M  10        27 320
15  45  30  38   4  27   0 0.00    M    M  5.3 14 340   M    M   7 1      18 320
16  46  31  39   5  26   0 0.26    M    M  2.6 10 140   M    M   9 1      15 130
17  51  35  43  10  22   0 0.01    M    M 10.2 22 300   M    M   6 1      30 290
18  37  31  34   1  31   0 0.00    M    M 13.7 23 290   M    M   8        29 300
19  42  33  38   5  27   0 0.00    M    M 10.5 18 320   M    M   9        26 320
20  34  31  33   0  32   0 0.00    M    M  3.9 13 340   M    M  10        16 340
21  35  23  29  -3  36   0 0.00    M    M  3.5 10 330   M    M   6        17 320
22  41  20  31  -1  34   0 0.05    M    M  3.3 10  30   M    M   7 18     16  10
23  49  37  43  11  22   0 0.14    M    M  5.3 12  30   M    M  10 1      16  20
24  60  44  52  20  13   0 0.76    M    M  5.1 24 200   M    M  10 12     31 190
25  61  38  50  18  15   0 0.07    M    M 12.2 26 290   M    M   6        37 250
================================================================================
SM 1086  781       683   0  2.84    M    190.8          M      192
================================================================================
AV 43.4 31.2                               7.6 FASTST   M    M   8    MAX(MPH)
                                 MISC ---->  # 30 320               # 37  320
================================================================================
NOTES:
# LAST OF SEVERAL OCCURRENCES

COLUMN 17 PEAK WIND IN M.P.H.

PRELIMINARY LOCAL CLIMATOLOGICAL DATA (WS FORM: F-6) , PAGE 2

                                          STATION:  READING PA
                                          MONTH:    DECEMBER
                                          YEAR:     2014
                                          LATITUDE:   40 22 N
                                          LONGITUDE:  75 58 W

[TEMPERATURE DATA]      [PRECIPITATION DATA]       SYMBOLS USED IN COLUMN 16

AVERAGE MONTHLY: 37.3   TOTAL FOR MONTH:   2.84    1 = FOG OR MIST
DPTR FM NORMAL:   2.7   DPTR FM NORMAL:    0.10    2 = FOG REDUCING VISIBILITY
HIGHEST:    63 ON  1    GRTST 24HR  0.76 ON 24-24      TO 1/4 MILE OR LESS
LOWEST:     20 ON 22                               3 = THUNDER
                        SNOW, ICE PELLETS, HAIL    4 = ICE PELLETS
                        TOTAL MONTH:    M          5 = HAIL
                        GRTST 24HR    M  ON   M    6 = FREEZING RAIN OR DRIZZLE
                        GRTST DEPTH:  M  ON   M    7 = DUSTSTORM OR SANDSTORM:
                                                       VSBY 1/2 MILE OR LESS
                                                   8 = SMOKE OR HAZE
[NO. OF DAYS WITH]      [WEATHER - DAYS WITH]      9 = BLOWING SNOW
                                                   X = TORNADO
MAX 32 OR BELOW:   1    0.01 INCH OR MORE:  13
MAX 90 OR ABOVE:   0    0.10 INCH OR MORE:   8
MIN 32 OR BELOW:  17    0.50 INCH OR MORE:   1
MIN  0 OR BELOW:   0    1.00 INCH OR MORE:   0

[HDD (BASE 65) ]
TOTAL THIS MO.   683    CLEAR  (SCALE 0-3)   2
DPTR FM NORMAL   -76    PTCLDY (SCALE 4-7)  10
TOTAL FM JUL 1  1698    CLOUDY (SCALE 8-10) 13
DPTR FM NORMAL  -128

[CDD (BASE 65) ]
TOTAL THIS MO.     0
DPTR FM NORMAL     0    [PRESSURE DATA]
TOTAL FM JAN 1   962    HIGHEST SLP M ON M
DPTR FM NORMAL    66    LOWEST  SLP 29.55 ON 25

[REMARKS]
