000
CXUS56 KPDT 011832
CF6RDM
PRELIMINARY LOCAL CLIMATOLOGICAL DATA (WS FORM: F-6)

                                          STATION:   REDMOND OR
                                          MONTH:     SEPTEMBER
                                          YEAR:      2014
                                          LATITUDE:   44 16 N
                                          LONGITUDE: 121  9 W

  TEMPERATURE IN F:       :PCPN:    SNOW:  WIND      :SUNSHINE: SKY     :PK WND
================================================================================
1   2   3   4   5  6A  6B    7    8   9   10  11  12  13   14  15   16   17  18
                                     12Z  AVG MX 2MIN
DY MAX MIN AVG DEP HDD CDD  WTR  SNW DPTH SPD SPD DIR MIN PSBL S-S WX    SPD DR
================================================================================

 1  80  41  61   0   4   0 0.00  0.0    0  5.3 12 340   M    M   0        16 340
 2  83  39  61   0   4   0 0.00  0.0    0 10.3 28 290   M    M   0        36 310
 3  71  37  54  -7  11   0 0.00  0.0    0  7.6 15 350   M    M   0        20  10
 4  75  33  54  -7  11   0 0.00  0.0    0  6.7 20 330   M    M   0        25 330
 5  81  36  59  -1   6   0 0.00  0.0    0  6.3 20 350   M    M   0        25 340
 6  84  34  59  -1   6   0 0.00  0.0    0  7.0 20 330   M    M   0        24 320
 7  87  41  64   4   1   0 0.00  0.0    0  3.6 14  20   M    M   0 8      18 320
 8  87  40  64   4   1   0 0.00  0.0    0  7.2 21 310   M    M   0        26 300
 9  73  41  57  -2   8   0 0.00  0.0    0  6.6 20 300   M    M   0        25 340
10  75  34  55  -4  10   0 0.00  0.0    0  6.9 16 340   M    M   0        21 310
11  68  36  52  -7  13   0 0.00  0.0    0  8.9 18 330   M    M   0        23 330
12  77  26  52  -6  13   0 0.00  0.0    0  8.1 20 320   M    M   0        23 340
13  77  30  54  -4  11   0 0.00  0.0    0  5.8 16 330   M    M   0        22 320
14  82  31  57  -1   8   0 0.00  0.0    0  6.4 17 330   M    M   0        21 320
15  87  36  62   4   3   0 0.00  0.0    0  5.8 15 330   M    M   0        17 320
16  89  43  66   9   0   1 0.00  0.0    0  7.0 18 210   M    M   0 8      27 240
17  86  54  70  13   0   5 0.00  0.0    0  7.2 20 330   M    M   0 8      25 190
18  75  48  62   6   3   0 0.03  0.0    0  7.4 22 300   M    M   6        27 290
19  80  41  61   5   4   0 0.00  0.0    0  4.4 14  10   M    M   0        18 340
20  85  41  63   7   2   0 0.00  0.0    0  7.7 18 330   M    M   0        22 330
21  87  44  66  10   0   1 0.00  0.0    0  4.4 14 330   M    M   0        18 330
22  85  56  71  16   0   6    T  0.0    0  4.8 17 300   M    M   2        21 320
23  78  54  66  11   0   1 0.00  0.0    0  7.3 18 210   M    M   4        23 220
24  69  51  60   5   5   0 0.27  0.0    0  5.3 18 310   M    M  10 1      24 320
25  63  44  54   0  11   0 0.12  0.0    0  6.7 15 130   M    M   6        21 130
26  66  37  52  -2  13   0 0.00  0.0    0  4.6 12 320   M    M   1        15 320
27  66  42  54   0  11   0    T  0.0    0  9.5 22  30   M    M   5        27  30
28  70  47  59   6   6   0 0.00  0.0    0  7.3 17 340   M    M   2        22 340
29  73  37  55   2  10   0    T  0.0    0  8.7 23 290   M    M   3        32 290
30  64  43  54   1  11   0 0.00  0.0    0 11.3 23 280   M    M   5        31 310
================================================================================
SM 2323 1217       186  14  0.42     0.0 206.1          M       44
================================================================================
AV 77.4 40.6                               6.9 FASTST   M    M   1    MAX(MPH)
                                 MISC ---->  # 28 290               # 36  310
================================================================================
NOTES:
# LAST OF SEVERAL OCCURRENCES

COLUMN 17 PEAK WIND IN M.P.H.

PRELIMINARY LOCAL CLIMATOLOGICAL DATA (WS FORM: F-6) , PAGE 2

                                          STATION:  REDMOND OR
                                          MONTH:    SEPTEMBER
                                          YEAR:     2014
                                          LATITUDE:   44 16 N
                                          LONGITUDE: 121  9 W

[TEMPERATURE DATA]      [PRECIPITATION DATA]       SYMBOLS USED IN COLUMN 16

AVERAGE MONTHLY: 59.0   TOTAL FOR MONTH:   0.42    1 = FOG OR MIST
DPTR FM NORMAL:   1.8   DPTR FM NORMAL:    0.01    2 = FOG REDUCING VISIBILITY
HIGHEST:    89 ON 16    GRTST 24HR  0.35 ON 24-25      TO 1/4 MILE OR LESS
LOWEST:     26 ON 12                               3 = THUNDER
                        SNOW, ICE PELLETS, HAIL    4 = ICE PELLETS
                        TOTAL MONTH:   0.0 INCH    5 = HAIL
                        GRTST 24HR     0.0         6 = FREEZING RAIN OR DRIZZLE
                        GRTST DEPTH:   0           7 = DUSTSTORM OR SANDSTORM:
                                                       VSBY 1/2 MILE OR LESS
                                                   8 = SMOKE OR HAZE
[NO. OF DAYS WITH]      [WEATHER - DAYS WITH]      9 = BLOWING SNOW
                                                   X = TORNADO
MAX 32 OR BELOW:   0    0.01 INCH OR MORE:   3
MAX 90 OR ABOVE:   0    0.10 INCH OR MORE:   2
MIN 32 OR BELOW:   3    0.50 INCH OR MORE:   0
MIN  0 OR BELOW:   0    1.00 INCH OR MORE:   0

[HDD (BASE 65) ]
TOTAL THIS MO.   186    CLEAR  (SCALE 0-3)  24
DPTR FM NORMAL   -64    PTCLDY (SCALE 4-7)   5
TOTAL FM JUL 1   260    CLOUDY (SCALE 8-10)  1
DPTR FM NORMAL  -139

[CDD (BASE 65) ]
TOTAL THIS MO.    14
DPTR FM NORMAL    -2    [PRESSURE DATA]
TOTAL FM JAN 1   311    HIGHEST SLP 30.32 ON 11
DPTR FM NORMAL    89    LOWEST  SLP 29.62 ON 17

[REMARKS]
#FINAL-09-14#
