491
CXUS56 KPDT 290532
CF6RDM
PRELIMINARY LOCAL CLIMATOLOGICAL DATA (WS FORM: F-6)

                                          STATION:   REDMOND OR
                                          MONTH:     APRIL
                                          YEAR:      2016
                                          LATITUDE:   44 16 N
                                          LONGITUDE: 121  9 W

  TEMPERATURE IN F:       :PCPN:    SNOW:  WIND      :SUNSHINE: SKY     :PK WND
================================================================================
1   2   3   4   5  6A  6B    7    8   9   10  11  12  13   14  15   16   17  18
                                     12Z  AVG MX 2MIN
DY MAX MIN AVG DEP HDD CDD  WTR  SNW DPTH SPD SPD DIR MIN PSBL S-S WX    SPD DR
================================================================================

 1  75  27  51   9  14   0 0.00  0.0    0  4.3 12  40   M    M   0 18     17  10
 2  74  33  54  12  11   0 0.00  0.0    0  5.8 20 300   M    M   0        24 290
 3  74  28  51   9  14   0 0.00  0.0    0  6.6 18 240   M    M   2        27 240
 4  56  35  46   3  19   0    T  0.0    0 11.7 26 280   M    M   3 8      35 290
 5  62  28  45   2  20   0 0.00  0.0    0  3.6 13 340   M    M   1        14 350
 6  81  29  55  12  10   0 0.00  0.0    0  4.4 12 360   M    M   0 18     15  50
 7  77  33  55  12  10   0 0.00  0.0    0  7.8 22 330   M    M   0 8      28 330
 8  80  32  56  13   9   0 0.00  0.0    0  6.0 17 350   M    M   0 18     20 340
 9  80  40  60  17   5   0 0.00  0.0    0  5.5 18 350   M    M   0        25 330
10  72  33  53  10  12   0 0.00  0.0    0  5.5 15  10   M    M   0        19 360
11  76  30  53  10  12   0 0.07  0.0    0  4.9 18 310   M    M   2 18     23 300
12  61  42  52   8  13   0    T  0.0    0  7.0 24 290   M    M   5        30 300
13  58  32  45   1  20   0    T  0.0    0  8.2 21 210   M    M   6 8      27 230
14  52  37  45   1  20   0 0.12  0.0    0 13.6 26 280   M    M   6 18     35 220
15  59  30  45   1  20   0 0.00  0.0    0  4.6 12 340   M    M   1        14 290
16  71  26  49   5  16   0 0.00  0.0    0  5.3 16  30   M    M   0        19 350
17  77  30  54  10  11   0 0.00  0.0    0  7.5 20 350   M    M   0        24 350
18  82  34  58  14   7   0 0.00  0.0    0  5.7 15 350   M    M   0        20  10
19  83  33  58  13   7   0 0.00  0.0    0  4.8 14 340   M    M   0        19 350
20  81  36  59  14   6   0 0.05  0.0    0  5.4 25 260   M    M   2 3      31 250
21  72  34  53   8  12   0 0.00  0.0    0  7.6 17 240   M    M   0 8      23 210
22  59  43  51   6  14   0 0.02    M    0  6.3 23 230   M    M   5 8      30 220
23  63  30  47   1  18   0    T    M    0  9.1 29 300   M    M   3        35 290
24  53  37  45  -1  20   0    T  0.0    0  9.2 24 290   M    M   8        31 280
25  55  28  42  -4  23   0 0.00  0.0    0  9.2 22 360   M    M   0        29  20
26  61  24  43  -3  22   0 0.00  0.0    0  6.5 22 290   M    M   2        28 310
27  60  37  49   3  16   0 0.01  0.0    0  5.0 22 330   M    M   8        27 330
================================================================================
SM 1854  881       381   0  0.27     0.0 181.1          M       54
================================================================================
AV 68.7 32.6                               6.7 FASTST   M    M   2    MAX(MPH)
                                 MISC ---->  # 29 300               # 35  290
================================================================================
NOTES:
# LAST OF SEVERAL OCCURRENCES

COLUMN 17 PEAK WIND IN M.P.H.

PRELIMINARY LOCAL CLIMATOLOGICAL DATA (WS FORM: F-6) , PAGE 2

                                          STATION:  REDMOND OR
                                          MONTH:    APRIL
                                          YEAR:     2016
                                          LATITUDE:   44 16 N
                                          LONGITUDE: 121  9 W

[TEMPERATURE DATA]      [PRECIPITATION DATA]       SYMBOLS USED IN COLUMN 16

AVERAGE MONTHLY: 50.6   TOTAL FOR MONTH:   0.27    1 = FOG OR MIST
DPTR FM NORMAL:   6.6   DPTR FM NORMAL:   -0.38    2 = FOG REDUCING VISIBILITY
HIGHEST:    83 ON 19    GRTST 24HR  0.12 ON 14-14      TO 1/4 MILE OR LESS
LOWEST:     24 ON 26                               3 = THUNDER
                        SNOW, ICE PELLETS, HAIL    4 = ICE PELLETS
                        TOTAL MONTH:   0.0 INCH    5 = HAIL
                        GRTST 24HR     0.0         6 = FREEZING RAIN OR DRIZZLE
                        GRTST DEPTH:   0           7 = DUSTSTORM OR SANDSTORM:
                                                       VSBY 1/2 MILE OR LESS
                                                   8 = SMOKE OR HAZE
[NO. OF DAYS WITH]      [WEATHER - DAYS WITH]      9 = BLOWING SNOW
                                                   X = TORNADO
MAX 32 OR BELOW:   0    0.01 INCH OR MORE:   5
MAX 90 OR ABOVE:   0    0.10 INCH OR MORE:   1
MIN 32 OR BELOW:  13    0.50 INCH OR MORE:   0
MIN  0 OR BELOW:   0    1.00 INCH OR MORE:   0

[HDD (BASE 65) ]
TOTAL THIS MO.   381    CLEAR  (SCALE 0-3)  20
DPTR FM NORMAL  -185    PTCLDY (SCALE 4-7)   6
TOTAL FM JUL 1  5242    CLOUDY (SCALE 8-10)  1
DPTR FM NORMAL  -775

[CDD (BASE 65) ]
TOTAL THIS MO.     0
DPTR FM NORMAL     0    [PRESSURE DATA]
TOTAL FM JAN 1     0    HIGHEST SLP 30.30 ON 15
DPTR FM NORMAL     0    LOWEST  SLP 29.54 ON 22

[REMARKS]
