791
CXUS52 KRAH 011345
CF6RDU
PRELIMINARY LOCAL CLIMATOLOGICAL DATA (WS FORM: F-6)

                                          STATION:   RALEIGH-DURHAM INTL AIRPORT NC
                                          MONTH:     APRIL
                                          YEAR:      2016
                                          LATITUDE:   35 52 N
                                          LONGITUDE:  78 47 W

  TEMPERATURE IN F:       :PCPN:    SNOW:  WIND      :SUNSHINE: SKY     :PK WND
================================================================================
1   2   3   4   5  6A  6B    7    8   9   10  11  12  13   14  15   16   17  18
                                     12Z  AVG MX 2MIN
DY MAX MIN AVG DEP HDD CDD  WTR  SNW DPTH SPD SPD DIR MIN PSBL S-S WX    SPD DR
================================================================================

 1  78  67  73  17   0   8 0.01  0.0    0 14.3 29 240   M    M  10        39 250
 2  71  56  64   7   1   0 0.25  0.0    0 10.3 21 250   M    M   6 1      30 300
 3  62  44  53  -4  12   0 0.00  0.0    0  7.5 17 290   M    M   0        32 250
 4  76  46  61   4   4   0 0.00  0.0    0 12.0 25 230   M    M   1        32 240
 5  62  37  50  -7  15   0 0.00  0.0    0  8.9 21  40   M    M   4        32 330
 6  63  29  46 -12  19   0 0.00  0.0    0  7.0 20 230   M    M   5        25 230
 7  69  53  61   3   4   0 0.09  0.0    0 14.2 32 230   M    M   7 3      39 230
 8  63  41  52  -6  13   0    T  0.0    0  4.8 16 250   M    M   4        22 250
 9  52  38  45 -14  20   0 0.00  0.0    0 10.3 25 280   M    M   4        43 290
10  60  29  45 -14  20   0 0.00  0.0    0  5.1 12 190   M    M   4        18 110
11  76  47  62   3   3   0 0.00  0.0    0 11.7 24 220   M    M   8        31 230
12  64  55  60   1   5   0 0.85  0.0    0  8.5 18 210   M    M   9 1      28 210
13  64  45  55  -5  10   0 0.00  0.0    0  9.1 20  50   M    M   5        23  50
14  66  38  52  -8  13   0 0.00  0.0    0  8.1 16  40   M    M   3        21  80
15  67  40  54  -6  11   0 0.00  0.0    0  9.7 22  70   M    M   8        29  60
16  70  35  53  -7  12   0 0.00  0.0    0  4.6 16  40   M    M   6        21  80
17  72  37  55  -6  10   0 0.00  0.0    0  4.2 15  40   M    M   0        20  40
18  84  42  63   2   2   0 0.00  0.0    0  2.6  9 230   M    M   1        14 230
19  88  53  71  10   0   6 0.00  0.0    0  3.8 14 290   M    M   7        21 310
20  75  57  66   5   0   1 0.00  0.0    0  9.4 20  80   M    M   5        26  80
21  81  53  67   5   0   2 0.00  0.0    0  8.9 20 160   M    M   7        28 240
22  72  62  67   5   0   2 1.02  0.0    0  7.4 18 230   M    M   9 13     25 200
23  77  61  69   7   0   4    T  0.0    0  4.8 20  50   M    M   7 1      24  50
24  74  50  62   0   3   0 0.00  0.0    0  4.3 13  40   M    M   1        18  50
25  81  53  67   4   0   2 0.00  0.0    0 10.7 20 230   M    M   4        24 220
26  84  59  72   9   0   7 0.00  0.0    0 11.5 21 240   M    M   3        28 240
27  87  64  76  13   0  11 0.52  0.0    0  7.8 17 230   M    M   6 13     22 230
28  85  64  75  12   0  10 0.24  0.0    0  5.5 24 210   M    M   7 13     33 210
29  78  60  69   5   0   4    T  0.0    0  5.8 13  30   M    M   7 1      21 120
30  65  58  62  -2   3   0 0.00  0.0    0  8.1 13  80   M    M  10 1      16  90
================================================================================
SM 2166 1473       180  57  2.98     0.0 240.9          M      158
================================================================================
AV 72.2 49.1                               8.0 FASTST   M    M   5    MAX(MPH)
                                 MISC ---->  # 32 230               # 43  290
================================================================================
NOTES:
# LAST OF SEVERAL OCCURRENCES

COLUMN 17 PEAK WIND IN M.P.H.

PRELIMINARY LOCAL CLIMATOLOGICAL DATA (WS FORM: F-6) , PAGE 2

                                          STATION:  RALEIGH-DURHAM INTL AIRPORT NC
                                          MONTH:    APRIL
                                          YEAR:     2016
                                          LATITUDE:   35 52 N
                                          LONGITUDE:  78 47 W

[TEMPERATURE DATA]      [PRECIPITATION DATA]       SYMBOLS USED IN COLUMN 16

AVERAGE MONTHLY: 60.6   TOTAL FOR MONTH:   2.98    1 = FOG OR MIST
DPTR FM NORMAL:   0.4   DPTR FM NORMAL:    0.06    2 = FOG REDUCING VISIBILITY
HIGHEST:    88 ON 19    GRTST 24HR  1.02 ON 21-22      TO 1/4 MILE OR LESS
LOWEST:     29 ON 10, 6                            3 = THUNDER
                        SNOW, ICE PELLETS, HAIL    4 = ICE PELLETS
                        TOTAL MONTH:   0.0 INCH    5 = HAIL
                        GRTST 24HR     0.0         6 = FREEZING RAIN OR DRIZZLE
                        GRTST DEPTH:   0           7 = DUSTSTORM OR SANDSTORM:
                                                       VSBY 1/2 MILE OR LESS
                                                   8 = SMOKE OR HAZE
[NO. OF DAYS WITH]      [WEATHER - DAYS WITH]      9 = BLOWING SNOW
                                                   X = TORNADO
MAX 32 OR BELOW:   0    0.01 INCH OR MORE:   7
MAX 90 OR ABOVE:   0    0.10 INCH OR MORE:   5
MIN 32 OR BELOW:   2    0.50 INCH OR MORE:   3
MIN  0 OR BELOW:   0    1.00 INCH OR MORE:   1

[HDD (BASE 65) ]
TOTAL THIS MO.   180    CLEAR  (SCALE 0-3)   7
DPTR FM NORMAL   -13    PTCLDY (SCALE 4-7)  19
TOTAL FM JUL 1  2557    CLOUDY (SCALE 8-10)  4
DPTR FM NORMAL  -632

[CDD (BASE 65) ]
TOTAL THIS MO.    57
DPTR FM NORMAL     8    [PRESSURE DATA]
TOTAL FM JAN 1    95    HIGHEST SLP M ON M
DPTR FM NORMAL    34    LOWEST  SLP 29.52 ON  2

[REMARKS]
#FINAL-04-16#
