000
CXUS53 KMPX 271000
CF6RGK
PRELIMINARY LOCAL CLIMATOLOGICAL DATA (WS FORM: F-6)

                                          STATION:   RED_WING MN
                                          MONTH:     MAY
                                          YEAR:      2016
                                          LATITUDE:   44 34 N
                                          LONGITUDE:  92 29 W

  TEMPERATURE IN F:       :PCPN:    SNOW:  WIND      :SUNSHINE: SKY     :PK WND
================================================================================
1   2   3   4   5  6A  6B    7    8   9   10  11  12  13   14  15   16   17  18
                                     12Z  AVG MX 2MIN
DY MAX MIN AVG DEP HDD CDD  WTR  SNW DPTH SPD SPD DIR MIN PSBL S-S WX    SPD DR
================================================================================

 1  64  45  55   M  10   0 0.00    M    M  5.8 13  70   M    M   4        23  70
 2  68  37  53   M  12   0 0.00    M    M  2.2  8 280   M    M   1         M  M
 3  73  37  55   M  10   0 0.03    M    M  7.3 23 270   M    M   2        29 270
 4  66  39  53   M  12   0 0.00    M    M  7.5 14 340   M    M   0        25 350
 5  75  34  55   M  10   0 0.00    M    M  1.8 10 280   M    M   2         M  M
 6  91  52  72   M   0   7 0.00    M    M  9.0 20 270   M    M   0        27 270
 7  72  43  58   M   7   0 0.00    M    M  8.6 14 360   M    M   0 8      23  10
 8  73  37  55   M  10   0 0.00    M    M  3.5  8 170   M    M   0        18  80
 9  68  46  57   M   8   0 0.18    M    M 10.6 21 130   M    M   6        27 130
10  57  48  53   M  12   0 0.40    M    M  9.9 14 120   M    M  10 1      20 120
11  57  48  53   M  12   0 0.17    M    M  3.4  7 130   M    M  10 1       M  M
12  61  48  55   M  10   0 0.00    M    M  8.5 17 270   M    M   7 1      22 290
13  48  39  44   M  21   0 0.19    M    M  7.3 15 320   M    M   7        24 320
14  52  34  43   M  22   0 0.00    M    M  9.5 16 300   M    M   5        22 300
15  64  28  46   M  19   0 0.00    M    M  4.7 12 280   M    M   2        21 320
16  66  45  56   M   9   0 0.00    M    M  5.5  9  80   M    M   2         M  M
17  64  41  53   M  12   0 0.00    M    M  4.9 12  70   M    M   2 8      17  20
18  70  36  53   M  12   0 0.00    M    M  2.6  8 140   M    M   0         M  M
19  73  39  56   M   9   0 0.00    M    M  5.2 13 190   M    M   3        20 190
20  75  46  61   M   4   0 0.00    M    M  4.5 12 130   M    M   2        16 130
21  81  43  62   M   3   0 0.00    M    M  2.2  8 220   M    M   0         M  M
22  86  46  66   M   0   1 0.00    M    M  4.5 14 180   M    M   0        22 180
23  84  64  74   M   0   9 0.04    M    M  8.0 17 190   M    M   5 3      32 190
24  84  59  72   M   0   7 0.16    M    M  3.0  9 250   M    M   4         M  M
25  73  57  65   M   0   0 1.03    M    M  3.4 10 140   M    M   3 3       M  M
26  82  61  72   M   0   7 0.10    M    M  5.5 16 300   M    M   1 13     27 300
================================================================================
SM 1827 1152       224  31  2.30    M    148.9          M       78
================================================================================
AV 70.3 44.3                               5.7 FASTST   M    M   3    MAX(MPH)
                                 MISC ---->  # 23 270                 32    M
================================================================================
NOTES:
# LAST OF SEVERAL OCCURRENCES

COLUMN 17 PEAK WIND IN M.P.H.

PRELIMINARY LOCAL CLIMATOLOGICAL DATA (WS FORM: F-6) , PAGE 2

                                          STATION:  RED_WING MN
                                          MONTH:    MAY
                                          YEAR:     2016
                                          LATITUDE:   44 34 N
                                          LONGITUDE:  92 29 W

[TEMPERATURE DATA]      [PRECIPITATION DATA]       SYMBOLS USED IN COLUMN 16

AVERAGE MONTHLY: 57.3   TOTAL FOR MONTH:   2.30    1 = FOG OR MIST
DPTR FM NORMAL:     M   DPTR FM NORMAL:       M    2 = FOG REDUCING VISIBILITY
HIGHEST:    91 ON  6    GRTST 24HR  1.03 ON 25-25      TO 1/4 MILE OR LESS
LOWEST:     28 ON 15                               3 = THUNDER
                        SNOW, ICE PELLETS, HAIL    4 = ICE PELLETS
                        TOTAL MONTH:    M          5 = HAIL
                        GRTST 24HR    M  ON   M    6 = FREEZING RAIN OR DRIZZLE
                        GRTST DEPTH:  M  ON   M    7 = DUSTSTORM OR SANDSTORM:
                                                       VSBY 1/2 MILE OR LESS
                                                   8 = SMOKE OR HAZE
[NO. OF DAYS WITH]      [WEATHER - DAYS WITH]      9 = BLOWING SNOW
                                                   X = TORNADO
MAX 32 OR BELOW:   0    0.01 INCH OR MORE:   9
MAX 90 OR ABOVE:   1    0.10 INCH OR MORE:   7
MIN 32 OR BELOW:   1    0.50 INCH OR MORE:   1
MIN  0 OR BELOW:   0    1.00 INCH OR MORE:   1

[HDD (BASE 65) ]
TOTAL THIS MO.   224    CLEAR  (SCALE 0-3)  17
DPTR FM NORMAL     M    PTCLDY (SCALE 4-7)   7
TOTAL FM JUL 1  6327    CLOUDY (SCALE 8-10)  2
DPTR FM NORMAL     M

[CDD (BASE 65) ]
TOTAL THIS MO.    31
DPTR FM NORMAL     M    [PRESSURE DATA]
TOTAL FM JAN 1    43    HIGHEST SLP M ON M
DPTR FM NORMAL     M    LOWEST  SLP M ON M

[REMARKS]
