000
CXUS51 KBUF 301205
CF6ROC
PRELIMINARY LOCAL CLIMATOLOGICAL DATA (WS FORM: F-6)

                                          STATION:   ROCHESTER NY
                                          MONTH:     OCTOBER
                                          YEAR:      2014
                                          LATITUDE:   43  7 N
                                          LONGITUDE:  77 40 W

  TEMPERATURE IN F:       :PCPN:    SNOW:  WIND      :SUNSHINE: SKY     :PK WND
================================================================================
1   2   3   4   5  6A  6B    7    8   9   10  11  12  13   14  15   16   17  18
                                     12Z  AVG MX 2MIN
DY MAX MIN AVG DEP HDD CDD  WTR  SNW DPTH SPD SPD DIR MIN PSBL S-S WX    SPD DR
================================================================================

 1  69  55  62   6   3   0    T  0.0    0  5.3 13  40   M    M   8 128    16  10
 2  75  52  64   9   1   0 0.00  0.0    0  4.4 10 180   M    M   6 12     14 140
 3  73  57  65  10   0   0 0.03  0.0    0 13.2 31 180   M    M   6        43 170
 4  67  40  54  -1  11   0 0.19  0.0    0 12.0 28 270   M    M   9 1      36 280
 5  53  38  46  -8  19   0    T  0.0    0 10.1 22 230   M    M   7        28 220
 6  69  43  56   2   9   0 0.10  0.0    0  9.9 22 190   M    M   8        32 190
 7  68  56  62   8   3   0 0.15  0.0    0  9.3 30 230   M    M   9 1      37 230
 8  62  48  55   2  10   0 0.10  0.0    0 13.8 37 260   M    M   7 18     48 250
 9  62  39  51  -2  14   0 0.00  0.0    0 10.6 25 260   M    M   3        34 270
10  59  39  49  -3  16   0 0.00  0.0    0  6.3 16 320   M    M   7        22  30
11  57  37  47  -5  18   0 0.00  0.0    0  4.5 14 330   M    M   6        19 360
12  60  33  47  -5  18   0 0.00  0.0    0  5.3 13  50   M    M   1        16 130
13  73  41  57   6   8   0 0.05  0.0    0  6.7 16 180   M    M   8 1      21 180
14  82  61  72  21   0   7 0.01  0.0    0 14.4 30 190   M    M   7        39 190
15  74  60  67  16   0   2 0.14  0.0    0  6.9 22 260   M    M   9 1      29 150
16  69  53  61  11   4   0    T  0.0    0  8.2 21 250   M    M   7 12     26 250
17  66  52  59   9   6   0 0.07  0.0    0  9.2 20 210   M    M   8 1      29 190
18  62  42  52   2  13   0 0.07  0.0    0 12.4 23 240   M    M  10 1      29 240
19  47  35  41  -8  24   0 0.01  0.0    0  9.2 21 290   M    M   8        24 300
20  54  36  45  -4  20   0 0.24  0.0    0  6.7 16 200   M    M  10 1      22 200
21  55  47  51   2  14   0 0.53  0.0    0  9.7 23  40   M    M  10 18     31  30
22  51  47  49   1  16   0 0.00  0.0    0 13.7 20  20   M    M  10        25  10
23  60  47  54   6  11   0 0.00  0.0    0 12.0 21 320   M    M   7        28 340
24  60  43  52   4  13   0 0.00  0.0    0  9.3 17 260   M    M   6        23 260
25  66  44  55   7  10   0 0.10  0.0    0 11.3 33 250   M    M   7 135    44 250
26  52  43  48   1  17   0    T  0.0    0 13.2 23 280   M    M   8        32 270
27  60  35  48   1  17   0    T  0.0    0  5.5 14 130   M    M   5        20 130
28  80  51  66  19   0   1 0.04  0.0    0 13.9 26 230   M    M   8 1      37 220
29  57  46  52   6  13   0    T  0.0    0  9.4 18 220   M    M   9        24 270
================================================================================
SM 1842 1320       308  10  1.83     0.0 276.4          M      214
================================================================================
AV 63.5 45.5                               9.5 FASTST   M    M   7    MAX(MPH)
                                 MISC ---->  # 37 260               # 48  250
================================================================================
NOTES:
# LAST OF SEVERAL OCCURRENCES

COLUMN 17 PEAK WIND IN M.P.H.

PRELIMINARY LOCAL CLIMATOLOGICAL DATA (WS FORM: F-6) , PAGE 2

                                          STATION:  ROCHESTER NY
                                          MONTH:    OCTOBER
                                          YEAR:     2014
                                          LATITUDE:   43  7 N
                                          LONGITUDE:  77 40 W

[TEMPERATURE DATA]      [PRECIPITATION DATA]       SYMBOLS USED IN COLUMN 16

AVERAGE MONTHLY: 54.5   TOTAL FOR MONTH:   1.83    1 = FOG OR MIST
DPTR FM NORMAL:   3.7   DPTR FM NORMAL:   -0.72    2 = FOG REDUCING VISIBILITY
HIGHEST:    82 ON 14    GRTST 24HR  0.70 ON 20-21      TO 1/4 MILE OR LESS
LOWEST:     33 ON 12                               3 = THUNDER
                        SNOW, ICE PELLETS, HAIL    4 = ICE PELLETS
                        TOTAL MONTH:   0.0 INCH    5 = HAIL
                        GRTST 24HR     0.0         6 = FREEZING RAIN OR DRIZZLE
                        GRTST DEPTH:   0           7 = DUSTSTORM OR SANDSTORM:
                                                       VSBY 1/2 MILE OR LESS
                                                   8 = SMOKE OR HAZE
[NO. OF DAYS WITH]      [WEATHER - DAYS WITH]      9 = BLOWING SNOW
                                                   X = TORNADO
MAX 32 OR BELOW:   0    0.01 INCH OR MORE:  15
MAX 90 OR ABOVE:   0    0.10 INCH OR MORE:   8
MIN 32 OR BELOW:   0    0.50 INCH OR MORE:   1
MIN  0 OR BELOW:   0    1.00 INCH OR MORE:   0

[HDD (BASE 65) ]
TOTAL THIS MO.   308    CLEAR  (SCALE 0-3)   1
DPTR FM NORMAL  -106    PTCLDY (SCALE 4-7)  16
TOTAL FM JUL 1   457    CLOUDY (SCALE 8-10) 12
DPTR FM NORMAL  -138

[CDD (BASE 65) ]
TOTAL THIS MO.    10
DPTR FM NORMAL    10    [PRESSURE DATA]
TOTAL FM JAN 1   542    HIGHEST SLP M ON M
DPTR FM NORMAL     8    LOWEST  SLP 29.50 ON M

[REMARKS]
