000
CXUS51 KBUF 271205
CF6ROC
PRELIMINARY LOCAL CLIMATOLOGICAL DATA (WS FORM: F-6)

                                          STATION:   ROCHESTER NY
                                          MONTH:     MARCH
                                          YEAR:      2015
                                          LATITUDE:   43  7 N
                                          LONGITUDE:  77 40 W

  TEMPERATURE IN F:       :PCPN:    SNOW:  WIND      :SUNSHINE: SKY     :PK WND
================================================================================
1   2   3   4   5  6A  6B    7    8   9   10  11  12  13   14  15   16   17  18
                                     12Z  AVG MX 2MIN
DY MAX MIN AVG DEP HDD CDD  WTR  SNW DPTH SPD SPD DIR MIN PSBL S-S WX    SPD DR
================================================================================

 1  29   0  15 -14  50   0 0.12  1.2   14  3.6 14 260   M    M   9 1      17 280
 2  29  18  24  -6  41   0    T  0.1   14 14.3 28 270   M    M   8 189    36 280
 3  40   6  23  -7  42   0 0.26  2.5   14 10.7 28 260   M    M   8 12468  39 270
 4  38  24  31   1  34   0 0.06  1.7   14 13.0 24 260   M    M  10 19     33 260
 5  24   6  15 -15  50   0 0.03  1.0   16 12.2 24 330   M    M  10 89     32 340
 6  23   0  12 -19  53   0    T    T   15  8.1 17 230   M    M   5        22 230
 7  30   7  19 -12  46   0 0.07  0.8   15  9.2 22 260   M    M  10 1      31 260
 8  38  27  33   2  32   0    T  0.1   15 11.2 26 270   M    M   7 18     36 270
 9  43  27  35   3  30   0    T  0.1   14 10.3 17 240   M    M   4        21 260
10  49  26  38   6  27   0 0.00  0.0   13  7.2 13 220   M    M   8        16 220
11  45  37  41   9  24   0 0.00  0.0   11 14.9 22 250   M    M   5 18     29 260
12  37  25  31  -2  34   0 0.00  0.0    9  7.7 18 330   M    M   2        24 330
13  50  23  37   4  28   0 0.00  0.0    8  6.5 14 130   M    M   7        17 140
14  46  37  42   9  23   0 0.12  0.0    5  8.3 23 270   M    M  10 1      29 270
15  38  29  34   0  31   0    T    T    2 14.5 25 300   M    M   8        36 290
16  53  28  41   7  24   0    T  0.0    1  8.0 25 270   M    M   9        30 270
17  43  27  35   1  30   0 0.01    T    1 15.3 32 330   M    M   8 1      46 320
18  35  24  30  -5  35   0 0.01  0.7    1 12.9 29 300   M    M   7 18     43 280
19  37  17  27  -8  38   0 0.00  0.0    1  5.9 14  40   M    M   3        16  40
20  43  27  35  -1  30   0 0.04  0.1    1  7.8 16 190   M    M   9 1      22 220
21  43  29  36   0  29   0 0.11    T    T 13.0 28 260   M    M   9 18     36 260
22  29  19  24 -12  41   0 0.06  1.9    2 12.6 24 310   M    M   7 1      31 290
23  26  17  22 -15  43   0    T  0.1    T  7.4 20  10   M    M   4        24 360
24  37  14  26 -11  39   0 0.00  0.0    T  2.9 12  40   M    M   3        14  30
25  49  22  36  -2  29   0 0.07  0.0    T 10.3 25 190   M    M   7        33 200
26  45  33  39   1  26   0 0.31  0.6    T  5.0 14 270   M    M  10 18     18 280
================================================================================
SM  999  549       909   0  1.27    10.9 252.8          M      187
================================================================================
AV 38.4 21.1                               9.7 FASTST   M    M   7    MAX(MPH)
                                 MISC ---->  # 32 330               # 46  320
================================================================================
NOTES:
# LAST OF SEVERAL OCCURRENCES

COLUMN 17 PEAK WIND IN M.P.H.

PRELIMINARY LOCAL CLIMATOLOGICAL DATA (WS FORM: F-6) , PAGE 2

                                          STATION:  ROCHESTER NY
                                          MONTH:    MARCH
                                          YEAR:     2015
                                          LATITUDE:   43  7 N
                                          LONGITUDE:  77 40 W

[TEMPERATURE DATA]      [PRECIPITATION DATA]       SYMBOLS USED IN COLUMN 16

AVERAGE MONTHLY: 29.8   TOTAL FOR MONTH:   1.27    1 = FOG OR MIST
DPTR FM NORMAL:  -3.6   DPTR FM NORMAL:   -0.81    2 = FOG REDUCING VISIBILITY
HIGHEST:    53 ON 16    GRTST 24HR  0.31 ON 26-26      TO 1/4 MILE OR LESS
LOWEST:      0 ON  6, 1                            3 = THUNDER
                        SNOW, ICE PELLETS, HAIL    4 = ICE PELLETS
                        TOTAL MONTH:  10.9 INCHES  5 = HAIL
                        GRTST 24HR   2.5 ON  3- 3  6 = FREEZING RAIN OR DRIZZLE
                        GRTST DEPTH:  16 ON  5     7 = DUSTSTORM OR SANDSTORM:
                                                       VSBY 1/2 MILE OR LESS
                                                   8 = SMOKE OR HAZE
[NO. OF DAYS WITH]      [WEATHER - DAYS WITH]      9 = BLOWING SNOW
                                                   X = TORNADO
MAX 32 OR BELOW:   7    0.01 INCH OR MORE:  13
MAX 90 OR ABOVE:   0    0.10 INCH OR MORE:   5
MIN 32 OR BELOW:  23    0.50 INCH OR MORE:   0
MIN  0 OR BELOW:   2    1.00 INCH OR MORE:   0

[HDD (BASE 65) ]
TOTAL THIS MO.   909    CLEAR  (SCALE 0-3)   3
DPTR FM NORMAL    86    PTCLDY (SCALE 4-7)  12
TOTAL FM JUL 1  6003    CLOUDY (SCALE 8-10) 11
DPTR FM NORMAL   394

[CDD (BASE 65) ]
TOTAL THIS MO.     0
DPTR FM NORMAL     0    [PRESSURE DATA]
TOTAL FM JAN 1     0    HIGHEST SLP M ON M
DPTR FM NORMAL     0    LOWEST  SLP 29.57 ON  3

[REMARKS]
