000
CXUS54 KFWD 220730
CF6RPH
PRELIMINARY LOCAL CLIMATOLOGICAL DATA (WS FORM: F-6)

                                          STATION:   GRAHAM
                                          MONTH:     JANUARY
                                          YEAR:      2018
                                          LATITUDE:   33  6 N
                                          LONGITUDE:  98 30 W

  TEMPERATURE IN F:       :PCPN:    SNOW:  WIND      :SUNSHINE: SKY     :PK WND
================================================================================
1   2   3   4   5  6A  6B    7    8   9   10  11  12  13   14  15   16   17  18
                                     12Z  AVG MX 2MIN
DY MAX MIN AVG DEP HDD CDD  WTR  SNW DPTH SPD SPD DIR MIN PSBL S-S WX    SPD DR
================================================================================

 1  27  11  19 -23  46   0 0.00  0.0    0  4.9 15 360   M    M   0        17 360
 2  26  10  18 -24  47   0 0.00  0.0    0  1.9  7 330   M    M   0         M  M
 3  51   9  30 -12  35   0 0.00  0.0    0  2.4 10 330   M    M   0         M  M
 4  52  20  36  -6  29   0 0.00  0.0    0  2.9  8 120   M    M   0         M  M
 5  63  26  45   3  20   0 0.00  0.0    0  1.3  8 210   M    M   0         M  M
 6  66  32  49   7  16   0 0.00  0.0    0  4.5 13 140   M    M   0        20 140
 7  67  43  55  13  10   0 0.00  0.0    0  9.9 16 310   M    M   0        22 160
 8  62  32  47   5  18   0 0.00  0.0    0  3.8  9 300   M    M   0         M  M
 9  71  30  51   9  14   0 0.00  0.0    0  6.3 13 130   M    M   0        20 130
10  68  41  55  13  10   0 0.00  0.0    0  9.3 15 150   M    M   0 8      24 140
11  54  30  42   0  23   0 0.00  0.0    0 14.4 27 330   M    M   0 8      33 290
12  44  20  32 -10  33   0 0.00  0.0    0  7.1 14 330   M    M   0        21 330
13  45  17  31 -11  34   0 0.00  0.0    0  1.6  8 360   M    M   0         M  M
14  57  25  41  -1  24   0 0.00  0.0    0  2.6 10 200   M    M   0        18 200
15  62  24  43   1  22   0 0.00  0.0    0  9.4 25 350   M    M   0        37 360
16  29  10  20 -22  45   0 0.00  0.0    0 10.5 21 350   M    M   0        33 340
17  39   2  21 -21  44   0 0.00  0.0    0  1.2  5 130   M    M   0         M  M
18  52  16  34  -8  31   0 0.00  0.0    0  3.5  8 120   M    M   0         M  M
19  68  30  49   6  16   0 0.00  0.0    0  7.0 15 150   M    M   0        24 150
20  78  46  62  19   3   0 0.00  0.0    0  9.7 17 190   M    M   0        27 190
21  77  50  64  21   1   0 0.00  0.0    0 11.2 21 240   M    M   0        29 260
================================================================================
SM 1158  524       521   0  0.00     0.0 125.4          M        0
================================================================================
AV 55.1 25.0                               6.0 FASTST   M    M   0    MAX(MPH)
                                 MISC ---->  # 27 330                 37    M
================================================================================
NOTES:
# LAST OF SEVERAL OCCURRENCES

COLUMN 17 PEAK WIND IN M.P.H.

PRELIMINARY LOCAL CLIMATOLOGICAL DATA (WS FORM: F-6) , PAGE 2

                                          STATION:  GRAHAM
                                          MONTH:    JANUARY
                                          YEAR:     2018
                                          LATITUDE:   33  6 N
                                          LONGITUDE:  98 30 W

[TEMPERATURE DATA]      [PRECIPITATION DATA]       SYMBOLS USED IN COLUMN 16

AVERAGE MONTHLY: 40.1   TOTAL FOR MONTH:   0.00    1 = FOG OR MIST
DPTR FM NORMAL:  -2.1   DPTR FM NORMAL:   -0.78    2 = FOG REDUCING VISIBILITY
HIGHEST:    78 ON 20    GRTST 24HR  0.00 ON 21-21      TO 1/4 MILE OR LESS
LOWEST:      2 ON 17                               3 = THUNDER
                        SNOW, ICE PELLETS, HAIL    4 = ICE PELLETS
                        TOTAL MONTH:   0.0 INCH    5 = HAIL
                        GRTST 24HR     0.0         6 = FREEZING RAIN OR DRIZZLE
                        GRTST DEPTH:   0           7 = DUSTSTORM OR SANDSTORM:
                                                       VSBY 1/2 MILE OR LESS
                                                   8 = SMOKE OR HAZE
[NO. OF DAYS WITH]      [WEATHER - DAYS WITH]      9 = BLOWING SNOW
                                                   X = TORNADO
MAX 32 OR BELOW:   3    0.01 INCH OR MORE:   0
MAX 90 OR ABOVE:   0    0.10 INCH OR MORE:   0
MIN 32 OR BELOW:  17    0.50 INCH OR MORE:   0
MIN  0 OR BELOW:   0    1.00 INCH OR MORE:   0

[HDD (BASE 65) ]
TOTAL THIS MO.   521    CLEAR  (SCALE 0-3)  21
DPTR FM NORMAL    42    PTCLDY (SCALE 4-7)   0
TOTAL FM JUL 1  1517    CLOUDY (SCALE 8-10)  0
DPTR FM NORMAL  -134

[CDD (BASE 65) ]
TOTAL THIS MO.     0
DPTR FM NORMAL     0    [PRESSURE DATA]
TOTAL FM JAN 1     0    HIGHEST SLP M ON M
DPTR FM NORMAL     0    LOWEST  SLP M ON M

[REMARKS]
