000
CXUS56 KFGZ 220900
CF6RQE
PRELIMINARY LOCAL CLIMATOLOGICAL DATA (WS FORM: F-6)

                                          STATION:   WINDOW ROCK AZ AIRPORT
                                          MONTH:     FEBRUARY
                                          YEAR:      2017
                                          LATITUDE:   35 39 N
                                          LONGITUDE: 109  4 W

  TEMPERATURE IN F:       :PCPN:    SNOW:  WIND      :SUNSHINE: SKY     :PK WND
================================================================================
1   2   3   4   5  6A  6B    7    8   9   10  11  12  13   14  15   16   17  18
                                     12Z  AVG MX 2MIN
DY MAX MIN AVG DEP HDD CDD  WTR  SNW DPTH SPD SPD DIR MIN PSBL S-S WX    SPD DR
================================================================================

 1  57   M   M   M   M   M 0.00    M    M  3.2 14 230   M    M   0        21 220
 2  51  22  37   6  28   0 0.00    M    M  3.6 18 220   M    M   0 8      21 220
 3  52  25  39   8  26   0 0.00    M    M  2.7 13 210   M    M   0 8      17 210
 4  53  22  38   7  27   0 0.00    M    0  2.3 14 260   M    M   0        20 290
 5  57  22  40   9  25   0 0.00    M    M  3.5 16 230   M    M   0 8      32 220
 6  50  36  43  12  22   0 0.01    M    M  9.0 30 230   M    M   6        38 230
 7  49  35  42  10  23   0 0.00    M    M  7.2 16 250   M    M   8        21 260
 8  60  31  46  14  19   0 0.00    M    M  3.7 14 250   M    M   0        18 270
 9  66  28  47  15  18   0 0.00    M    M  2.4 10 170   M    M   0        14 150
10  69  29  49  17  16   0 0.00    M    M  7.3 26 230   M    M   0        35 210
11  60  37  49  17  16   0 0.00    M    M  8.1 24 220   M    M   1        34 220
12  50  33  42  10  23   0 0.02    M    M  4.0 14  90   M    M   6        21 170
13  42  34  38   5  27   0 0.27    M    M  2.2 12 110   M    M  10 18     14 120
14  48  28  38   5  27   0 0.05    M    M  2.7  9 140   M    M   7 1      12 100
15  54  24  39   6  26   0 0.00    M    M  1.2 10 340   M    M   1        17 180
16  59  22  41   8  24   0 0.00    M    M  2.9 14 270   M    M   0        19 290
17  49  29  39   6  26   0 0.00    M    M  5.2 17 230   M    M   7        22 220
18  56  29  43   9  22   0 0.00    M    M  3.4 17 190   M    M   4        25 160
19  44  33  39   5  26   0 0.12    M    M  9.8 22 240   M    M   8 18     27 240
20  51  32  42   8  23   0 0.00  0.0    0  5.8 14 280   M    M   6        17 260
21  62  25  44  10  21   0 0.00    M    M  3.3 18 250   M    M   0        27 270
================================================================================
SM 1139  576       465   0  0.47     0.0  93.5          M       64
================================================================================
AV 54.2 28.8                               4.5 FASTST   M    M   3    MAX(MPH)
                                 MISC ---->  # 30 230               # 38  230
================================================================================
NOTES:
# LAST OF SEVERAL OCCURRENCES

COLUMN 17 PEAK WIND IN M.P.H.

PRELIMINARY LOCAL CLIMATOLOGICAL DATA (WS FORM: F-6) , PAGE 2

                                          STATION:  WINDOW ROCK AZ AIRPORT
                                          MONTH:    FEBRUARY
                                          YEAR:     2017
                                          LATITUDE:   35 39 N
                                          LONGITUDE: 109  4 W

[TEMPERATURE DATA]      [PRECIPITATION DATA]       SYMBOLS USED IN COLUMN 16

AVERAGE MONTHLY: 41.5   TOTAL FOR MONTH:   0.47    1 = FOG OR MIST
DPTR FM NORMAL:   9.2   DPTR FM NORMAL:   -0.08    2 = FOG REDUCING VISIBILITY
HIGHEST:    69 ON 10    GRTST 24HR  0.29 ON 12-13      TO 1/4 MILE OR LESS
LOWEST:     22 ON 16, 5                            3 = THUNDER
                        SNOW, ICE PELLETS, HAIL    4 = ICE PELLETS
                        TOTAL MONTH:   0.0 INCH    5 = HAIL
                        GRTST 24HR     0.0         6 = FREEZING RAIN OR DRIZZLE
                        GRTST DEPTH:   0           7 = DUSTSTORM OR SANDSTORM:
                                                       VSBY 1/2 MILE OR LESS
                                                   8 = SMOKE OR HAZE
[NO. OF DAYS WITH]      [WEATHER - DAYS WITH]      9 = BLOWING SNOW
                                                   X = TORNADO
MAX 32 OR BELOW:   0    0.01 INCH OR MORE:   5
MAX 90 OR ABOVE:   0    0.10 INCH OR MORE:   2
MIN 32 OR BELOW:  14    0.50 INCH OR MORE:   0
MIN  0 OR BELOW:   0    1.00 INCH OR MORE:   0

[HDD (BASE 65) ]
TOTAL THIS MO.   465    CLEAR  (SCALE 0-3)  12
DPTR FM NORMAL  -221    PTCLDY (SCALE 4-7)   7
TOTAL FM JUL 1  3394    CLOUDY (SCALE 8-10)  2
DPTR FM NORMAL -1028

[CDD (BASE 65) ]
TOTAL THIS MO.     0
DPTR FM NORMAL     0    [PRESSURE DATA]
TOTAL FM JAN 1     0    HIGHEST SLP M ON M
DPTR FM NORMAL     0    LOWEST  SLP 29.55 ON 18

[REMARKS]
