000
CXUS56 KFGZ 290900
CF6RQE
PRELIMINARY LOCAL CLIMATOLOGICAL DATA (WS FORM: F-6)

                                          STATION:   WINDOW ROCK AZ AIRPORT
                                          MONTH:     AUGUST
                                          YEAR:      2015
                                          LATITUDE:   35 39 N
                                          LONGITUDE: 109  4 W

  TEMPERATURE IN F:       :PCPN:    SNOW:  WIND      :SUNSHINE: SKY     :PK WND
================================================================================
1   2   3   4   5  6A  6B    7    8   9   10  11  12  13   14  15   16   17  18
                                     12Z  AVG MX 2MIN
DY MAX MIN AVG DEP HDD CDD  WTR  SNW DPTH SPD SPD DIR MIN PSBL S-S WX    SPD DR
================================================================================

 1  78  61  70   0   0   5 0.35    M    M  4.1 15 350   M    M   M        19 300
 2  83  56  70   0   0   5 0.01    M    M  3.5 25 300   M    M   M        35 290
 3  86  50  68  -1   0   3 0.00    M    M  3.3 13 290   M    M   M        18 320
 4  88  53  71   2   0   6 0.00    M    M  3.2 17 290   M    M   M        29 250
 5  91  48  70   1   0   5 0.00    M    M  3.6 20 220   M    M   M        26 220
 6  90  49  70   1   0   5    T    M    M  2.5 20 300   M    M   M        24 300
 7  85  58  72   3   0   7 0.30    M    M  6.2 29 240   M    M   M        38 240
 8  80  58  69   0   0   4 0.13    M    M  3.5 12 100   M    M   M        16  70
 9  85  51  68  -1   0   3 0.00    M    M  3.0 13  40   M    M   M        17 180
10  83  50  67  -2   0   2 0.04    M    M  3.3 24 170   M    M   5        31 180
11  84  57  71   2   0   6 0.25    M    M  6.4 26 360   M    M   4 1      33 360
12  85  54  70   1   0   5 0.00    M    M  3.8 15 360   M    M   2 1      23 220
13  88  52  70   2   0   5 0.00    M    M  3.0 15 310   M    M   2        19 310
14  92  55  74   6   0   9    T    M    M  2.6 22 190   M    M   2        30 200
15  91  57  74   6   0   9 0.28    M    M  3.9 52 300   M    M   9        38 280
16  91  51  71   3   0   6    T    M    M  3.5 16 310   M    M   M        20 300
17  92  51  72   4   0   7    T    M    M  6.7 21 250   M    M   M        27 250
18   M   M   M   M   M   M    M    M    M   M   M   M   M    M   M         M  M
19   M   M   M   M   M   M    M    M    M   M   M   M   M    M   M         M  M
20  89  48  69   2   0   4    T    M    M  6.5 20 270   M    M   0        28 250
21  88  49  69   2   0   4 0.00    M    M  6.0 20 250   M    M   1        26 240
22  88  57  73   6   0   8 0.00    M    M  6.1 16 100   M    M   2        26  90
23  65  53  59  -8   6   0 0.00    M    M  0.6  4 190   M    M   2         M  M
24  88  47  68   1   0   3 0.00    M    M  2.9 13  70   M    M   0        18 350
25  87  51  69   3   0   4    T    M    M  3.2 25 170   M    M   2        34 170
26  83  59  71   5   0   6 0.33    M    M  4.7 22 180   M    M   6        31 180
27  82  56  69   3   0   4 0.00    M    M  3.6 13 320   M    M   3        18 260
28  87  49  68   2   0   3 0.00    M    M  2.5 20 230   M    M   1        24  50
================================================================================
SM 2229 1380         6 128  1.69    M    102.2          M       41
================================================================================
AV 85.7 53.1                               3.9 FASTST   M    M   3    MAX(MPH)
                                 MISC ---->  # 52 300               # 38  240
================================================================================
NOTES:
# LAST OF SEVERAL OCCURRENCES

COLUMN 17 PEAK WIND IN M.P.H.

PRELIMINARY LOCAL CLIMATOLOGICAL DATA (WS FORM: F-6) , PAGE 2

                                          STATION:  WINDOW ROCK AZ AIRPORT
                                          MONTH:    AUGUST
                                          YEAR:     2015
                                          LATITUDE:   35 39 N
                                          LONGITUDE: 109  4 W

[TEMPERATURE DATA]      [PRECIPITATION DATA]       SYMBOLS USED IN COLUMN 16

AVERAGE MONTHLY: 69.4   TOTAL FOR MONTH:   1.69    1 = FOG OR MIST
DPTR FM NORMAL:   1.4   DPTR FM NORMAL:   -0.03    2 = FOG REDUCING VISIBILITY
HIGHEST:    92 ON 17,14 GRTST 24HR  0.35 ON  1- 1      TO 1/4 MILE OR LESS
LOWEST:     47 ON 24                               3 = THUNDER
                        SNOW, ICE PELLETS, HAIL    4 = ICE PELLETS
                        TOTAL MONTH:    M          5 = HAIL
                        GRTST 24HR    M  ON   M    6 = FREEZING RAIN OR DRIZZLE
                        GRTST DEPTH:  M  ON   M    7 = DUSTSTORM OR SANDSTORM:
                                                       VSBY 1/2 MILE OR LESS
                                                   8 = SMOKE OR HAZE
[NO. OF DAYS WITH]      [WEATHER - DAYS WITH]      9 = BLOWING SNOW
                                                   X = TORNADO
MAX 32 OR BELOW:   0    0.01 INCH OR MORE:   8
MAX 90 OR ABOVE:   6    0.10 INCH OR MORE:   6
MIN 32 OR BELOW:   0    0.50 INCH OR MORE:   0
MIN  0 OR BELOW:   0    1.00 INCH OR MORE:   0

[HDD (BASE 65) ]
TOTAL THIS MO.     6    CLEAR  (SCALE 0-3)  11
DPTR FM NORMAL     0    PTCLDY (SCALE 4-7)   3
TOTAL FM JUL 1    17    CLOUDY (SCALE 8-10)  1
DPTR FM NORMAL    11

[CDD (BASE 65) ]
TOTAL THIS MO.   128
DPTR FM NORMAL    37    [PRESSURE DATA]
TOTAL FM JAN 1   352    HIGHEST SLP M ON M
DPTR FM NORMAL    81    LOWEST  SLP 29.80 ON 18

[REMARKS]
