000
CXUS54 KLZK 261330
CF6RUE
PRELIMINARY LOCAL CLIMATOLOGICAL DATA (WS FORM: F-6)

                                          STATION:   Russellville
                                          MONTH:     AUGUST
                                          YEAR:      2014
                                          LATITUDE:   35 15 N
                                          LONGITUDE:  93  6 W

  TEMPERATURE IN F:       :PCPN:    SNOW:  WIND      :SUNSHINE: SKY     :PK WND
================================================================================
1   2   3   4   5  6A  6B    7    8   9   10  11  12  13   14  15   16   17  18
                                     12Z  AVG MX 2MIN
DY MAX MIN AVG DEP HDD CDD  WTR  SNW DPTH SPD SPD DIR MIN PSBL S-S WX    SPD DR
================================================================================

 1  80  66  73  -9   0   8 0.00  0.0    0  0.3  6  60   M    M   8 1       7 120
 2  88  65  77  -5   0  12 0.00  0.0    0  2.2 10  60   M    M   2 1      18  80
 3  90  66  78  -4   0  13 0.00  0.0    0  2.4 12  30   M    M   0 1      15  50
 4  89  62  76  -6   0  11 0.00  0.0    0  1.0  7 340   M    M   0 1       9 340
 5  91  63  77  -5   0  12 0.00  0.0    0  0.9  8 310   M    M   0 18     10 300
 6  93  67  80  -2   0  15 0.00  0.0    0  1.3  7 230   M    M   1 18     11 210
 7  90  73  82   0   0  17 0.03  0.0    0  1.4 25 290   M    M   2 138    32 300
 8  93  73  83   1   0  18 0.02  0.0    0  1.7 13 280   M    M   2 138    21 280
 9  89  70  80  -2   0  15 1.73  0.0    0  3.4 33 300   M    M   3 13     48 300
10  89  69  79  -3   0  14 0.00  0.0    0  1.1  7 240   M    M   1 1       9 240
11  90  73  82   0   0  17 0.00  0.0    0  4.0 13 300   M    M   3        18 340
12  87  65  76  -6   0  11 0.00  0.0    0  4.8 13 330   M    M   1        18 350
13  86  60  73  -9   0   8 0.00  0.0    0  1.3  7 310   M    M   0        10  70
14  88  62  75  -7   0  10 0.00  0.0    0  1.1  7 270   M    M   1 1      11 290
15  88  65  77  -5   0  12 0.00  0.0    0  0.9  8 230   M    M   1 1      13 230
16  93  67  80  -2   0  15 0.00  0.0    0  2.3  9 200   M    M   0 1      14 190
17  92  75  84   2   0  19 0.00  0.0    0  2.9 14 280   M    M   1        17 270
18  93  68  81  -1   0  16 0.00  0.0    0  2.8 20 290   M    M   2        28 290
19  95  67  81  -1   0  16 0.00  0.0    0  2.2  9 220   M    M   0        15 180
20  94  72  83   1   0  18 0.00  0.0    0  2.4  9 190   M    M   0 1      13 210
21  94  73  84   3   0  19 0.00  0.0    0  2.4 10 220   M    M   0        17 230
22  95  74  85   4   0  20 0.00  0.0    0  2.0  8 200   M    M   0 1      11 200
23  97  73  85   4   0  20 0.00  0.0    0  1.1  8 330   M    M   0 1      11 230
24  97  69  83   2   0  18 0.00  0.0    0  1.2  7 200   M    M   0 1      10 210
25  98  71  85   4   0  20 0.00  0.0    0  1.2 20  40   M    M   0 38     24  50
================================================================================
SM 2279 1708         0 374  1.78     0.0  48.3          M       28
================================================================================
AV 91.2 68.3                               1.9 FASTST   M    M   1    MAX(MPH)
                                 MISC ---->  # 33 300               # 48  300
================================================================================
NOTES:
# LAST OF SEVERAL OCCURRENCES

COLUMN 17 PEAK WIND IN M.P.H.

PRELIMINARY LOCAL CLIMATOLOGICAL DATA (WS FORM: F-6) , PAGE 2

                                          STATION:  Russellville
                                          MONTH:    AUGUST
                                          YEAR:     2014
                                          LATITUDE:   35 15 N
                                          LONGITUDE:  93  6 W

[TEMPERATURE DATA]      [PRECIPITATION DATA]       SYMBOLS USED IN COLUMN 16

AVERAGE MONTHLY: 79.7   TOTAL FOR MONTH:   1.78    1 = FOG OR MIST
DPTR FM NORMAL:  -2.1   DPTR FM NORMAL:   -0.55    2 = FOG REDUCING VISIBILITY
HIGHEST:    98 ON 25    GRTST 24HR  1.74 ON  8- 9      TO 1/4 MILE OR LESS
LOWEST:     60 ON 13                               3 = THUNDER
                        SNOW, ICE PELLETS, HAIL    4 = ICE PELLETS
                        TOTAL MONTH:   0.0 INCH    5 = HAIL
                        GRTST 24HR     0.0         6 = FREEZING RAIN OR DRIZZLE
                        GRTST DEPTH:   0           7 = DUSTSTORM OR SANDSTORM:
                                                       VSBY 1/2 MILE OR LESS
                                                   8 = SMOKE OR HAZE
[NO. OF DAYS WITH]      [WEATHER - DAYS WITH]      9 = BLOWING SNOW
                                                   X = TORNADO
MAX 32 OR BELOW:   0    0.01 INCH OR MORE:   3
MAX 90 OR ABOVE:  16    0.10 INCH OR MORE:   1
MIN 32 OR BELOW:   0    0.50 INCH OR MORE:   1
MIN  0 OR BELOW:   0    1.00 INCH OR MORE:   1

[HDD (BASE 65) ]
TOTAL THIS MO.     0    CLEAR  (SCALE 0-3)  24
DPTR FM NORMAL     0    PTCLDY (SCALE 4-7)   0
TOTAL FM JUL 1     0    CLOUDY (SCALE 8-10)  1
DPTR FM NORMAL     0

[CDD (BASE 65) ]
TOTAL THIS MO.   374
DPTR FM NORMAL   -45    [PRESSURE DATA]
TOTAL FM JAN 1  1371    HIGHEST SLP M ON M
DPTR FM NORMAL  -162    LOWEST  SLP 29.79 ON 18

[REMARKS]
