000
CXUS53 KMPX 310827
CF6RWF
PRELIMINARY LOCAL CLIMATOLOGICAL DATA (WS FORM: F-6)

                                          STATION:   REDWOOD FALLS MN
                                          MONTH:     OCTOBER
                                          YEAR:      2014
                                          LATITUDE:   44 32 N
                                          LONGITUDE:  95  5 W

  TEMPERATURE IN F:       :PCPN:    SNOW:  WIND      :SUNSHINE: SKY     :PK WND
================================================================================
1   2   3   4   5  6A  6B    7    8   9   10  11  12  13   14  15   16   17  18
                                     12Z  AVG MX 2MIN
DY MAX MIN AVG DEP HDD CDD  WTR  SNW DPTH SPD SPD DIR MIN PSBL S-S WX    SPD DR
================================================================================

 1  71  53  62   8   3   0 0.14    M    M  9.5 18 150   M    M   6 13     21 150
 2  58  48  53  -1  12   0 0.16    M    M  5.9 21 310   M    M   4 1      30 310
 3  50  38  44 -10  21   0    T    M    M 20.7 33 320   M    M   9        45 320
 4  50  34  42 -11  23   0 0.00    M    M 12.2 24 290   M    M   4        33 310
 5  54  36  45  -8  20   0    T    M    M 10.4 23 300   M    M   8        27 300
 6  66  35  51  -1  14   0 0.00    M    M 14.9 31 290   M    M   2        39 270
 7  63  45  54   2  11   0    T    M    M 13.3 28 300   M    M   6        36 290
 8  62  41  52   0  13   0    T    M    M  9.2 23 300   M    M   0        31 300
 9  57  37  47  -4  18   0 0.00    M    M  5.7 15 320   M    M   1        20 300
10  56  29  43  -8  22   0 0.00    M    M  4.0 13 330   M    M   0        17 310
11  61  27  44  -6  21   0 0.00    M    M  7.9 18 160   M    M   0        23 170
12  66  39  53   3  12   0 0.00    M    M 16.1 30 160   M    M   2        34 160
13  56  49  53   4  12   0 0.09    M    M  9.4 17 290   M    M   7 1      26 320
14  66  43  55   6  10   0 0.00    M    M 10.2 20  10   M    M   0        30  30
15  69  33  51   3  14   0 0.00    M    M  4.5 12 130   M    M   0        14 130
16  75  39  57   9   8   0 0.00    M    M 15.4 31 280   M    M   2        39 310
17  54  42  48   0  17   0 0.00    M    M 17.9 28 310   M    M   8        40 320
18  51  36  44  -3  21   0 0.00    M    M  5.8 12 150   M    M   4        16 300
19  75  38  57  10   8   0 0.00    M    M 11.7 21 240   M    M   0        26 240
20  68  41  55   9  10   0 0.00    M    M  7.8 17 330   M    M   0        23 330
21  68  38  53   7  12   0 0.00    M    M 12.1 24 140   M    M   0        30 140
22  68  46  57  11   8   0 0.08    M    M 18.0 30 150   M    M   4 1      35 160
23  72  44  58  13   7   0 0.00    M    M  6.9 12 270   M    M   1 12     16 290
24  74  43  59  14   6   0 0.00    M    M  7.0 13 290   M    M   0        16 290
25  65  39  52   8  13   0 0.00    M    M  7.9 18 310   M    M   0        22 320
26  64  33  49   5  16   0 0.00    M    M 11.6 28 140   M    M   1        34 150
27  57  41  49   6  16   0 0.03    M    M  8.0 21 300   M    M   2 1      27 320
28  45  39  42  -1  23   0    T    M    M 18.2 28 290   M    M   9        35 280
29  47  36  42   0  23   0 0.00    M    M  7.6 22 320   M    M   6 8      30 320
30  52  29  41  -1  24   0    T    M    M  9.9 23 360   M    M   9        34 330
================================================================================
SM 1840 1171       438   0  0.50    M    319.7          M       95
================================================================================
AV 61.3 39.0                              10.7 FASTST   M    M   3    MAX(MPH)
                                 MISC ---->  # 33 320               # 45  320
================================================================================
NOTES:
# LAST OF SEVERAL OCCURRENCES

COLUMN 17 PEAK WIND IN M.P.H.

PRELIMINARY LOCAL CLIMATOLOGICAL DATA (WS FORM: F-6) , PAGE 2

                                          STATION:  REDWOOD FALLS MN
                                          MONTH:    OCTOBER
                                          YEAR:     2014
                                          LATITUDE:   44 32 N
                                          LONGITUDE:  95  5 W

[TEMPERATURE DATA]      [PRECIPITATION DATA]       SYMBOLS USED IN COLUMN 16

AVERAGE MONTHLY: 50.2   TOTAL FOR MONTH:   0.50    1 = FOG OR MIST
DPTR FM NORMAL:   1.9   DPTR FM NORMAL:   -1.58    2 = FOG REDUCING VISIBILITY
HIGHEST:    75 ON 19,16 GRTST 24HR  0.30 ON  1- 2      TO 1/4 MILE OR LESS
LOWEST:     27 ON 11                               3 = THUNDER
                        SNOW, ICE PELLETS, HAIL    4 = ICE PELLETS
                        TOTAL MONTH:    M          5 = HAIL
                        GRTST 24HR    M  ON   M    6 = FREEZING RAIN OR DRIZZLE
                        GRTST DEPTH:  M  ON   M    7 = DUSTSTORM OR SANDSTORM:
                                                       VSBY 1/2 MILE OR LESS
                                                   8 = SMOKE OR HAZE
[NO. OF DAYS WITH]      [WEATHER - DAYS WITH]      9 = BLOWING SNOW
                                                   X = TORNADO
MAX 32 OR BELOW:   0    0.01 INCH OR MORE:   5
MAX 90 OR ABOVE:   0    0.10 INCH OR MORE:   2
MIN 32 OR BELOW:   3    0.50 INCH OR MORE:   0
MIN  0 OR BELOW:   0    1.00 INCH OR MORE:   0

[HDD (BASE 65) ]
TOTAL THIS MO.   438    CLEAR  (SCALE 0-3)  17
DPTR FM NORMAL   -69    PTCLDY (SCALE 4-7)  10
TOTAL FM JUL 1   589    CLOUDY (SCALE 8-10)  3
DPTR FM NORMAL  -118

[CDD (BASE 65) ]
TOTAL THIS MO.     0
DPTR FM NORMAL     0    [PRESSURE DATA]
TOTAL FM JAN 1   675    HIGHEST SLP M ON M
DPTR FM NORMAL    11    LOWEST  SLP 29.47 ON  6

[REMARKS]
