000
CXUS53 KMPX 231000
CF6RWF
PRELIMINARY LOCAL CLIMATOLOGICAL DATA (WS FORM: F-6)

                                          STATION:   REDWOOD FALLS MN
                                          MONTH:     JANUARY
                                          YEAR:      2017
                                          LATITUDE:   44 32 N
                                          LONGITUDE:  95  5 W

  TEMPERATURE IN F:       :PCPN:    SNOW:  WIND      :SUNSHINE: SKY     :PK WND
================================================================================
1   2   3   4   5  6A  6B    7    8   9   10  11  12  13   14  15   16   17  18
                                     12Z  AVG MX 2MIN
DY MAX MIN AVG DEP HDD CDD  WTR  SNW DPTH SPD SPD DIR MIN PSBL S-S WX    SPD DR
================================================================================

 1  28  18  23   8  42   0    M    M    M  7.5 20 240   M    M   3 1      24 230
 2  31  27  29  14  36   0    M    M    M  6.8 14 100   M    M  10 128    20  90
 3  30  -4  13  -1  52   0    M    M    M 17.3 26 290   M    M   4 18     34 290
 4   1  -9  -4 -18  69   0    M    M    M 14.1 22 300   M    M   0        28 300
 5  -2 -12  -7 -21  72   0    M    M    M 10.4 21 290   M    M   4 8      23 290
 6   7 -13  -3 -17  68   0    M    M    M  6.6 15 290   M    M   4 8      19 290
 7   3 -10  -3 -17  68   0    M    M    M  7.6 15 280   M    M   1        17 280
 8  22 -12   5  -9  60   0    M    M    M 11.8 26 160   M    M   3        35 150
 9  24   4  14   0  51   0    M    M    M 10.4 22 130   M    M   7 18     27 130
10  27   3  15   1  50   0    M    M    M 13.6 32 320   M    M   7 128    44 290
11   7   2   5  -9  60   0    M    M    M  8.1 20 330   M    M   5 8      28 320
12  14  -9   3 -11  62   0    M    M    M 10.8 26 300   M    M   4        35 300
13  14 -11   2 -12  63   0    M    M    M  8.2 17 150   M    M   8        20 150
14  20   2  11  -3  54   0    M    M    M  5.7 15 200   M    M   1        18 200
15  33  -2  16   2  49   0    M    M    M  6.7 14 180   M    M   0 18     16 180
16  32  15  24  10  41   0    M    M    M  5.1 12 170   M    M   7 18     28 330
17  30  17  24  10  41   0    M    M    M  7.0 16 300   M    M   6 18     20 310
18  40  20  30  16  35   0    M    M    M  9.2 15 200   M    M   0 1      18 200
19  39  30  35  21  30   0    M    M    M  9.2 17 150   M    M   5 128    21 150
20  37  33  35  21  30   0    M    M    M  9.0 14 130   M    M  10 12     17 140
21  37  34  36  22  29   0    M    M    M  4.6 12 120   M    M  10 12     14 130
22  36  33  35  21  30   0    M    M    M  8.0 15 300   M    M  10 12     20 300
================================================================================
SM  510  156      1092   0    M     M    197.7          M      109
================================================================================
AV 23.2  7.1                               9.0 FASTST   M    M   5    MAX(MPH)
                                 MISC ---->  # 32 320               # 44  290
================================================================================
NOTES:
# LAST OF SEVERAL OCCURRENCES

COLUMN 17 PEAK WIND IN M.P.H.

PRELIMINARY LOCAL CLIMATOLOGICAL DATA (WS FORM: F-6) , PAGE 2

                                          STATION:  REDWOOD FALLS MN
                                          MONTH:    JANUARY
                                          YEAR:     2017
                                          LATITUDE:   44 32 N
                                          LONGITUDE:  95  5 W

[TEMPERATURE DATA]      [PRECIPITATION DATA]       SYMBOLS USED IN COLUMN 16

AVERAGE MONTHLY: 15.1   TOTAL FOR MONTH:      M    1 = FOG OR MIST
DPTR FM NORMAL:   1.0   DPTR FM NORMAL:       M    2 = FOG REDUCING VISIBILITY
HIGHEST:    40 ON 18    GRTST 24HR  0.12 ON  9-10      TO 1/4 MILE OR LESS
LOWEST:    -13 ON  6                               3 = THUNDER
                        SNOW, ICE PELLETS, HAIL    4 = ICE PELLETS
                        TOTAL MONTH:    M          5 = HAIL
                        GRTST 24HR    M  ON   M    6 = FREEZING RAIN OR DRIZZLE
                        GRTST DEPTH:  M  ON   M    7 = DUSTSTORM OR SANDSTORM:
                                                       VSBY 1/2 MILE OR LESS
                                                   8 = SMOKE OR HAZE
[NO. OF DAYS WITH]      [WEATHER - DAYS WITH]      9 = BLOWING SNOW
                                                   X = TORNADO
MAX 32 OR BELOW:  16    0.01 INCH OR MORE:   0
MAX 90 OR ABOVE:   0    0.10 INCH OR MORE:   0
MIN 32 OR BELOW:  19    0.50 INCH OR MORE:   0
MIN  0 OR BELOW:   9    1.00 INCH OR MORE:   0

[HDD (BASE 65) ]
TOTAL THIS MO.  1092    CLEAR  (SCALE 0-3)   6
DPTR FM NORMAL   -27    PTCLDY (SCALE 4-7)  12
TOTAL FM JUL 1  3651    CLOUDY (SCALE 8-10)  4
DPTR FM NORMAL  -644

[CDD (BASE 65) ]
TOTAL THIS MO.     0
DPTR FM NORMAL     0    [PRESSURE DATA]
TOTAL FM JAN 1     0    HIGHEST SLP M ON M
DPTR FM NORMAL     0    LOWEST  SLP 29.40 ON 21

[REMARKS]
