000
CXUS55 KPIH 261200
CF6RXE

PRELIMINARY LOCAL CLIMATOLOGICAL DATA (WS FORM: F-6)

                                          STATION:   REXBURG ID
                                          MONTH:     AUGUST
                                          YEAR:      2016
                                          LATITUDE:   43 49 N
                                          LONGITUDE: 111 48 W

  TEMPERATURE IN F:       :PCPN:    SNOW:  WIND      :SUNSHINE: SKY     :PK WND
================================================================================
1   2   3   4   5  6A  6B    7    8   9   10  11  12  13   14  15   16   17  18
                                     12Z  AVG MX 2MIN
DY MAX MIN AVG DEP HDD CDD  WTR  SNW DPTH SPD SPD DIR MIN PSBL S-S WX    SPD DR
================================================================================

 1  90  48  69   0   0   4 0.00    M    M  8.2 17 200   M    M   4 8      22 200
 2  95  48  72   3   0   7 0.00    M    M  9.1 23 210   M    M   0        31 220
 3  80  55  68  -1   0   3 0.00    M    M 13.8 23 210   M    M   0        29 190
 4  84  42  63  -6   2   0 0.00    M    M  4.1 10 210   M    M   0        14 220
 5  87  43  65  -4   0   0    T    M    M  5.2 21 150   M    M   0        29 150
 6  87  57  72   3   0   7 0.00    M    M  6.5 23 180   M    M   2        31 190
 7  89  56  73   4   0   8 0.04    M    M  9.2 25 240   M    M   2 3      36 220
 8  86  46  66  -3   0   1 0.00    M    M  6.9 22 250   M    M   0        28 230
 9  82  50  66  -2   0   1 0.00    M    M 11.5 22 250   M    M   0 8      28 230
10  78  48  63  -5   2   0 0.00    M    M  9.6 17 220   M    M   0        24 240
11  79  51  65  -3   0   0 0.00    M    M  7.5 18 210   M    M   1        23 220
12  83  43  63  -5   2   0 0.00    M    M  5.8 15 210   M    M   0        22 190
13  86  45  66  -2   0   1 0.00    M    M  5.9 14 210   M    M   0        22 220
14  88  49  69   1   0   4    T    M    M  5.4 25 300   M    M   0        38 300
15  92  48  70   3   0   5 0.00    M    M  5.0 15 220   M    M   0        22 180
16  92  50  71   4   0   6 0.00    M    M  5.2 15 200   M    M   0        19 210
17  90  50  70   3   0   5 0.00    M    M  5.8 23 190   M    M   0        30 190
18  88  53  71   5   0   6    T    M    M  5.4 18  20   M    M   1 3      28  10
19  80  51  66   0   0   1 0.00    M    M 10.3 25  30   M    M   0        33  30
20  82  39  61  -5   4   0 0.00    M    M  4.6 10 200   M    M   0        13 190
21  88  45  67   1   0   2 0.00    M    M  9.4 21 200   M    M   0        28 190
22  84  49  67   2   0   2 0.00    M    M 12.6 29 220   M    M   1        43 200
23  80  41  61  -4   4   0 0.00    M    M  8.1 21 210   M    M   0        27 220
24  76  38  57  -7   8   0 0.00    M    M  6.5 21  30   M    M   2 3      29 310
25  77  42  60  -4   5   0 0.00    M    M  5.0 14  10   M    M   0        17  10
================================================================================
SM 2123 1187        27  63  0.04    M    186.6          M       13
================================================================================
AV 84.9 47.5                               7.5 FASTST   M    M   1    MAX(MPH)
                                 MISC ---->  # 29 220               # 43  200
================================================================================
NOTES:
# LAST OF SEVERAL OCCURRENCES
PRECIPITATION SUSPECT DURING FREEZING/FROZEN EVENTS

COLUMN 17 PEAK WIND IN M.P.H.

PRELIMINARY LOCAL CLIMATOLOGICAL DATA (WS FORM: F-6) , PAGE 2

                                          STATION:  REXBURG ID
                                          MONTH:    AUGUST
                                          YEAR:     2016
                                          LATITUDE:   43 49 N
                                          LONGITUDE: 111 48 W

[TEMPERATURE DATA]      [PRECIPITATION DATA]       SYMBOLS USED IN COLUMN 16

AVERAGE MONTHLY: 66.2   TOTAL FOR MONTH:   0.04    1 = FOG OR MIST
DPTR FM NORMAL:  -1.1   DPTR FM NORMAL:   -0.68    2 = FOG REDUCING VISIBILITY
HIGHEST:    95 ON  2    GRTST 24HR  0.04 ON  7- 7      TO 1/4 MILE OR LESS
LOWEST:     38 ON 24                               3 = THUNDER
                        SNOW, ICE PELLETS, HAIL    4 = ICE PELLETS
                        TOTAL MONTH:    M          5 = HAIL
                        GRTST 24HR    M  ON   M    6 = FREEZING RAIN OR DRIZZLE
                        GRTST DEPTH:  M  ON   M    7 = DUSTSTORM OR SANDSTORM:
                                                       VSBY 1/2 MILE OR LESS
                                                   8 = SMOKE OR HAZE
[NO. OF DAYS WITH]      [WEATHER - DAYS WITH]      9 = BLOWING SNOW
                                                   X = TORNADO
MAX 32 OR BELOW:   0    0.01 INCH OR MORE:   1
MAX 90 OR ABOVE:   5    0.10 INCH OR MORE:   0
MIN 32 OR BELOW:   0    0.50 INCH OR MORE:   0
MIN  0 OR BELOW:   0    1.00 INCH OR MORE:   0

[HDD (BASE 65) ]
TOTAL THIS MO.    27    CLEAR  (SCALE 0-3)  24
DPTR FM NORMAL     4    PTCLDY (SCALE 4-7)   1
TOTAL FM JUL 1    61    CLOUDY (SCALE 8-10)  0
DPTR FM NORMAL     8

[CDD (BASE 65) ]
TOTAL THIS MO.    63
DPTR FM NORMAL   -16    [PRESSURE DATA]
TOTAL FM JAN 1   235    HIGHEST SLP M ON M
DPTR FM NORMAL    42    LOWEST  SLP 29.67 ON  8

[REMARKS]
