000
CXUS54 KEWX 300910
CF6RYW
PRELIMINARY LOCAL CLIMATOLOGICAL DATA (WS FORM: F-6)

                                          STATION:   LAGO VISTA
                                          MONTH:     JUNE
                                          YEAR:      2015
                                          LATITUDE:   30 30 N
                                          LONGITUDE:  97 58 W

  TEMPERATURE IN F:       :PCPN:    SNOW:  WIND      :SUNSHINE: SKY     :PK WND
================================================================================
1   2   3   4   5  6A  6B    7    8   9   10  11  12  13   14  15   16   17  18
                                     12Z  AVG MX 2MIN
DY MAX MIN AVG DEP HDD CDD  WTR  SNW DPTH SPD SPD DIR MIN PSBL S-S WX    SPD DR
================================================================================

 1  87  66  77   M   0  12 0.00  0.0    0  3.4  6 100   M    M   2         M  M
 2  89  71  80   M   0  15 0.00  0.0    0  5.5  9 170   M    M   1         M  M
 3  89  70  80   M   0  15 0.00  0.0    0  6.6 13 140   M    M   1        20 190
 4  89  70  80   M   0  15 0.00    M    0  5.7 12 140   M    M   2         M  M
 5  90  72  81   M   0  16 0.00  0.0    0  4.5  8 170   M    M   4        16 170
 6  90  71  81   M   0  16 0.00  0.0    0  4.7  9 140   M    M   1         M  M
 7  90  72  81   M   0  16 0.00  0.0    0  5.5  9 150   M    M   0        16 190
 8  93  73  83   M   0  18 0.00  0.0    0  4.7  8 220   M    M   0         M  M
 9  94  74  84   M   0  19 0.00  0.0    0  4.8  8 250   M    M   1         M  M
10  93  74  84   M   0  19 0.00  0.0    0  6.1  9 140   M    M   1        16 140
11  92  74  83   M   0  18 0.00    M    0  8.5 13 160   M    M   5        22 190
12  93  76  85   M   0  20 0.00    M    0  9.0 17 140   M    M   6        23 140
13  94  76  85   M   0  20 0.00  0.0    0  7.4 16 110   M    M   7        23 110
14  85  71  78   M   0  13 0.00  0.0    0  6.8 14 160   M    M   8 3      22 130
15  86  73  80   M   0  15 0.00  0.0    0  4.8 12 100   M    M   7 1      20 100
16  84  73  79   M   0  14 0.00  0.0    0  8.3 14  80   M    M  10 13     21  40
17  91  72  82   M   0  17 0.00  0.0    0  8.3 15 150   M    M   7        22 150
18  90  74  82   M   0  17 0.00  0.0    0  7.0 12 170   M    M   5 3      17 170
19  83  74  79   M   0  14    M  0.0    0  4.7 12 210   M    M   3        21 210
20  82  72  77   M   0  12 0.00  0.0    0  4.9  8 100   M    M   7 13      M  M
21  84  71  78   M   0  13 0.00  0.0    0  5.8 21 200   M    M   7 123    30 200
22  88  73  81   M   0  16 0.00  0.0    0  6.4 12 160   M    M   6 123    18 150
23  92  75  84   M   0  19 0.00    M    0  5.5 10 170   M    M   6 13     17 140
24  91  72  82   M   0  17 0.00    M    0  4.9  9 140   M    M   4 1      16 140
25  92  74  83   M   0  18 0.00  0.0    0  5.8  9 170   M    M   3         M  M
26  92  75  84   M   0  19 0.00  0.0    0  6.5  9 160   M    M   4        16 200
27  88  74  81   M   0  16 0.00  0.0    0  3.3 13  90   M    M   4 3      17  70
28  91  72  82   M   0  17 0.00  0.0    0  2.2 12  30   M    M   5 13     22  30
29  92  74  83   M   0  18 0.00  0.0    0  6.8 12 180   M    M   3 1      18 170
================================================================================
SM 2594 2108         0 474  0.00     0.0 168.4          M      120
================================================================================
AV 89.4 72.7                               5.8 FASTST   M    M   4    MAX(MPH)
                                 MISC ---->    21   M                 30    M
================================================================================
NOTES:
# LAST OF SEVERAL OCCURRENCES

COLUMN 17 PEAK WIND IN M.P.H.

PRELIMINARY LOCAL CLIMATOLOGICAL DATA (WS FORM: F-6) , PAGE 2

                                          STATION:  LAGO VISTA
                                          MONTH:    JUNE
                                          YEAR:     2015
                                          LATITUDE:   30 30 N
                                          LONGITUDE:  97 58 W

[TEMPERATURE DATA]      [PRECIPITATION DATA]       SYMBOLS USED IN COLUMN 16

AVERAGE MONTHLY: 81.1   TOTAL FOR MONTH:   0.00    1 = FOG OR MIST
DPTR FM NORMAL:     M   DPTR FM NORMAL:       M    2 = FOG REDUCING VISIBILITY
HIGHEST:    94 ON 13, 9 GRTST 24HR  0.00 ON 29-29      TO 1/4 MILE OR LESS
LOWEST:     66 ON  1                               3 = THUNDER
                        SNOW, ICE PELLETS, HAIL    4 = ICE PELLETS
                        TOTAL MONTH:   0.0 INCH    5 = HAIL
                        GRTST 24HR     0.0         6 = FREEZING RAIN OR DRIZZLE
                        GRTST DEPTH:   0           7 = DUSTSTORM OR SANDSTORM:
                                                       VSBY 1/2 MILE OR LESS
                                                   8 = SMOKE OR HAZE
[NO. OF DAYS WITH]      [WEATHER - DAYS WITH]      9 = BLOWING SNOW
                                                   X = TORNADO
MAX 32 OR BELOW:   0    0.01 INCH OR MORE:   0
MAX 90 OR ABOVE:  17    0.10 INCH OR MORE:   0
MIN 32 OR BELOW:   0    0.50 INCH OR MORE:   0
MIN  0 OR BELOW:   0    1.00 INCH OR MORE:   0

[HDD (BASE 65) ]
TOTAL THIS MO.     0    CLEAR  (SCALE 0-3)  10
DPTR FM NORMAL     M    PTCLDY (SCALE 4-7)  18
TOTAL FM JUL 1  1795    CLOUDY (SCALE 8-10)  1
DPTR FM NORMAL     M

[CDD (BASE 65) ]
TOTAL THIS MO.   474
DPTR FM NORMAL     M    [PRESSURE DATA]
TOTAL FM JAN 1  1047    HIGHEST SLP M ON M
DPTR FM NORMAL     M    LOWEST  SLP M ON M

[REMARKS]
