000
CXUS56 KSTO 311455
CF6SAC
PRELIMINARY LOCAL CLIMATOLOGICAL DATA (WS FORM: F-6)

                                          STATION:   SACRAMENTO EXEC. AIRPORT CA
                                          MONTH:     JULY
                                          YEAR:      2014
                                          LATITUDE:   38 31 N
                                          LONGITUDE: 121 30 W

  TEMPERATURE IN F:       :PCPN:    SNOW:  WIND      :SUNSHINE: SKY     :PK WND
================================================================================
1   2   3   4   5  6A  6B    7    8   9   10  11  12  13   14  15   16   17  18
                                     12Z  AVG MX 2MIN
DY MAX MIN AVG DEP HDD CDD  WTR  SNW DPTH SPD SPD DIR MIN PSBL S-S WX    SPD DR
================================================================================

 1  91  62  77   3   0  12 0.00  0.0    0 10.1 18 220   M    M   0        24 200
 2  90  57  74   0   0   9 0.00  0.0    0  9.0 14 210   M    M   0        20 200
 3  92  59  76   2   0  11 0.00  0.0    0  6.8 14 230   M    M   0        17 200
 4  95  61  78   4   0  13 0.00  0.0    0  7.8 18 230   M    M   0        23 220
 5  97  57  77   2   0  12 0.00  0.0    0  6.0 14 210   M    M   0 8      18 210
 6  98  57  78   3   0  13 0.00  0.0    0  3.8 13 230   M    M   0        16 220
 7  94  62  78   3   0  13 0.00  0.0    0  4.8 12 230   M    M   0        15 230
 8  95  64  80   5   0  15 0.00  0.0    0  6.9 15 230   M    M   0        20 220
 9  90  59  75   0   0  10 0.00  0.0    0  8.5 18 240   M    M   0        22 240
10  86  60  73  -2   0   8 0.00  0.0    0  9.9 21 230   M    M   0        25 220
11  85  60  73  -2   0   8    T  0.0    0  9.8 20 220   M    M   0        25 210
12  91  58  75   0   0  10 0.00  0.0    0  6.5 17 220   M    M   0        22 210
13  98  59  79   4   0  14 0.00  0.0    0  4.8 10 220   M    M   0        13 220
14 104  65  85  10   0  20 0.00  0.0    0  6.4 22 230   M    M   0        28 230
15  91  70  81   5   0  16 0.00  0.0    0 11.1 20 230   M    M   0        24 230
16  86  63  75  -1   0  10 0.00  0.0    0  9.4 20 220   M    M   0        26 220
17  84  61  73  -3   0   8 0.00  0.0    0  9.8 20 220   M    M   0        28 230
18  86  60  73  -3   0   8 0.00  0.0    0  9.0 16 210   M    M   0        23 210
19  93  59  76   0   0  11 0.00  0.0    0  6.2 20 230   M    M   0        29 210
20  80  62  71  -5   0   6 0.01  0.0    0  8.2 17 230   M    M   1        23 230
21  84  63  74  -2   0   9    T  0.0    0  9.1 18 230   M    M   1        24 230
22  86  62  74  -2   0   9    T  0.0    0  8.0 21 220   M    M   0        29 220
23  87  58  73  -3   0   8 0.00  0.0    0  4.8 13 220   M    M   0        17 220
24  96  61  79   3   0  14 0.00  0.0    0  5.0 15 340   M    M   0        22 340
25 102  62  82   6   0  17 0.00  0.0    0  2.2 13 240   M    M   0        15 240
26 102  66  84   8   0  19 0.00  0.0    0  4.9 12 220   M    M   0        15 220
27 100  68  84   8   0  19 0.00  0.0    0  5.9 14 220   M    M   0        17 210
28  95  63  79   3   0  14 0.00  0.0    0  7.9 17 220   M    M   0        23 220
29  98  62  80   4   0  15 0.00  0.0    0  5.6 13 230   M    M   0        18 240
30  99  64  82   6   0  17 0.00  0.0    0  5.2 14 240   M    M   0        16 230
================================================================================
SM 2775 1844         0 368  0.01     0.0 213.4          M        2
================================================================================
AV 92.5 61.5                               7.1 FASTST   M    M   0    MAX(MPH)
                                 MISC ---->  # 22 230               # 29  210
================================================================================
NOTES:
# LAST OF SEVERAL OCCURRENCES

COLUMN 17 PEAK WIND IN M.P.H.

PRELIMINARY LOCAL CLIMATOLOGICAL DATA (WS FORM: F-6) , PAGE 2

                                          STATION:  SACRAMENTO EXEC. AIRPORT CA
                                          MONTH:    JULY
                                          YEAR:     2014
                                          LATITUDE:   38 31 N
                                          LONGITUDE: 121 30 W

[TEMPERATURE DATA]      [PRECIPITATION DATA]       SYMBOLS USED IN COLUMN 16

AVERAGE MONTHLY: 77.0   TOTAL FOR MONTH:   0.01    1 = FOG OR MIST
DPTR FM NORMAL:   1.6   DPTR FM NORMAL:    0.01    2 = FOG REDUCING VISIBILITY
HIGHEST:   104 ON 14    GRTST 24HR  0.01 ON 20-20      TO 1/4 MILE OR LESS
LOWEST:     57 ON  6, 5                            3 = THUNDER
                        SNOW, ICE PELLETS, HAIL    4 = ICE PELLETS
                        TOTAL MONTH:   0.0 INCH    5 = HAIL
                        GRTST 24HR     0.0         6 = FREEZING RAIN OR DRIZZLE
                        GRTST DEPTH:   0           7 = DUSTSTORM OR SANDSTORM:
                                                       VSBY 1/2 MILE OR LESS
                                                   8 = SMOKE OR HAZE
[NO. OF DAYS WITH]      [WEATHER - DAYS WITH]      9 = BLOWING SNOW
                                                   X = TORNADO
MAX 32 OR BELOW:   0    0.01 INCH OR MORE:   1
MAX 90 OR ABOVE:  21    0.10 INCH OR MORE:   0
MIN 32 OR BELOW:   0    0.50 INCH OR MORE:   0
MIN  0 OR BELOW:   0    1.00 INCH OR MORE:   0

[HDD (BASE 65) ]
TOTAL THIS MO.     0    CLEAR  (SCALE 0-3)  30
DPTR FM NORMAL     0    PTCLDY (SCALE 4-7)   0
TOTAL FM JUL 1     0    CLOUDY (SCALE 8-10)  0
DPTR FM NORMAL     0

[CDD (BASE 65) ]
TOTAL THIS MO.   368
DPTR FM NORMAL    56    [PRESSURE DATA]
TOTAL FM JAN 1   813    HIGHEST SLP M ON M
DPTR FM NORMAL   195    LOWEST  SLP 29.70 ON  1

[REMARKS]
