000
CXUS55 KTWC 280855
CF6SAD
PRELIMINARY LOCAL CLIMATOLOGICAL DATA (WS FORM: F-6)

                                          STATION:   SAFFORD AZ AIRPORT
                                          MONTH:     MAY
                                          YEAR:      2015
                                          LATITUDE:   32 50 N
                                          LONGITUDE: 109 38 W

  TEMPERATURE IN F:       :PCPN:    SNOW:  WIND      :SUNSHINE: SKY     :PK WND
================================================================================
1   2   3   4   5  6A  6B    7    8   9   10  11  12  13   14  15   16   17  18
                                     12Z  AVG MX 2MIN
DY MAX MIN AVG DEP HDD CDD  WTR  SNW DPTH SPD SPD DIR MIN PSBL S-S WX    SPD DR
================================================================================

 1  95  53  74   5   0   9 0.00    M    0  3.4 15 260   M    M   0 8      21 260
 2  93  57  75   6   0  10 0.00    M    0  6.6 23 210   M    M   0        27 210
 3  89  62  76   6   0  11 0.00    M    0  7.9 17 210   M    M   1        23 180
 4  82  56  69  -1   0   4 0.02    M    0 14.5 30 290   M    M   3 3      36 330
 5  77  50  64  -6   1   0    T    M    0  7.3 20 310   M    M   3        26 290
 6  86  52  69  -2   0   4 0.00    M    0  7.3 23 300   M    M   0        29 290
 7  84  50  67  -4   0   2 0.00    M    0 10.2 23 160   M    M   0        30 150
 8  83  51  67  -4   0   2 0.00  0.0    0 15.3 33 290   M    M   0        47 260
 9  73  51  62 -10   3   0 0.00  0.0    0 14.1 25 320   M    M   0        32 320
10  80  44  62 -10   3   0 0.00  0.0    0  9.4 22 280   M    M   0        30 300
11  87  48  68  -4   0   3 0.00  0.0    0  6.3 18 150   M    M   0        22 160
12  81  60  71  -2   0   6 0.00  0.0    0 12.5 26 200   M    M   1        33 200
13  86  56  71  -2   0   6 0.00  0.0    0  7.8 14  80   M    M   1        17  90
14  88  63  76   3   0  11 0.03  0.0    0 14.0 31 210   M    M   1 3      40 200
15  75  56  66  -8   0   1    T  0.0    0 10.5 25 320   M    M   2        30 320
16  71  48  60 -14   5   0 0.07    M    0 11.3 28 310   M    M   6 1      36 320
17  83  50  67  -7   0   2 0.00  0.0    0  6.0 13 180   M    M   0        21  20
18  92  51  72  -2   0   7 0.00  0.0    0 11.7 30 220   M    M   0        36 220
19  84  51  68  -7   0   3 0.00  0.0    0  6.5 18 310   M    M   0        24 320
20  90  49  70  -5   0   5 0.00  0.0    0  7.2 22 170   M    M   0        29 160
21  89  55  72  -3   0   7 0.00  0.0    0 10.1 26 200   M    M   0        35 140
22  87  50  69  -7   0   4 0.00  0.0    0 13.8 29 260   M    M   0        38 170
23  80  52  66 -10   0   1 0.00  0.0    0 10.6 22 300   M    M   0        28 300
24  83  49  66 -10   0   1 0.00  0.0    0  7.7 23 310   M    M   1        29 310
25  87  50  69  -7   0   4 0.00  0.0    0  8.7 23 310   M    M   M        31 340
26  92  55  74  -3   0   9 0.00  0.0    0  5.8 14 360   M    M   M        17 340
27  93  59  76  -1   0  11 0.00  0.0    0  8.1 17 190   M    M   M        23 190
================================================================================
SM 2290 1428        12 123  0.12     0.0 254.6          M       19
================================================================================
AV 84.8 52.9                               9.4 FASTST   M    M   1    MAX(MPH)
                                 MISC ---->  # 33 290               # 47  260
================================================================================
NOTES:
# LAST OF SEVERAL OCCURRENCES

COLUMN 17 PEAK WIND IN M.P.H.

PRELIMINARY LOCAL CLIMATOLOGICAL DATA (WS FORM: F-6) , PAGE 2

                                          STATION:  SAFFORD AZ AIRPORT
                                          MONTH:    MAY
                                          YEAR:     2015
                                          LATITUDE:   32 50 N
                                          LONGITUDE: 109 38 W

[TEMPERATURE DATA]      [PRECIPITATION DATA]       SYMBOLS USED IN COLUMN 16

AVERAGE MONTHLY: 68.9   TOTAL FOR MONTH:   0.12    1 = FOG OR MIST
DPTR FM NORMAL:  -4.3   DPTR FM NORMAL:   -0.23    2 = FOG REDUCING VISIBILITY
HIGHEST:    95 ON  1    GRTST 24HR  0.07 ON 16-16      TO 1/4 MILE OR LESS
LOWEST:     44 ON 10                               3 = THUNDER
                        SNOW, ICE PELLETS, HAIL    4 = ICE PELLETS
                        TOTAL MONTH:   0.0 INCH    5 = HAIL
                        GRTST 24HR     0.0         6 = FREEZING RAIN OR DRIZZLE
                        GRTST DEPTH:   0           7 = DUSTSTORM OR SANDSTORM:
                                                       VSBY 1/2 MILE OR LESS
                                                   8 = SMOKE OR HAZE
[NO. OF DAYS WITH]      [WEATHER - DAYS WITH]      9 = BLOWING SNOW
                                                   X = TORNADO
MAX 32 OR BELOW:   0    0.01 INCH OR MORE:   3
MAX 90 OR ABOVE:   6    0.10 INCH OR MORE:   0
MIN 32 OR BELOW:   0    0.50 INCH OR MORE:   0
MIN  0 OR BELOW:   0    1.00 INCH OR MORE:   0

[HDD (BASE 65) ]
TOTAL THIS MO.    12    CLEAR  (SCALE 0-3)  22
DPTR FM NORMAL     7    PTCLDY (SCALE 4-7)   2
TOTAL FM JUL 1  1718    CLOUDY (SCALE 8-10)  0
DPTR FM NORMAL  -545

[CDD (BASE 65) ]
TOTAL THIS MO.   123
DPTR FM NORMAL  -105    [PRESSURE DATA]
TOTAL FM JAN 1   186    HIGHEST SLP M ON M
DPTR FM NORMAL  -118    LOWEST  SLP 29.63 ON  6

[REMARKS]
