000
CXUS55 KTWC 250855
CF6SAD
PRELIMINARY LOCAL CLIMATOLOGICAL DATA (WS FORM: F-6)

                                          STATION:   SAFFORD AZ AIRPORT
                                          MONTH:     FEBRUARY
                                          YEAR:      2017
                                          LATITUDE:   32 50 N
                                          LONGITUDE: 109 38 W

  TEMPERATURE IN F:       :PCPN:    SNOW:  WIND      :SUNSHINE: SKY     :PK WND
================================================================================
1   2   3   4   5  6A  6B    7    8   9   10  11  12  13   14  15   16   17  18
                                     12Z  AVG MX 2MIN
DY MAX MIN AVG DEP HDD CDD  WTR  SNW DPTH SPD SPD DIR MIN PSBL S-S WX    SPD DR
================================================================================

 1  68  30  49   0  16   0 0.00    M    0  4.5 10 250   M    M   0        15 320
 2  69  30  50   1  15   0 0.00    M    0  2.7 10 140   M    M   0        14 130
 3  70  33  52   3  13   0 0.00    M    0  4.4 14 120   M    M   0        17 130
 4  70  33  52   3  13   0 0.00    M    0  4.5 13 320   M    M   0        13 290
 5  74  35  55   6  10   0    T    M    0  5.1 15 110   M    M   0        18 110
 6  67  40  54   5  11   0 0.00    M    0  6.8 18 310   M    M   1        23 310
 7  68  37  53   3  12   0 0.00    M    0  9.0 22 330   M    M   1        28 320
 8  72  39  56   6   9   0 0.00    M    0  4.5 12 320   M    M   0        19 360
 9  80  39  60  10   5   0 0.00    M    0  5.9 16 120   M    M   0        19 120
10  82  43  63  13   2   0 0.00    M    0  5.1 14 150   M    M   0        17 150
11  82  43  63  13   2   0 0.00  0.0    0  7.3 20 310   M    M   0        26 310
12  64  47  56   6   9   0 0.09    M    0  9.6 25 100   M    M   5 1      31  90
13  53  43  48  -3  17   0 0.06  0.0    0  6.1 16 170   M    M   M 1      20 170
14  59  38  49  -2  16   0    T  0.0    0  7.2 16  80   M    M   M 1      19  80
15  61  41  51   0  14   0 0.00  0.0    0  9.9 21 140   M    M   M        28 120
16  66  31  49  -2  16   0 0.00  0.0    0  4.5 10  90   M    M   M        11 160
17  67  39  53   2  12   0 0.00  0.0    0  4.3 13 130   M    M   M        17 120
18  69  47  58   6   7   0    T  0.0    0 12.7 26 180   M    M   M        34 170
19  61  44  53   1  12   0    T  0.0    0  8.8 17 300   M    M   M        25 290
20  66  41  54   2  11   0 0.00    M    0  7.9 20 270   M    M   3        27 310
21  76  39  58   6   7   0 0.00    M    0  4.6 15 290   M    M   0        18 300
22  78  42  60   8   5   0 0.00    M    0  7.1 21 320   M    M   0        27 320
23  64  43  54   1  11   0 0.00  0.0    0 17.1 32 310   M    M   0        41 300
24  60  32  46  -7  19   0 0.00    M    0 10.0 22 310   M    M   0        29 300
================================================================================
SM 1646  929       264   0  0.15     0.0 169.6          M       10
================================================================================
AV 68.6 38.7                               7.1 FASTST   M    M   1    MAX(MPH)
                                 MISC ---->  # 32 310               # 41  300
================================================================================
NOTES:
# LAST OF SEVERAL OCCURRENCES

COLUMN 17 PEAK WIND IN M.P.H.

PRELIMINARY LOCAL CLIMATOLOGICAL DATA (WS FORM: F-6) , PAGE 2

                                          STATION:  SAFFORD AZ AIRPORT
                                          MONTH:    FEBRUARY
                                          YEAR:     2017
                                          LATITUDE:   32 50 N
                                          LONGITUDE: 109 38 W

[TEMPERATURE DATA]      [PRECIPITATION DATA]       SYMBOLS USED IN COLUMN 16

AVERAGE MONTHLY: 53.7   TOTAL FOR MONTH:   0.15    1 = FOG OR MIST
DPTR FM NORMAL:   3.0   DPTR FM NORMAL:   -0.58    2 = FOG REDUCING VISIBILITY
HIGHEST:    82 ON 11,10 GRTST 24HR  0.15 ON 12-13      TO 1/4 MILE OR LESS
LOWEST:     30 ON  2, 1                            3 = THUNDER
                        SNOW, ICE PELLETS, HAIL    4 = ICE PELLETS
                        TOTAL MONTH:   0.0 INCH    5 = HAIL
                        GRTST 24HR     0.0         6 = FREEZING RAIN OR DRIZZLE
                        GRTST DEPTH:   0           7 = DUSTSTORM OR SANDSTORM:
                                                       VSBY 1/2 MILE OR LESS
                                                   8 = SMOKE OR HAZE
[NO. OF DAYS WITH]      [WEATHER - DAYS WITH]      9 = BLOWING SNOW
                                                   X = TORNADO
MAX 32 OR BELOW:   0    0.01 INCH OR MORE:   2
MAX 90 OR ABOVE:   0    0.10 INCH OR MORE:   0
MIN 32 OR BELOW:   4    0.50 INCH OR MORE:   0
MIN  0 OR BELOW:   0    1.00 INCH OR MORE:   0

[HDD (BASE 65) ]
TOTAL THIS MO.   264    CLEAR  (SCALE 0-3)  15
DPTR FM NORMAL   -81    PTCLDY (SCALE 4-7)   2
TOTAL FM JUL 1  1510    CLOUDY (SCALE 8-10)  0
DPTR FM NORMAL  -342

[CDD (BASE 65) ]
TOTAL THIS MO.     0
DPTR FM NORMAL     0    [PRESSURE DATA]
TOTAL FM JAN 1     0    HIGHEST SLP M ON M
DPTR FM NORMAL     0    LOWEST  SLP 29.47 ON 18

[REMARKS]
