000
CXUS56 KSGX 201445
CF6SAN

PRELIMINARY LOCAL CLIMATOLOGICAL DATA (WS FORM: F-6)

                                          STATION:   SAN DIEGO/LINDBERGH FIELD CA
                                          MONTH:     DECEMBER
                                          YEAR:      2014
                                          LATITUDE:   32 43 N
                                          LONGITUDE: 117 10 W

  TEMPERATURE IN F:       :PCPN:    SNOW:  WIND      :SUNSHINE: SKY     :PK WND
================================================================================
1   2   3   4   5  6A  6B    7    8   9   10  11  12  13   14  15   16   17  18
                                     12Z  AVG MX 2MIN
DY MAX MIN AVG DEP HDD CDD  WTR  SNW DPTH SPD SPD DIR MIN PSBL S-S WX    SPD DR
================================================================================

 1  70  57  64   6   1   0    T  0.0    0  2.4 13 320   M    M   6        15 350
 2  69  60  65   7   0   0 0.42  0.0    0  4.4 17 160   M    M   9 1      24 170
 3  67  61  64   6   1   0 0.27  0.0    0  4.7 14 180   M    M  10 13     18 160
 4  70  60  65   8   0   0 1.84  0.0    0  6.2 21 220   M    M   7 13     24 210
 5  67  58  63   6   2   0 0.00  0.0    0  2.4 10 300   M    M   9 18     13 300
 6  70  59  65   8   0   0 0.00  0.0    0  4.9 14 300   M    M   5 1      17 310
 7  77  56  67  10   0   2 0.00  0.0    0  3.1 17 300   M    M   8 12     22 310
 8  73  59  66   9   0   1 0.00  0.0    0  2.9 12 310   M    M   7 18     14 310
 9  75  55  65   8   0   0 0.00  0.0    0  3.2 13 290   M    M   3 18     15 320
10  67  55  61   4   4   0 0.00  0.0    0  3.4  9 230   M    M   6 128    12 230
11  67  62  65   9   0   0    T  0.0    0  7.8 18 170   M    M   8 18     22 170
12  65  56  61   5   4   0 1.05  0.0    0  9.7 29 170   M    M   9 1      37 170
13  65  54  60   4   5   0    T  0.0    0  3.6 14 310   M    M   4 8      17 310
14  65  50  58   2   7   0 0.00  0.0    0  2.4 13 300   M    M   4        23  50
15  64  51  58   2   7   0 0.00  0.0    0  2.3  9 240   M    M   7        10 190
16  61  56  59   3   6   0 0.43  0.0    0  4.7 16 160   M    M   7 1      20 130
17  66  55  61   5   4   0 0.41  0.0    0  6.1 17 280   M    M   7 1      22 270
18  65  53  59   3   6   0 0.00  0.0    0  3.1 10 280   M    M   6        21  40
19  68  53  61   5   4   0 0.00  0.0    0  2.9 14 300   M    M   5        17 300
================================================================================
SM 1291 1070        51   3  4.42     0.0  80.2          M      127
================================================================================
AV 67.9 56.3                               4.2 FASTST   M    M   7    MAX(MPH)
                                 MISC ---->  # 29 170               # 37  170
================================================================================
NOTES:
# LAST OF SEVERAL OCCURRENCES

COLUMN 17 PEAK WIND IN M.P.H.

PRELIMINARY LOCAL CLIMATOLOGICAL DATA (WS FORM: F-6) , PAGE 2

                                          STATION:  SAN DIEGO/LINDBERGH FIELD CA
                                          MONTH:    DECEMBER
                                          YEAR:     2014
                                          LATITUDE:   32 43 N
                                          LONGITUDE: 117 10 W

[TEMPERATURE DATA]      [PRECIPITATION DATA]       SYMBOLS USED IN COLUMN 16

AVERAGE MONTHLY: 62.1   TOTAL FOR MONTH:   4.42    1 = FOG OR MIST
DPTR FM NORMAL:   5.4   DPTR FM NORMAL:    3.57    2 = FOG REDUCING VISIBILITY
HIGHEST:    77 ON  7    GRTST 24HR  1.95 ON  3- 4      TO 1/4 MILE OR LESS
LOWEST:     50 ON 14                               3 = THUNDER
                        SNOW, ICE PELLETS, HAIL    4 = ICE PELLETS
                        TOTAL MONTH:   0.0 INCH    5 = HAIL
                        GRTST 24HR     0.0         6 = FREEZING RAIN OR DRIZZLE
                        GRTST DEPTH:   0           7 = DUSTSTORM OR SANDSTORM:
                                                       VSBY 1/2 MILE OR LESS
                                                   8 = SMOKE OR HAZE
[NO. OF DAYS WITH]      [WEATHER - DAYS WITH]      9 = BLOWING SNOW
                                                   X = TORNADO
MAX 32 OR BELOW:   0    0.01 INCH OR MORE:   6
MAX 90 OR ABOVE:   0    0.10 INCH OR MORE:   6
MIN 32 OR BELOW:   0    0.50 INCH OR MORE:   2
MIN  0 OR BELOW:   0    1.00 INCH OR MORE:   2

[HDD (BASE 65) ]
TOTAL THIS MO.    51    CLEAR  (SCALE 0-3)   1
DPTR FM NORMAL  -106    PTCLDY (SCALE 4-7)  13
TOTAL FM JUL 1    73    CLOUDY (SCALE 8-10)  5
DPTR FM NORMAL  -229

[CDD (BASE 65) ]
TOTAL THIS MO.     3
DPTR FM NORMAL     3    [PRESSURE DATA]
TOTAL FM JAN 1  1494    HIGHEST SLP M ON M
DPTR FM NORMAL   774    LOWEST  SLP 29.89 ON 12

[REMARKS]
