000
CXUS52 KCHS 281845
CF6SAV
PRELIMINARY LOCAL CLIMATOLOGICAL DATA (WS FORM: F-6)

                                          STATION:   SAVANNAH GA
                                          MONTH:     MARCH
                                          YEAR:      2015
                                          LATITUDE:   32  7 N
                                          LONGITUDE:  81 12 W

  TEMPERATURE IN F:       :PCPN:    SNOW:  WIND      :SUNSHINE: SKY     :PK WND
================================================================================
1   2   3   4   5  6A  6B    7    8   9   10  11  12  13   14  15   16   17  18
                                     12Z  AVG MX 2MIN
DY MAX MIN AVG DEP HDD CDD  WTR  SNW DPTH SPD SPD DIR MIN PSBL S-S WX    SPD DR
================================================================================

 1  51  41  46 -10  19   0 0.06  0.0    0  6.6 13  40   M    M  10 18     17  50
 2  77  46  62   6   3   0 0.00  0.0    0  3.9 15 260   M    M   9 12     20 260
 3  74  55  65   9   0   0 0.00  0.0    0  6.1 12 180   M    M   7 128    15  90
 4  84  61  73  16   0   8 0.00  0.0    0 10.4 21 210   M    M   7 12     25 200
 5  84  55  70  13   0   5 0.22  0.0    0 12.7 33 300   M    M   7 1      41 310
 6  55  38  47 -10  18   0    T  0.0    0  8.0 17  40   M    M   9 1      24  20
 7  63  33  48  -9  17   0 0.00  0.0    0  3.0 14 150   M    M   2 1      16 150
 8  72  36  54  -4  11   0 0.00  0.0    0  3.1 13 160   M    M   4 1      16 150
 9  75  44  60   2   5   0 0.00  0.0    0  5.1 16 150   M    M   5 18     20 140
10  82  50  66   8   0   1 0.00  0.0    0  7.3 20 160   M    M   4 1      25 160
11  87  59  73  15   0   8    T  0.0    0  4.6 14 180   M    M   6 123    17 180
12  76  60  68  10   0   3 0.00  0.0    0 12.2 24  80   M    M   7 1      32  70
13  64  55  60   1   5   0 0.35  0.0    0 10.6 22  70   M    M  10 1      31  70
14  83  64  74  15   0   9 0.19  0.0    0  8.0 16 240   M    M   9 1      23 220
15  81  56  69  10   0   4 0.00  0.0    0  4.1 12 180   M    M   6 1      14 340
16  85  47  66   7   0   1 0.00  0.0    0  5.1 16 180   M    M   4 1      21 180
17  86  53  70  10   0   5 0.00  0.0    0  9.0 25 250   M    M   3 8      32 250
18  71  58  65   5   0   0 0.00  0.0    0 10.4 20  90   M    M   6        26  80
19  63  57  60   0   5   0 0.32  0.0    0  7.8 15  90   M    M  10 1      20 100
20  73  58  66   6   0   1 0.00  0.0    0  4.9 14 310   M    M   9 1      17 290
21  79  62  71  11   0   6 0.00  0.0    0  4.2 17 110   M    M   8 1      21 110
22  63  58  61   0   4   0 0.23  0.0    0  5.5 14  70   M    M   9 1      24  70
23  59  55  57  -4   8   0 0.38  0.0    0  8.7 15  30   M    M  10 1      20  30
24  69  53  61   0   4   0 0.00  0.0    0  7.4 12 100   M    M   9        17  30
25  73  60  67   6   0   2 0.06  0.0    0  8.0 14 150   M    M   9 18     18  40
26  80  60  70   9   0   5    T  0.0    0  6.9 17 200   M    M  10 1      20 170
27  74  49  62   0   3   0 0.18  0.0    0 10.7 23 280   M    M   7 13     28 270
================================================================================
SM 1983 1423       102  58  1.99     0.0 194.3          M      196
================================================================================
AV 73.4 52.7                               7.2 FASTST   M    M   7    MAX(MPH)
                                 MISC ---->  # 33 300               # 41  310
================================================================================
NOTES:
# LAST OF SEVERAL OCCURRENCES

COLUMN 17 PEAK WIND IN M.P.H.

PRELIMINARY LOCAL CLIMATOLOGICAL DATA (WS FORM: F-6) , PAGE 2

                                          STATION:  SAVANNAH GA
                                          MONTH:    MARCH
                                          YEAR:     2015
                                          LATITUDE:   32  7 N
                                          LONGITUDE:  81 12 W

[TEMPERATURE DATA]      [PRECIPITATION DATA]       SYMBOLS USED IN COLUMN 16

AVERAGE MONTHLY: 63.1   TOTAL FOR MONTH:   1.99    1 = FOG OR MIST
DPTR FM NORMAL:   4.2   DPTR FM NORMAL:   -1.24    2 = FOG REDUCING VISIBILITY
HIGHEST:    87 ON 11    GRTST 24HR  0.38 ON 23-23      TO 1/4 MILE OR LESS
LOWEST:     33 ON  7                               3 = THUNDER
                        SNOW, ICE PELLETS, HAIL    4 = ICE PELLETS
                        TOTAL MONTH:   0.0 INCH    5 = HAIL
                        GRTST 24HR     0.0         6 = FREEZING RAIN OR DRIZZLE
                        GRTST DEPTH:   0           7 = DUSTSTORM OR SANDSTORM:
                                                       VSBY 1/2 MILE OR LESS
                                                   8 = SMOKE OR HAZE
[NO. OF DAYS WITH]      [WEATHER - DAYS WITH]      9 = BLOWING SNOW
                                                   X = TORNADO
MAX 32 OR BELOW:   0    0.01 INCH OR MORE:   9
MAX 90 OR ABOVE:   0    0.10 INCH OR MORE:   7
MIN 32 OR BELOW:   0    0.50 INCH OR MORE:   0
MIN  0 OR BELOW:   0    1.00 INCH OR MORE:   0

[HDD (BASE 65) ]
TOTAL THIS MO.   102    CLEAR  (SCALE 0-3)   1
DPTR FM NORMAL   -90    PTCLDY (SCALE 4-7)  14
TOTAL FM JUL 1  1637    CLOUDY (SCALE 8-10) 12
DPTR FM NORMAL   -72

[CDD (BASE 65) ]
TOTAL THIS MO.    58
DPTR FM NORMAL    31    [PRESSURE DATA]
TOTAL FM JAN 1    63    HIGHEST SLP M ON M
DPTR FM NORMAL    26    LOWEST  SLP 29.62 ON 27

[REMARKS]
