000
CXUS53 KIWX 250800
CF6SBN
PRELIMINARY LOCAL CLIMATOLOGICAL DATA (WS FORM: F-6)

                                          STATION:   SOUTH BEND
                                          MONTH:     APRIL
                                          YEAR:      2014
                                          LATITUDE:   41 42 N
                                          LONGITUDE:  86 19 W

  TEMPERATURE IN F:       :PCPN:    SNOW:  WIND      :SUNSHINE: SKY     :PK WND
================================================================================
1   2   3   4   5  6A  6B    7    8   9   10  11  12  13   14  15   16   17  18
                                     12Z  AVG MX 2MIN
DY MAX MIN AVG DEP HDD CDD  WTR  SNW DPTH SPD SPD DIR MIN PSBL S-S WX    SPD DR
================================================================================

 1  58  41  50   6  15   0 0.01  0.0    0 17.1 30 250   M    M   5        39 250
 2  56  31  44   0  21   0 0.00  0.0    0  5.0 14  80   M    M   3        19  80
 3  51  35  43  -1  22   0 1.16  0.0    0 14.7 26 130   M    M  10 13     44  50
 4  47  35  41  -4  24   0 0.01  0.0    0 15.9 29 260   M    M  10 12     37 280
 5  47  31  39  -6  26   0 0.00  0.0    0  9.5 24 320   M    M   4        32 320
 6  55  26  41  -5  24   0 0.00  0.0    0  5.3 15 170   M    M   0        19 160
 7  53  37  45  -1  20   0 0.08  0.0    0  6.4 16  30   M    M   6 1      21  30
 8  55  32  44  -2  21   0    T  0.0    0  9.1 20 350   M    M   3 18     23 350
 9  61  28  45  -2  20   0 0.00  0.0    0  9.1 21 240   M    M   2 18     27 240
10  68  39  54   7  11   0    T  0.0    0 12.5 29 250   M    M   3        38 210
11  70  32  51   4  14   0 0.00  0.0    0  3.7 16 340   M    M   1 18     19 340
12  77  47  62  14   3   0 0.00  0.0    0 13.5 30 210   M    M   4        39 210
13  72  62  67  19   0   2 0.05  0.0    0 15.0 29 200   M    M   7 3      36 200
14  67  30  49   0  16   0 0.10  1.1    0 19.6 31 210   M    M  10 18     42 220
15  35  27  31 -18  34   0    T    T    1 13.2 26 340   M    M   5        36 320
16  50  27  39 -10  26   0 0.00  0.0    0 13.2 25 140   M    M   0        31 140
17  67  37  52   2  13   0 0.00  0.0    0 12.0 23 230   M    M   1        31 230
18  60  34  47  -3  18   0 0.01  0.0    0  8.0 18 340   M    M   3 18     23 320
19  64  33  49  -1  16   0 0.00  0.0    0  9.5 18 140   M    M   0        22 130
20  75  40  58   7   7   0 0.00  0.0    0  7.2 16 130   M    M   0        20 130
21  79  50  65  14   0   0 0.47  0.0    0  8.7 31 280   M    M   3 13     48 270
22  60  36  48  -4  17   0 0.00  0.0    0 17.4 28 340   M    M   2 18     40 350
23  55  32  44  -8  21   0 0.00  0.0    0  8.3 16 290   M    M   1        19 300
24  61  46  54   2  11   0 0.05  0.0    0 15.4 28 130   M    M   7        35 130
================================================================================
SM 1443  868       400   2  1.94     1.1 269.3          M       90
================================================================================
AV 60.1 36.2                              11.2 FASTST   M    M   4    MAX(MPH)
                                 MISC ---->  # 31 210               # 48  270
================================================================================
NOTES:
# LAST OF SEVERAL OCCURRENCES

COLUMN 17 PEAK WIND IN M.P.H.

PRELIMINARY LOCAL CLIMATOLOGICAL DATA (WS FORM: F-6) , PAGE 2

                                          STATION:  SOUTH BEND
                                          MONTH:    APRIL
                                          YEAR:     2014
                                          LATITUDE:   41 42 N
                                          LONGITUDE:  86 19 W

[TEMPERATURE DATA]      [PRECIPITATION DATA]       SYMBOLS USED IN COLUMN 16

AVERAGE MONTHLY: 48.1   TOTAL FOR MONTH:   1.94    1 = FOG OR MIST
DPTR FM NORMAL:   0.1   DPTR FM NORMAL:   -0.61    2 = FOG REDUCING VISIBILITY
HIGHEST:    79 ON 21    GRTST 24HR  1.16 ON  3- 3      TO 1/4 MILE OR LESS
LOWEST:     26 ON  6                               3 = THUNDER
                        SNOW, ICE PELLETS, HAIL    4 = ICE PELLETS
                        TOTAL MONTH:   1.1 INCHES  5 = HAIL
                        GRTST 24HR   1.1 ON   M    6 = FREEZING RAIN OR DRIZZLE
                        GRTST DEPTH:   1 ON 15     7 = DUSTSTORM OR SANDSTORM:
                                                       VSBY 1/2 MILE OR LESS
                                                   8 = SMOKE OR HAZE
[NO. OF DAYS WITH]      [WEATHER - DAYS WITH]      9 = BLOWING SNOW
                                                   X = TORNADO
MAX 32 OR BELOW:   0    0.01 INCH OR MORE:   9
MAX 90 OR ABOVE:   0    0.10 INCH OR MORE:   3
MIN 32 OR BELOW:  10    0.50 INCH OR MORE:   1
MIN  0 OR BELOW:   0    1.00 INCH OR MORE:   1

[HDD (BASE 65) ]
TOTAL THIS MO.   400    CLEAR  (SCALE 0-3)  11
DPTR FM NORMAL   -16    PTCLDY (SCALE 4-7)  10
TOTAL FM JUL 1  6659    CLOUDY (SCALE 8-10)  3
DPTR FM NORMAL   699

[CDD (BASE 65) ]
TOTAL THIS MO.     2
DPTR FM NORMAL     2    [PRESSURE DATA]
TOTAL FM JAN 1     2    HIGHEST SLP M ON M
DPTR FM NORMAL     1    LOWEST  SLP 29.46 ON 14

[REMARKS]
