000
CXUS55 KLOX 271655
CF6SBP
PRELIMINARY LOCAL CLIMATOLOGICAL DATA (WS FORM: F-6)

                                          STATION:   SAN LUIS OBISPO AIRPORT CA
                                          MONTH:     JUNE
                                          YEAR:      2017
                                          LATITUDE:   35 13 N
                                          LONGITUDE: 120 38 W

  TEMPERATURE IN F:       :PCPN:    SNOW:  WIND      :SUNSHINE: SKY     :PK WND
================================================================================
1   2   3   4   5  6A  6B    7    8   9   10  11  12  13   14  15   16   17  18
                                     12Z  AVG MX 2MIN
DY MAX MIN AVG DEP HDD CDD  WTR  SNW DPTH SPD SPD DIR MIN PSBL S-S WX    SPD DR
================================================================================

 1  80  53  67   5   0   2 0.00  0.0    0 12.4 30 310   M    M   4 1      36 310
 2  83  52  68   6   0   3 0.00  0.0    0  9.2 29 320   M    M   2 12     35 310
 3  81  53  67   5   0   2 0.00  0.0    0  5.6 18 310   M    M   0 18     22 310
 4  80  50  65   3   0   0 0.00  0.0    0  8.4 23 320   M    M   1 12     26 320
 5  77  50  64   2   1   0 0.00  0.0    0  8.7 22 310   M    M   1 18     27 300
 6  72  52  62   0   3   0 0.00  0.0    0  5.5 13 310   M    M   6 1      16 150
 7  72  53  63   1   2   0 0.00  0.0    0  5.5 17 310   M    M   6 1      21 300
 8  78  50  64   2   1   0 0.00  0.0    0  7.0 20 300   M    M   0        22 310
 9  75  55  65   3   0   0 0.00  0.0    0  7.7 20 320   M    M   8 8      24 320
10  76  49  63   1   2   0 0.00    M    0 13.3 29 310   M    M   1        38 310
11  69  47  58  -4   7   0 0.00    M    0 14.0 30 310   M    M   1        39 320
12  72  51  62  -1   3   0 0.00  0.0    0 12.6 29 310   M    M   2        37 310
13  77  53  65   2   0   0 0.00  0.0    0 14.8 29 320   M    M   0        34 320
14  81  53  67   4   0   2 0.00  0.0    0 11.3 30 320   M    M   0        34 320
15  88  53  71   8   0   6 0.00  0.0    0 10.4 29 310   M    M   0        33 310
16  90  60  75  12   0  10 0.00  0.0    0 11.8 25 320   M    M   0        32 320
17  90  61  76  13   0  11 0.00  0.0    0  6.4 16 310   M    M   0 8      19 320
18  87  59  73  10   0   8 0.00  0.0    0  4.4 15 310   M    M   0        19 320
19  93  56  75  12   0  10 0.00  0.0    0  5.5 20 310   M    M   0        24 320
20  83  56  70   6   0   5 0.00  0.0    0  6.9 16 320   M    M   3 18     19 310
21  77  53  65   1   0   0 0.00  0.0    0  5.1 16 310   M    M   4 1      19 300
22  80  53  67   3   0   2 0.00  0.0    0  3.9  9 280   M    M   5 1      18 280
23  78  57  68   4   0   3 0.00  0.0    0  6.0 14 310   M    M   4 1      17 320
24  76  56  66   2   0   1 0.00  0.0    0 12.7 22 300   M    M   5 1      27 300
25  78  54  66   2   0   1 0.00  0.0    0  9.5 22 310   M    M   4 1      26 310
26  83  49  66   2   0   1 0.00  0.0    0  9.4 23 310   M    M   0        29 310
================================================================================
SM 2076 1388        19  67  0.00     0.0 228.1          M       57
================================================================================
AV 79.9 53.4                               8.8 FASTST   M    M   2    MAX(MPH)
                                 MISC ---->  # 30 310               # 39  320
================================================================================
NOTES:
# LAST OF SEVERAL OCCURRENCES

COLUMN 17 PEAK WIND IN M.P.H.

PRELIMINARY LOCAL CLIMATOLOGICAL DATA (WS FORM: F-6) , PAGE 2

                                          STATION:  SAN LUIS OBISPO AIRPORT CA
                                          MONTH:    JUNE
                                          YEAR:     2017
                                          LATITUDE:   35 13 N
                                          LONGITUDE: 120 38 W

[TEMPERATURE DATA]      [PRECIPITATION DATA]       SYMBOLS USED IN COLUMN 16

AVERAGE MONTHLY: 66.6   TOTAL FOR MONTH:   0.00    1 = FOG OR MIST
DPTR FM NORMAL:   3.8   DPTR FM NORMAL:   -0.06    2 = FOG REDUCING VISIBILITY
HIGHEST:    93 ON 19    GRTST 24HR    T  ON 31- 1      TO 1/4 MILE OR LESS
LOWEST:     47 ON 11                               3 = THUNDER
                        SNOW, ICE PELLETS, HAIL    4 = ICE PELLETS
                        TOTAL MONTH:   0.0 INCH    5 = HAIL
                        GRTST 24HR     0.0         6 = FREEZING RAIN OR DRIZZLE
                        GRTST DEPTH:   0           7 = DUSTSTORM OR SANDSTORM:
                                                       VSBY 1/2 MILE OR LESS
                                                   8 = SMOKE OR HAZE
[NO. OF DAYS WITH]      [WEATHER - DAYS WITH]      9 = BLOWING SNOW
                                                   X = TORNADO
MAX 32 OR BELOW:   0    0.01 INCH OR MORE:   0
MAX 90 OR ABOVE:   3    0.10 INCH OR MORE:   0
MIN 32 OR BELOW:   0    0.50 INCH OR MORE:   0
MIN  0 OR BELOW:   0    1.00 INCH OR MORE:   0

[HDD (BASE 65) ]
TOTAL THIS MO.    19    CLEAR  (SCALE 0-3)  17
DPTR FM NORMAL   -56    PTCLDY (SCALE 4-7)   9
TOTAL FM JUL 1  1439    CLOUDY (SCALE 8-10)  0
DPTR FM NORMAL  -942

[CDD (BASE 65) ]
TOTAL THIS MO.    67
DPTR FM NORMAL    41    [PRESSURE DATA]
TOTAL FM JAN 1   139    HIGHEST SLP M ON M
DPTR FM NORMAL    89    LOWEST  SLP 29.64 ON 21

[REMARKS]
