000
CXUS55 KLOX 241155
CF6SBP
PRELIMINARY LOCAL CLIMATOLOGICAL DATA (WS FORM: F-6)

                                          STATION:   SAN LUIS OBISPO AIRPORT CA
                                          MONTH:     OCTOBER
                                          YEAR:      2014
                                          LATITUDE:   35 13 N
                                          LONGITUDE: 120 38 W

  TEMPERATURE IN F:       :PCPN:    SNOW:  WIND      :SUNSHINE: SKY     :PK WND
================================================================================
1   2   3   4   5  6A  6B    7    8   9   10  11  12  13   14  15   16   17  18
                                     12Z  AVG MX 2MIN
DY MAX MIN AVG DEP HDD CDD  WTR  SNW DPTH SPD SPD DIR MIN PSBL S-S WX    SPD DR
================================================================================

 1  93  53  73   8   0   8 0.00  0.0    0  8.7 22 310   M    M   0        28 310
 2  99  58  79  15   0  14 0.00  0.0    0  5.3 23 320   M    M   0        29 320
 3  98  54  76  12   0  11 0.00  0.0    0  4.0 16 310   M    M   0        20 320
 4 103  55  79  15   0  14 0.00  0.0    0  4.4 22 320   M    M   0        25 320
 5  94  57  76  12   0  11 0.00  0.0    0  3.4 15 310   M    M   0        17 280
 6  86  52  69   5   0   4 0.00  0.0    0  3.7 17 310   M    M   1 12     22 330
 7  82  50  66   2   0   1 0.00  0.0    0  4.3 15 310   M    M   5 12     17 310
 8  80  54  67   3   0   2 0.00  0.0    0  5.1 20 330   M    M   5 12     22 320
 9  76  50  63  -1   2   0 0.00  0.0    0  3.6 12 310   M    M   6 12     14 300
10  73  53  63  -1   2   0 0.00  0.0    0  8.3 23 320   M    M   5 12     27 320
11  75  53  64   1   1   0 0.00  0.0    0  7.4 23 320   M    M   4 128    26 310
12  96  51  74  11   0   9 0.00  0.0    0  5.6 23 320   M    M   0 1      27 320
13  79  50  65   2   0   0 0.00  0.0    0  3.9 13 310   M    M   3 18     15 310
14  71  60  66   3   0   1 0.00  0.0    0  7.2 20 230   M    M  10 1      26 230
15  77  56  67   4   0   2    T  0.0    0  6.7 18 320   M    M   5        23 300
16  76  51  64   1   1   0 0.00  0.0    0  6.3 22 320   M    M   0        26 320
17  74  48  61  -2   4   0 0.00  0.0    0  4.9 20 320   M    M   0        21 320
18  83  53  68   6   0   3 0.00  0.0    0  9.3 25 320   M    M   0        29 320
19  79  50  65   3   0   0 0.00  0.0    0  5.5 21 320   M    M   2        23 320
20  76  60  68   6   0   3 0.00  0.0    0  9.4 23 320   M    M   5        28 320
21  80  59  70   8   0   5 0.00  0.0    0  9.8 22 310   M    M   0        28 340
22  81  55  68   6   0   3 0.00  0.0    0  8.7 24 320   M    M   0        29 320
23  83  49  66   4   0   1 0.00  0.0    0  5.7 21 320   M    M   1 12     24 320
================================================================================
SM 1914 1231        10  92    T      0.0 141.2          M       52
================================================================================
AV 83.2 53.5                               6.1 FASTST   M    M   2    MAX(MPH)
                                 MISC ---->  # 25 320               # 29  320
================================================================================
NOTES:
# LAST OF SEVERAL OCCURRENCES

COLUMN 17 PEAK WIND IN M.P.H.

PRELIMINARY LOCAL CLIMATOLOGICAL DATA (WS FORM: F-6) , PAGE 2

                                          STATION:  SAN LUIS OBISPO AIRPORT CA
                                          MONTH:    OCTOBER
                                          YEAR:     2014
                                          LATITUDE:   35 13 N
                                          LONGITUDE: 120 38 W

[TEMPERATURE DATA]      [PRECIPITATION DATA]       SYMBOLS USED IN COLUMN 16

AVERAGE MONTHLY: 68.4   TOTAL FOR MONTH:      T    1 = FOG OR MIST
DPTR FM NORMAL:   5.2   DPTR FM NORMAL:   -0.53    2 = FOG REDUCING VISIBILITY
HIGHEST:   103 ON  4    GRTST 24HR    T  ON 15-15      TO 1/4 MILE OR LESS
LOWEST:     48 ON 17                               3 = THUNDER
                        SNOW, ICE PELLETS, HAIL    4 = ICE PELLETS
                        TOTAL MONTH:   0.0 INCH    5 = HAIL
                        GRTST 24HR     0.0         6 = FREEZING RAIN OR DRIZZLE
                        GRTST DEPTH:   0           7 = DUSTSTORM OR SANDSTORM:
                                                       VSBY 1/2 MILE OR LESS
                                                   8 = SMOKE OR HAZE
[NO. OF DAYS WITH]      [WEATHER - DAYS WITH]      9 = BLOWING SNOW
                                                   X = TORNADO
MAX 32 OR BELOW:   0    0.01 INCH OR MORE:   0
MAX 90 OR ABOVE:   6    0.10 INCH OR MORE:   0
MIN 32 OR BELOW:   0    0.50 INCH OR MORE:   0
MIN  0 OR BELOW:   0    1.00 INCH OR MORE:   0

[HDD (BASE 65) ]
TOTAL THIS MO.    10    CLEAR  (SCALE 0-3)  14
DPTR FM NORMAL   -61    PTCLDY (SCALE 4-7)   8
TOTAL FM JUL 1    19    CLOUDY (SCALE 8-10)  1
DPTR FM NORMAL  -127

[CDD (BASE 65) ]
TOTAL THIS MO.    92
DPTR FM NORMAL    63    [PRESSURE DATA]
TOTAL FM JAN 1   545    HIGHEST SLP M ON M
DPTR FM NORMAL   273    LOWEST  SLP 29.72 ON  1

[REMARKS]
