000
CXUS51 KAKQ 251010
CF6SBY
PRELIMINARY LOCAL CLIMATOLOGICAL DATA (WS FORM: F-6)

                                          STATION:   SALISBURY MD
                                          MONTH:     SEPTEMBER
                                          YEAR:      2017
                                          LATITUDE:   38 20 N
                                          LONGITUDE:  75 30 W

  TEMPERATURE IN F:       :PCPN:    SNOW:  WIND      :SUNSHINE: SKY     :PK WND
================================================================================
1   2   3   4   5  6A  6B    7    8   9   10  11  12  13   14  15   16   17  18
                                     12Z  AVG MX 2MIN
DY MAX MIN AVG DEP HDD CDD  WTR  SNW DPTH SPD SPD DIR MIN PSBL S-S WX    SPD DR
================================================================================

 1  70  59  65  -8   0   0    T  0.0    0  7.1 16  20   M    M   3        20 360
 2  71  59  65  -7   0   0 0.63  0.0    0  8.4 21  80   M    M   9 1      28  80
 3  77  62  70  -2   0   5 0.00  0.0    0  5.4 16 260   M    M   6 12     24 250
 4  81  58  70  -2   0   5 0.00  0.0    0  6.2 16 210   M    M   0 1      20 210
 5  87  68  78   6   0  13 0.13  0.0    0 10.1 23 200   M    M   0 1      28 200
 6  80  62  71  -1   0   6 0.81  0.0    0  8.4 21 340   M    M   6 13     25 330
 7  74  54  64  -7   1   0 0.04  0.0    0  5.3 17 260   M    M   3 1      23 250
 8  76  53  65  -6   0   0 0.00  0.0    0  3.4 13 310   M    M   2        19 250
 9  73  54  64  -7   1   0 0.00  0.0    0  7.4 15 340   M    M   2        19 330
10  74  51  63  -7   2   0 0.00  0.0    0  6.5 15  20   M    M   1        23  10
11  75  52  64  -6   1   0 0.00  0.0    0  3.5 13  50   M    M   1        17  90
12  75  57  66  -4   0   1 0.00  0.0    0  3.8  9 100   M    M   0        14  70
13  84  62  73   4   0   8 0.05  0.0    0  5.2 13 190   M    M   5 1      17 200
14  80  67  74   5   0   9    T  0.0    0  5.6 14 230   M    M   1        19 230
15  84  64  74   5   0   9 0.00  0.0    0  1.9  8 160   M    M   4 12     10 160
16  84  64  74   6   0   9 0.00  0.0    0  2.6 10 110   M    M   8 12     13  80
17  82  64  73   5   0   8 0.00  0.0    0  4.7 14  60   M    M   7 12     18  80
18  78  70  74   6   0   9 0.02  0.0    0 10.6 20  40   M    M  10 1      24  40
19  75  69  72   5   0   7 0.26  0.0    0 13.5 24 360   M    M   9 1      35 360
20  85  67  76   9   0  11 0.00  0.0    0  7.4 16 330   M    M   4        22 340
21  86  64  75   9   0  10 0.00  0.0    0  4.1 14 350   M    M   1 1      18  10
22  81  65  73   7   0   8 0.00  0.0    0  4.5 16 310   M    M   1 1      21 320
23  87  61  74   8   0   9 0.00  0.0    0  3.5 14  10   M    M   0 1      18  10
24  88  61  75  10   0  10 0.00  0.0    0  3.0 13  60   M    M   1 12     17  80
================================================================================
SM 1907 1467         5 137  1.94     0.0 142.1          M       84
================================================================================
AV 79.5 61.1                               5.9 FASTST   M    M   4    MAX(MPH)
                                 MISC ---->  # 24 360               # 35  360
================================================================================
NOTES:
# LAST OF SEVERAL OCCURRENCES

COLUMN 17 PEAK WIND IN M.P.H.

PRELIMINARY LOCAL CLIMATOLOGICAL DATA (WS FORM: F-6) , PAGE 2

                                          STATION:  SALISBURY MD
                                          MONTH:    SEPTEMBER
                                          YEAR:     2017
                                          LATITUDE:   38 20 N
                                          LONGITUDE:  75 30 W

[TEMPERATURE DATA]      [PRECIPITATION DATA]       SYMBOLS USED IN COLUMN 16

AVERAGE MONTHLY: 70.3   TOTAL FOR MONTH:   1.94    1 = FOG OR MIST
DPTR FM NORMAL:   1.0   DPTR FM NORMAL:   -1.23    2 = FOG REDUCING VISIBILITY
HIGHEST:    88 ON 24    GRTST 24HR  0.81 ON  6- 6      TO 1/4 MILE OR LESS
LOWEST:     51 ON 10                               3 = THUNDER
                        SNOW, ICE PELLETS, HAIL    4 = ICE PELLETS
                        TOTAL MONTH:   0.0 INCH    5 = HAIL
                        GRTST 24HR     0.0         6 = FREEZING RAIN OR DRIZZLE
                        GRTST DEPTH:   0           7 = DUSTSTORM OR SANDSTORM:
                                                       VSBY 1/2 MILE OR LESS
                                                   8 = SMOKE OR HAZE
[NO. OF DAYS WITH]      [WEATHER - DAYS WITH]      9 = BLOWING SNOW
                                                   X = TORNADO
MAX 32 OR BELOW:   0    0.01 INCH OR MORE:   7
MAX 90 OR ABOVE:   0    0.10 INCH OR MORE:   4
MIN 32 OR BELOW:   0    0.50 INCH OR MORE:   2
MIN  0 OR BELOW:   0    1.00 INCH OR MORE:   0

[HDD (BASE 65) ]
TOTAL THIS MO.     5    CLEAR  (SCALE 0-3)  13
DPTR FM NORMAL   -19    PTCLDY (SCALE 4-7)   8
TOTAL FM JUL 1     5    CLOUDY (SCALE 8-10)  3
DPTR FM NORMAL   -21

[CDD (BASE 65) ]
TOTAL THIS MO.   137
DPTR FM NORMAL     8    [PRESSURE DATA]
TOTAL FM JAN 1  1304    HIGHEST SLP M ON M
DPTR FM NORMAL   192    LOWEST  SLP 29.79 ON  6

[REMARKS]
