000
CXUS53 KLMK 270800
CF6SDF
PRELIMINARY LOCAL CLIMATOLOGICAL DATA (WS FORM: F-6)

                                          STATION:   LOUISVILLE KY
                                          MONTH:     SEPTEMBER
                                          YEAR:      2016
                                          LATITUDE:   38 10 N
                                          LONGITUDE:  85 44 W

  TEMPERATURE IN F:       :PCPN:    SNOW:  WIND      :SUNSHINE: SKY     :PK WND
================================================================================
1   2   3   4   5  6A  6B    7    8   9   10  11  12  13   14  15   16   17  18
                                     12Z  AVG MX 2MIN
DY MAX MIN AVG DEP HDD CDD  WTR  SNW DPTH SPD SPD DIR MIN PSBL S-S WX    SPD DR
================================================================================

 1  82  67  75  -1   0  10 0.00  0.0    0 10.8 20 360   M    M   7        24  30
 2  83  64  74  -2   0   9 0.00  0.0    0 11.2 21  20   M    M   3        29  60
 3  83  62  73  -3   0   8 0.00  0.0    0  6.5 14  60   M    M   2        18  60
 4  87  62  75   0   0  10 0.00  0.0    0  4.9 13 130   M    M   4        16 140
 5  92  68  80   5   0  15    T  0.0    0  5.1 13 180   M    M   3        16 270
 6  92  71  82   7   0  17 0.00  0.0    0  5.2 15 250   M    M   2 18     20 260
 7  94  72  83   9   0  18 0.00  0.0    0  6.9 16 220   M    M   2 8      20 190
 8  93  75  84  10   0  19 0.00  0.0    0 10.4 20 240   M    M   7        26 240
 9  89  76  83   9   0  18    T  0.0    0  8.1 14 210   M    M   7        19 230
10  92  66  79   6   0  14 0.47  0.0    0 10.8 30 270   M    M   5 13     37 270
11  82  61  72  -1   0   7 0.00  0.0    0  3.6 12 360   M    M   2        13  70
12  85  61  73   0   0   8 0.00  0.0    0  2.7 10 130   M    M   1 8      14 110
13  89  61  75   3   0  10 0.00  0.0    0  3.8  9 270   M    M   2        12 240
14  92  65  79   7   0  14 0.00  0.0    0  3.6 18  10   M    M   4 8      21  10
15  88  70  79   8   0  14 0.00  0.0    0  5.5 10  60   M    M   8 8      14  80
16  90  71  81  10   0  16 0.10  0.0    0  6.2 22 300   M    M   9 3      26 300
17  79  72  76   5   0  11 0.11  0.0    0 10.1 22 220   M    M   9 1      29 220
18  88  72  80  10   0  15 0.00  0.0    0  4.2 10 280   M    M   8 18     14 290
19  88  66  77   7   0  12 0.00  0.0    0  3.7 10 330   M    M   1        14  20
20  90  63  77   8   0  12 0.00  0.0    0  3.5 10  60   M    M   5        13  60
21  92  65  79  10   0  14 0.00  0.0    0  3.6 13  70   M    M   3        16  50
22  92  65  79  11   0  14 0.00  0.0    0  3.0 10 130   M    M   2        14 150
23  92  68  80  12   0  15 0.00  0.0    0  3.2  9 210   M    M   4        13 220
24  92  69  81  13   0  16 0.00  0.0    0  2.7  9  70   M    M   1 18     13  60
25  92  70  81  14   0  16 0.00  0.0    0  2.3  8 180   M    M   2 18     11 200
26  75  59  67   0   0   2 0.40  0.0    0  6.9 21 330   M    M   6 1      26 330
================================================================================
SM 2293 1741         0 334  1.08     0.0 148.5          M      109
================================================================================
AV 88.2 67.0                               5.7 FASTST   M    M   4    MAX(MPH)
                                 MISC ---->  # 30 270               # 37  270
================================================================================
NOTES:
# LAST OF SEVERAL OCCURRENCES

COLUMN 17 PEAK WIND IN M.P.H.

PRELIMINARY LOCAL CLIMATOLOGICAL DATA (WS FORM: F-6) , PAGE 2

                                          STATION:  LOUISVILLE KY
                                          MONTH:    SEPTEMBER
                                          YEAR:     2016
                                          LATITUDE:   38 10 N
                                          LONGITUDE:  85 44 W

[TEMPERATURE DATA]      [PRECIPITATION DATA]       SYMBOLS USED IN COLUMN 16

AVERAGE MONTHLY: 77.6   TOTAL FOR MONTH:   1.08    1 = FOG OR MIST
DPTR FM NORMAL:   5.8   DPTR FM NORMAL:   -1.53    2 = FOG REDUCING VISIBILITY
HIGHEST:    94 ON  7    GRTST 24HR  0.47 ON 10-10      TO 1/4 MILE OR LESS
LOWEST:     59 ON 26                               3 = THUNDER
                        SNOW, ICE PELLETS, HAIL    4 = ICE PELLETS
                        TOTAL MONTH:   0.0 INCH    5 = HAIL
                        GRTST 24HR     0.0         6 = FREEZING RAIN OR DRIZZLE
                        GRTST DEPTH:   0           7 = DUSTSTORM OR SANDSTORM:
                                                       VSBY 1/2 MILE OR LESS
                                                   8 = SMOKE OR HAZE
[NO. OF DAYS WITH]      [WEATHER - DAYS WITH]      9 = BLOWING SNOW
                                                   X = TORNADO
MAX 32 OR BELOW:   0    0.01 INCH OR MORE:   4
MAX 90 OR ABOVE:  13    0.10 INCH OR MORE:   4
MIN 32 OR BELOW:   0    0.50 INCH OR MORE:   0
MIN  0 OR BELOW:   0    1.00 INCH OR MORE:   0

[HDD (BASE 65) ]
TOTAL THIS MO.     0    CLEAR  (SCALE 0-3)  13
DPTR FM NORMAL   -17    PTCLDY (SCALE 4-7)  11
TOTAL FM JUL 1     0    CLOUDY (SCALE 8-10)  2
DPTR FM NORMAL   -17

[CDD (BASE 65) ]
TOTAL THIS MO.   334
DPTR FM NORMAL   138    [PRESSURE DATA]
TOTAL FM JAN 1  1942    HIGHEST SLP M ON M
DPTR FM NORMAL   389    LOWEST  SLP 29.84 ON 10

[REMARKS]
