000
CXUS55 KSEW 301840
CF6SEA
PRELIMINARY LOCAL CLIMATOLOGICAL DATA (WS FORM: F-6)

                                          STATION:   SEATTLE-TACOMA WA AIRPORT
                                          MONTH:     JULY
                                          YEAR:      2016
                                          LATITUDE:   47 27 N
                                          LONGITUDE: 122 18 W

  TEMPERATURE IN F:       :PCPN:    SNOW:  WIND      :SUNSHINE: SKY     :PK WND
================================================================================
1   2   3   4   5  6A  6B    7    8   9   10  11  12  13   14  15   16   17  18
                                     12Z  AVG MX 2MIN
DY MAX MIN AVG DEP HDD CDD  WTR  SNW DPTH SPD SPD DIR MIN PSBL S-S WX    SPD DR
================================================================================

 1  75  55  65   1   0   0 0.00  0.0    0  6.1 12  10   M    M   7        14  10
 2  75  57  66   2   0   1 0.00  0.0    0  7.2 13 250   M    M   7        18 230
 3  71  56  64   0   1   0 0.00  0.0    0  5.7 16  20   M    M   9 1      19  20
 4  69  56  63  -1   2   0 0.00  0.0    0  7.7 15  30   M    M   9        18 180
 5  67  55  61  -3   4   0    T  0.0    0  4.6 12 150   M    M   9 1      15 160
 6  76  56  66   2   0   1 0.01  0.0    0  5.8 12 280   M    M   7        14 330
 7  68  58  63  -2   2   0 0.12  0.0    0  6.7 14 200   M    M   9 1      18 200
 8  72  58  65   0   0   0 0.24  0.0    0  8.1 14 240   M    M   8 1      20 220
 9  71  56  64  -1   1   0 0.01  0.0    0  7.0 16 210   M    M   7 1      20 210
10  73  56  65   0   0   0 0.00  0.0    0  5.5 13 240   M    M   9        16 240
11  73  57  65   0   0   0 0.00  0.0    0  8.1 14 180   M    M   8        18 190
12  76  59  68   3   0   3    T  0.0    0  7.7 16 240   M    M   7        21 220
13  74  57  66   0   0   1 0.00  0.0    0  6.9 16  20   M    M   5        18  20
14  76  57  67   1   0   2 0.00  0.0    0  8.0 22  10   M    M   4        25  10
15  76  56  66   0   0   1 0.00  0.0    0  7.3 14 210   M    M   5        17 270
16  73  57  65  -1   0   0 0.00  0.0    0  6.5 14 200   M    M   7        17 200
17  79  58  69   3   0   4 0.00  0.0    0  4.6 12 240   M    M   7        16 270
18  71  60  66   0   0   1 0.01  0.0    0  6.7 13 200   M    M   9        17 190
19  77  60  69   3   0   4 0.00  0.0    0  6.2 13 260   M    M   6        18 210
20  80  60  70   4   0   5 0.00  0.0    0  5.8 13 350   M    M   4        17  10
21  84  58  71   5   0   6 0.00  0.0    0  9.3 16 330   M    M   4        19  10
22  73  59  66  -1   0   1 0.33  0.0    0  8.3 16 210   M    M   9 1      21 230
23  73  58  66  -1   0   1 0.00  0.0    0  5.1 15  30   M    M   6        19  30
24  81  58  70   3   0   5 0.00  0.0    0  9.6 16 330   M    M   0        24 360
25  86  59  73   6   0   8 0.00  0.0    0  6.2 14  10   M    M   3        17 310
26  78  59  69   2   0   4 0.00  0.0    0  5.0 10 220   M    M   6        14 210
27  84  56  70   3   0   5 0.00  0.0    0  7.1 17 360   M    M   2        21  10
28  88  61  75   8   0  10 0.00  0.0    0  8.2 20 330   M    M   0        24 360
29  89  62  76   9   0  11 0.00  0.0    0  8.0 18 350   M    M   1        22 350
================================================================================
SM 2208 1674        10  74  0.72     0.0 199.0          M      174
================================================================================
AV 76.1 57.7                               6.9 FASTST   M    M   6    MAX(MPH)
                                 MISC ---->  # 22  10               # 25   10
================================================================================
NOTES:
# LAST OF SEVERAL OCCURRENCES

COLUMN 17 PEAK WIND IN M.P.H.

PRELIMINARY LOCAL CLIMATOLOGICAL DATA (WS FORM: F-6) , PAGE 2

                                          STATION:  SEATTLE-TACOMA WA AIRPORT
                                          MONTH:    JULY
                                          YEAR:     2016
                                          LATITUDE:   47 27 N
                                          LONGITUDE: 122 18 W

[TEMPERATURE DATA]      [PRECIPITATION DATA]       SYMBOLS USED IN COLUMN 16

AVERAGE MONTHLY: 66.9   TOTAL FOR MONTH:   0.72    1 = FOG OR MIST
DPTR FM NORMAL:   1.3   DPTR FM NORMAL:    0.05    2 = FOG REDUCING VISIBILITY
HIGHEST:    89 ON 29    GRTST 24HR  0.33 ON 22-22      TO 1/4 MILE OR LESS
LOWEST:     55 ON  5, 1                            3 = THUNDER
                        SNOW, ICE PELLETS, HAIL    4 = ICE PELLETS
                        TOTAL MONTH:   0.0 INCH    5 = HAIL
                        GRTST 24HR     0.0         6 = FREEZING RAIN OR DRIZZLE
                        GRTST DEPTH:   0           7 = DUSTSTORM OR SANDSTORM:
                                                       VSBY 1/2 MILE OR LESS
                                                   8 = SMOKE OR HAZE
[NO. OF DAYS WITH]      [WEATHER - DAYS WITH]      9 = BLOWING SNOW
                                                   X = TORNADO
MAX 32 OR BELOW:   0    0.01 INCH OR MORE:   6
MAX 90 OR ABOVE:   0    0.10 INCH OR MORE:   3
MIN 32 OR BELOW:   0    0.50 INCH OR MORE:   0
MIN  0 OR BELOW:   0    1.00 INCH OR MORE:   0

[HDD (BASE 65) ]
TOTAL THIS MO.    10    CLEAR  (SCALE 0-3)   5
DPTR FM NORMAL   -37    PTCLDY (SCALE 4-7)  16
TOTAL FM JUL 1    10    CLOUDY (SCALE 8-10)  8
DPTR FM NORMAL   -37

[CDD (BASE 65) ]
TOTAL THIS MO.    74
DPTR FM NORMAL     7    [PRESSURE DATA]
TOTAL FM JAN 1   154    HIGHEST SLP M ON M
DPTR FM NORMAL    60    LOWEST  SLP 29.88 ON  7

[REMARKS]
CORRECTED
