000
CXUS54 KFWD 300730
CF6SEP
PRELIMINARY LOCAL CLIMATOLOGICAL DATA (WS FORM: F-6)

                                          STATION:   STEPHENVILLE
                                          MONTH:     SEPTEMBER
                                          YEAR:      2014
                                          LATITUDE:   32 13 N
                                          LONGITUDE:  98 11 W

  TEMPERATURE IN F:       :PCPN:    SNOW:  WIND      :SUNSHINE: SKY     :PK WND
================================================================================
1   2   3   4   5  6A  6B    7    8   9   10  11  12  13   14  15   16   17  18
                                     12Z  AVG MX 2MIN
DY MAX MIN AVG DEP HDD CDD  WTR  SNW DPTH SPD SPD DIR MIN PSBL S-S WX    SPD DR
================================================================================

 1  96  75  86   6   0  21 0.00  0.0    0 11.5 16 140   M    M   0        23 140
 2  95  74  85   5   0  20 0.00  0.0    0  9.4 14 140   M    M   0        22 140
 3  94  74  84   4   0  19 0.00  0.0    0  9.2 16 160   M    M   2        29 140
 4  94  70  82   3   0  17 0.00  0.0    0  7.8 15 150   M    M   1        29 150
 5  94  70  82   3   0  17 0.00  0.0    0  5.8 12 170   M    M   1         M  M
 6  91  71  81   3   0  16 0.10  0.0    0  4.0 14 310   M    M   4        20 350
 7  83  67  75  -3   0  10 0.03  0.0    0  4.1  9 360   M    M   7         M  M
 8  92  69  81   3   0  16 0.00  0.0    0  2.8  8 180   M    M   1         M  M
 9  96  72  84   6   0  19 0.00  0.0    0  6.9 12 190   M    M   2        18 190
10 100  75  88  11   0  23 0.20  0.0    0  9.3 15 180   M    M   1        28 150
11  84  71  78   1   0  13 0.00  0.0    0  6.7 12  20   M    M   6        16  10
12  72  56  64 -12   1   0 0.00  0.0    0 11.3 20 350   M    M  10        25 350
13  72  54  63 -13   2   0 0.01  0.0    0  8.2 16  10   M    M   8        20  10
14  82  62  72  -4   0   7 0.00  0.0    0  2.0  7  90   M    M   5         M  M
15  85  67  76   1   0  11 0.00  0.0    0  2.0  7 160   M    M   3         M  M
16  91  71  81   6   0  16 0.00  0.0    0  2.4 10 100   M    M   4         M  M
17  94  72  83   8   0  18 0.42  0.0    0  3.2 14  60   M    M   2        20  60
18  83  71  77   3   0  12 0.01  0.0    0  3.5 10 160   M    M   4        20 160
19  83  71  77   3   0  12 0.00  0.0    0  3.5  7 140   M    M   6         M  M
20  86  72  79   5   0  14 0.00  0.0    0  4.6  9 120   M    M   7         M  M
21  91  67  79   6   0  14 0.00  0.0    0  1.2  8 100   M    M   3         M  M
22  88  68  78   5   0  13 0.00  0.0    0  6.0 10  50   M    M   1         M  M
23  85  60  73   1   0   8 0.00  0.0    0  5.1 12 150   M    M   0         M  M
24  86  54  70  -2   0   5 0.00  0.0    0  3.4 10 120   M    M   0         M  M
25  86  54  70  -2   0   5 0.00  0.0    0  2.4  9 110   M    M   0         M  M
26  84  62  73   2   0   8 0.00  0.0    0  3.6 12 130   M    M   4        16 130
27  87  65  76   5   0  11 0.00  0.0    0  2.8  9 140   M    M   2        17 140
28  84  66  75   4   0  10 0.00  0.0    0  2.0  7  70   M    M   7         M  M
29  89  64  77   7   0  12 0.00  0.0    0  2.6 10  60   M    M   3         M  M
================================================================================
SM 2547 1944         3 367  0.77     0.0 147.3          M       94
================================================================================
AV 87.8 67.0                               5.1 FASTST   M    M   3    MAX(MPH)
                                 MISC ---->    20   M                 29    M
================================================================================
NOTES:
# LAST OF SEVERAL OCCURRENCES

COLUMN 17 PEAK WIND IN M.P.H.

PRELIMINARY LOCAL CLIMATOLOGICAL DATA (WS FORM: F-6) , PAGE 2

                                          STATION:  STEPHENVILLE
                                          MONTH:    SEPTEMBER
                                          YEAR:     2014
                                          LATITUDE:   32 13 N
                                          LONGITUDE:  98 11 W

[TEMPERATURE DATA]      [PRECIPITATION DATA]       SYMBOLS USED IN COLUMN 16

AVERAGE MONTHLY: 77.4   TOTAL FOR MONTH:   0.77    1 = FOG OR MIST
DPTR FM NORMAL:   2.1   DPTR FM NORMAL:   -2.17    2 = FOG REDUCING VISIBILITY
HIGHEST:   100 ON 10    GRTST 24HR  0.42 ON 17-17      TO 1/4 MILE OR LESS
LOWEST:     54 ON 25,24                            3 = THUNDER
                        SNOW, ICE PELLETS, HAIL    4 = ICE PELLETS
                        TOTAL MONTH:   0.0 INCH    5 = HAIL
                        GRTST 24HR     0.0         6 = FREEZING RAIN OR DRIZZLE
                        GRTST DEPTH:   0           7 = DUSTSTORM OR SANDSTORM:
                                                       VSBY 1/2 MILE OR LESS
                                                   8 = SMOKE OR HAZE
[NO. OF DAYS WITH]      [WEATHER - DAYS WITH]      9 = BLOWING SNOW
                                                   X = TORNADO
MAX 32 OR BELOW:   0    0.01 INCH OR MORE:   6
MAX 90 OR ABOVE:  12    0.10 INCH OR MORE:   3
MIN 32 OR BELOW:   0    0.50 INCH OR MORE:   0
MIN  0 OR BELOW:   0    1.00 INCH OR MORE:   0

[HDD (BASE 65) ]
TOTAL THIS MO.     3    CLEAR  (SCALE 0-3)  16
DPTR FM NORMAL    -7    PTCLDY (SCALE 4-7)  11
TOTAL FM JUL 1     3    CLOUDY (SCALE 8-10)  2
DPTR FM NORMAL    -7

[CDD (BASE 65) ]
TOTAL THIS MO.   367
DPTR FM NORMAL    57    [PRESSURE DATA]
TOTAL FM JAN 1  2278    HIGHEST SLP M ON M
DPTR FM NORMAL   158    LOWEST  SLP M ON M

[REMARKS]
