000
CXUS54 KFWD 240730
CF6SEP
PRELIMINARY LOCAL CLIMATOLOGICAL DATA (WS FORM: F-6)

                                          STATION:   STEPHENVILLE
                                          MONTH:     MAY
                                          YEAR:      2015
                                          LATITUDE:   32 13 N
                                          LONGITUDE:  98 11 W

  TEMPERATURE IN F:       :PCPN:    SNOW:  WIND      :SUNSHINE: SKY     :PK WND
================================================================================
1   2   3   4   5  6A  6B    7    8   9   10  11  12  13   14  15   16   17  18
                                     12Z  AVG MX 2MIN
DY MAX MIN AVG DEP HDD CDD  WTR  SNW DPTH SPD SPD DIR MIN PSBL S-S WX    SPD DR
================================================================================

 1  80  54  67  -1   0   2 0.00  0.0    0  2.9  7 100   M    M   1         M  M
 2  81  56  69   1   0   4 0.00  0.0    0  4.7  9 140   M    M   1        17 190
 3  81  57  69   1   0   4 0.00  0.0    0  6.0 12 150   M    M   1        18 150
 4  81  63  72   3   0   7 0.00  0.0    0  9.5 15 130   M    M   5        21 150
 5  79  64  72   3   0   7 0.12  0.0    0 11.2 20 160   M    M   8        30 140
 6  84  67  76   7   0  11 0.01  0.0    0 11.1 16 160   M    M   6        23 150
 7  83  67  75   6   0  10 0.14  0.0    0 10.6 18 170   M    M   8        27 170
 8  84  67  76   6   0  11 0.00  0.0    0 10.2 20 140   M    M   7        30 150
 9  85  63  74   4   0   9 2.00  0.0    0  9.0 17 340   M    M   9        28  70
10  74  63  69  -1   0   4 0.87  0.0    0  5.1 10 160   M    M   8 3       M  M
11  70  59  65  -5   0   0 0.00  0.0    0  8.9 15  10   M    M   5        21  10
12  64  55  60 -11   5   0 0.43  0.0    0  5.3 10  70   M    M  10         M  M
13  68  62  65  -6   0   0 0.99  0.0    0  6.2 13 160   M    M   7         M  M
14  82  63  73   2   0   8 0.00  0.0    0  7.0 12 160   M    M   7        16 150
15  79  67  73   1   0   8 0.00  0.0    0  9.9 15 160   M    M   4        24 170
16  84  66  75   3   0  10 0.01  0.0    0 11.1 16 180   M    M   8        24 150
17  83  61  72   0   0   7 1.55  0.0    0  4.6  9 200   M    M   3         M  M
18  88  67  78   6   0  13 0.00  0.0    0  5.0 15 130   M    M   4        30 130
19  84  69  77   4   0  12 0.01  0.0    0  9.3 14 170   M    M   6        22 130
20  82  62  72  -1   0   7 0.00  0.0    0  9.0 16 330   M    M   7        21 190
21  63  55  59 -14   6   0 0.24  0.0    0  8.7 14  10   M    M  10        24 360
22  70  59  65  -8   0   0 0.01  0.0    0  7.0  9 130   M    M  10         M  M
23  82  66  74   0   0   9 1.46  0.0    0 10.9 16 160   M    M   8        25 150
================================================================================
SM 1811 1432        11 143  7.84     0.0 183.2          M      143
================================================================================
AV 78.7 62.3                               8.0 FASTST   M    M   6    MAX(MPH)
                                 MISC ---->    20   M                 30    M
================================================================================
NOTES:
# LAST OF SEVERAL OCCURRENCES

COLUMN 17 PEAK WIND IN M.P.H.

PRELIMINARY LOCAL CLIMATOLOGICAL DATA (WS FORM: F-6) , PAGE 2

                                          STATION:  STEPHENVILLE
                                          MONTH:    MAY
                                          YEAR:     2015
                                          LATITUDE:   32 13 N
                                          LONGITUDE:  98 11 W

[TEMPERATURE DATA]      [PRECIPITATION DATA]       SYMBOLS USED IN COLUMN 16

AVERAGE MONTHLY: 70.5   TOTAL FOR MONTH:   7.84    1 = FOG OR MIST
DPTR FM NORMAL:  -0.2   DPTR FM NORMAL:    4.70    2 = FOG REDUCING VISIBILITY
HIGHEST:    88 ON 18    GRTST 24HR  2.00 ON  9- 9      TO 1/4 MILE OR LESS
LOWEST:     54 ON  1                               3 = THUNDER
                        SNOW, ICE PELLETS, HAIL    4 = ICE PELLETS
                        TOTAL MONTH:   0.0 INCH    5 = HAIL
                        GRTST 24HR     0.0         6 = FREEZING RAIN OR DRIZZLE
                        GRTST DEPTH:   0           7 = DUSTSTORM OR SANDSTORM:
                                                       VSBY 1/2 MILE OR LESS
                                                   8 = SMOKE OR HAZE
[NO. OF DAYS WITH]      [WEATHER - DAYS WITH]      9 = BLOWING SNOW
                                                   X = TORNADO
MAX 32 OR BELOW:   0    0.01 INCH OR MORE:  13
MAX 90 OR ABOVE:   0    0.10 INCH OR MORE:   9
MIN 32 OR BELOW:   0    0.50 INCH OR MORE:   5
MIN  0 OR BELOW:   0    1.00 INCH OR MORE:   3

[HDD (BASE 65) ]
TOTAL THIS MO.    11    CLEAR  (SCALE 0-3)   4
DPTR FM NORMAL    -4    PTCLDY (SCALE 4-7)  13
TOTAL FM JUL 1  2409    CLOUDY (SCALE 8-10)  6
DPTR FM NORMAL  -303

[CDD (BASE 65) ]
TOTAL THIS MO.   143
DPTR FM NORMAL    -5    [PRESSURE DATA]
TOTAL FM JAN 1   277    HIGHEST SLP M ON M
DPTR FM NORMAL    36    LOWEST  SLP M ON M

[REMARKS]
