000
CXUS56 KOTX 280900
CF6SFF
PRELIMINARY LOCAL CLIMATOLOGICAL DATA (WS FORM: F-6)

                                          STATION:   SPOKANE WA FELTS AIRPORT
                                          MONTH:     APRIL
                                          YEAR:      2017
                                          LATITUDE:   47 40 N
                                          LONGITUDE: 117 20 W

  TEMPERATURE IN F:       :PCPN:    SNOW:  WIND      :SUNSHINE: SKY     :PK WND
================================================================================
1   2   3   4   5  6A  6B    7    8   9   10  11  12  13   14  15   16   17  18
                                     12Z  AVG MX 2MIN
DY MAX MIN AVG DEP HDD CDD  WTR  SNW DPTH SPD SPD DIR MIN PSBL S-S WX    SPD DR
================================================================================

 1  56  35  46   2  19   0 0.00    M    M  5.7 16 230   M    M   6        20 240
 2  53  31  42  -3  23   0 0.00    M    M  8.1 21 260   M    M   4        28 280
 3  53  30  42  -3  23   0 0.00    M    M  3.4 12 230   M    M   3        17 220
 4  57  30  44  -1  21   0 0.00    M    M  4.4 14 210   M    M   2        22 130
 5  63  40  52   7  13   0 0.09    M    M  4.0 14 290   M    M   7        17 280
 6  59  44  52   7  13   0 0.07    M    M  4.4 14  90   M    M   7 1      17 210
 7  62  45  54   8  11   0 0.24    M    M 13.2 37 220   M    M   4 1      47 220
 8  47  37  42  -4  23   0 0.05    M    M  5.0 17 230   M    M   8 1      23 230
 9  50  34  42  -4  23   0 0.00    M    M  7.3 16 220   M    M   5        26 170
10  51  33  42  -4  23   0 0.14    M    M  8.4 31 230   M    M   7 1      40 230
11  59  31  45  -1  20   0 0.00    M    M  3.5 14  60   M    M   2 1      18  70
12  54  45  50   4  15   0 0.29    M    M  6.3 15 100   M    M  10 1      20  90
13  55  37  46  -1  19   0 0.05    M    M  8.0 22 200   M    M   6        27 200
14  53  37  45  -2  20   0 0.00    M    M 10.9 24 230   M    M   5        31 230
15  53  34  44  -3  21   0 0.00    M    M  5.7 17 230   M    M   4        23 220
16  62  29  46  -1  19   0 0.00    M    M  4.9 16  60   M    M   2        20  60
17  55  43  49   2  16   0 0.55    M    M  4.4 17 230   M    M   9 1      22 240
18  60  39  50   2  15   0 0.07    M    M  4.7 28 260   M    M   7 13     38 260
19  64  35  50   2  15   0 0.01    M    M  3.8 14 200   M    M   3        17 200
20  59  42  51   3  14   0 0.02    M    M  7.1 20 230   M    M   8        24 230
21  60  38  49   1  16   0    T    M    M  3.5 10 140   M    M   5        14 220
22  67  37  52   4  13   0    T    M    M  5.0 20 250   M    M   2        26 170
23  59  44  52   3  13   0    T    M    M  8.7 23 220   M    M   6        30 220
24  53  42  48  -1  17   0 0.07    M    M  4.6 16 240   M    M   8 18     20 240
25  58  43  51   2  14   0    T    M    M  6.9 23 230   M    M   8 1      27 220
26  58  41  50   1  15   0 0.15    M    M  9.1 23 230   M    M   9 3      32 230
27  52  36  44  -6  21   0 0.08    M    M  7.3 20 220   M    M   7        25 230
================================================================================
SM 1532 1012       475   0  1.88    M    168.3          M      154
================================================================================
AV 56.7 37.5                               6.2 FASTST   M    M   6    MAX(MPH)
                                 MISC ---->  # 37 220               # 47  220
================================================================================
NOTES:
# LAST OF SEVERAL OCCURRENCES

COLUMN 17 PEAK WIND IN M.P.H.

PRELIMINARY LOCAL CLIMATOLOGICAL DATA (WS FORM: F-6) , PAGE 2

                                          STATION:  SPOKANE WA FELTS AIRPORT
                                          MONTH:    APRIL
                                          YEAR:     2017
                                          LATITUDE:   47 40 N
                                          LONGITUDE: 117 20 W

[TEMPERATURE DATA]      [PRECIPITATION DATA]       SYMBOLS USED IN COLUMN 16

AVERAGE MONTHLY: 47.1   TOTAL FOR MONTH:   1.88    1 = FOG OR MIST
DPTR FM NORMAL:   0.2   DPTR FM NORMAL:    0.75    2 = FOG REDUCING VISIBILITY
HIGHEST:    67 ON 22    GRTST 24HR  0.55 ON 17-17      TO 1/4 MILE OR LESS
LOWEST:     29 ON 16                               3 = THUNDER
                        SNOW, ICE PELLETS, HAIL    4 = ICE PELLETS
                        TOTAL MONTH:    M          5 = HAIL
                        GRTST 24HR    M  ON   M    6 = FREEZING RAIN OR DRIZZLE
                        GRTST DEPTH:  M  ON   M    7 = DUSTSTORM OR SANDSTORM:
                                                       VSBY 1/2 MILE OR LESS
                                                   8 = SMOKE OR HAZE
[NO. OF DAYS WITH]      [WEATHER - DAYS WITH]      9 = BLOWING SNOW
                                                   X = TORNADO
MAX 32 OR BELOW:   0    0.01 INCH OR MORE:  14
MAX 90 OR ABOVE:   0    0.10 INCH OR MORE:   5
MIN 32 OR BELOW:   5    0.50 INCH OR MORE:   1
MIN  0 OR BELOW:   0    1.00 INCH OR MORE:   0

[HDD (BASE 65) ]
TOTAL THIS MO.   475    CLEAR  (SCALE 0-3)   6
DPTR FM NORMAL   -13    PTCLDY (SCALE 4-7)  17
TOTAL FM JUL 1  5754    CLOUDY (SCALE 8-10)  4
DPTR FM NORMAL   -55

[CDD (BASE 65) ]
TOTAL THIS MO.     0
DPTR FM NORMAL     0    [PRESSURE DATA]
TOTAL FM JAN 1     0    HIGHEST SLP M ON M
DPTR FM NORMAL     0    LOWEST  SLP 29.32 ON  7

[REMARKS]
