000
CXUS54 KSHV 011300
CF6SHV
PRELIMINARY LOCAL CLIMATOLOGICAL DATA (WS FORM: F-6)

                                          STATION:   SHREVEPORT
                                          MONTH:     SEPTEMBER
                                          YEAR:      2014
                                          LATITUDE:   32 28 N
                                          LONGITUDE:  93 49 W

  TEMPERATURE IN F:       :PCPN:    SNOW:  WIND      :SUNSHINE: SKY     :PK WND
================================================================================
1   2   3   4   5  6A  6B    7    8   9   10  11  12  13   14  15   16   17  18
                                     12Z  AVG MX 2MIN
DY MAX MIN AVG DEP HDD CDD  WTR  SNW DPTH SPD SPD DIR MIN PSBL S-S WX    SPD DR
================================================================================

 1  97  73  85   4   0  20 0.00  0.0    0  8.2 20 200   M    M   4        25 190
 2  90  74  82   1   0  17 0.48  0.0    0  6.3 18 270   M    M   6 138    23 280
 3  93  73  83   2   0  18 0.00  0.0    0  4.1 12 220   M    M   6 12     15 250
 4  96  72  84   3   0  19 0.00  0.0    0  5.1 14 220   M    M   2 1      18 220
 5  96  74  85   5   0  20 0.00  0.0    0  3.1 15 110   M    M   4        18 110
 6  97  72  85   5   0  20 0.00  0.0    0  5.1 18 360   M    M   6 3      22 360
 7  88  74  81   1   0  16 0.08  0.0    0  5.8 13  60   M    M   8 1      22  80
 8  94  72  83   3   0  18 0.00  0.0    0  2.5  9 120   M    M   2 1      12  90
 9  96  73  85   6   0  20 0.00  0.0    0  4.0 13 140   M    M   2 1      16 140
10  95  77  86   7   0  21 0.00  0.0    0  9.8 20 170   M    M   4        25 230
11  96  76  86   7   0  21 0.60  0.0    0  6.0 22 330   M    M   4 13     26 330
12  86  65  76  -2   0  11 0.05  0.0    0  8.5 23 350   M    M   9 3      26  10
13  68  61  65 -13   0   0    T  0.0    0 10.1 20  40   M    M  10 1      24  40
14  85  63  74  -4   0   9 0.00  0.0    0  5.9 10  40   M    M   6        15  30
15  87  67  77   0   0  12 0.00  0.0    0  2.8  9  90   M    M   8        17 350
16  93  73  83   6   0  18 0.00  0.0    0  4.2 10  40   M    M   8         M  M
17  91  72  82   5   0  17 0.00  0.0    0  3.1 12 130   M    M   7        14 130
18  89  73  81   5   0  16 0.00  0.0    0  3.7 12 160   M    M   9        15 180
19  91  71  81   5   0  16 0.00  0.0    0  5.4 13 100   M    M   5 18     17  70
20  93  69  81   5   0  16 0.00  0.0    0  2.3 13 120   M    M   1 1      17 120
21  96  69  83   8   0  18 0.00  0.0    0  4.0 14 320   M    M   2        16 330
22  87  66  77   2   0  12 0.00  0.0    0  9.8 17  30   M    M   4        24  20
23  85  58  72  -2   0   7 0.00  0.0    0  6.8 13 100   M    M   4        18  80
24  87  53  70  -4   0   5 0.00  0.0    0  3.6  9  90   M    M   1        17 110
25  87  59  73  -1   0   8 0.00  0.0    0  3.4 13  50   M    M   4        17  70
26  90  63  77   4   0  12 0.00  0.0    0  3.6 12  80   M    M   7        17 100
27  88  64  76   3   0  11 0.00  0.0    0  3.8 14  70   M    M   5        24  70
28  89  67  78   6   0  13 0.00  0.0    0  3.9 12  70   M    M   7        16  40
29  88  69  79   7   0  14 0.00  0.0    0  5.0 14  70   M    M   7        17 100
30  92  67  80   8   0  15 0.00  0.0    0  4.9 14 150   M    M   6 8      19 130
================================================================================
SM 2710 2059         0 440  1.21     0.0 154.8          M      158
================================================================================
AV 90.3 68.6                               5.2 FASTST   M    M   5    MAX(MPH)
                                 MISC ---->  # 23 350               # 26  330
================================================================================
NOTES:
# LAST OF SEVERAL OCCURRENCES

COLUMN 17 PEAK WIND IN M.P.H.

PRELIMINARY LOCAL CLIMATOLOGICAL DATA (WS FORM: F-6) , PAGE 2

                                          STATION:  SHREVEPORT
                                          MONTH:    SEPTEMBER
                                          YEAR:     2014
                                          LATITUDE:   32 28 N
                                          LONGITUDE:  93 49 W

[TEMPERATURE DATA]      [PRECIPITATION DATA]       SYMBOLS USED IN COLUMN 16

AVERAGE MONTHLY: 79.5   TOTAL FOR MONTH:   1.21    1 = FOG OR MIST
DPTR FM NORMAL:   2.6   DPTR FM NORMAL:   -1.95    2 = FOG REDUCING VISIBILITY
HIGHEST:    97 ON  6, 1 GRTST 24HR  0.65 ON 11-12      TO 1/4 MILE OR LESS
LOWEST:     53 ON 24                               3 = THUNDER
                        SNOW, ICE PELLETS, HAIL    4 = ICE PELLETS
                        TOTAL MONTH:   0.0 INCH    5 = HAIL
                        GRTST 24HR     0.0         6 = FREEZING RAIN OR DRIZZLE
                        GRTST DEPTH:   0           7 = DUSTSTORM OR SANDSTORM:
                                                       VSBY 1/2 MILE OR LESS
                                                   8 = SMOKE OR HAZE
[NO. OF DAYS WITH]      [WEATHER - DAYS WITH]      9 = BLOWING SNOW
                                                   X = TORNADO
MAX 32 OR BELOW:   0    0.01 INCH OR MORE:   4
MAX 90 OR ABOVE:  17    0.10 INCH OR MORE:   2
MIN 32 OR BELOW:   0    0.50 INCH OR MORE:   1
MIN  0 OR BELOW:   0    1.00 INCH OR MORE:   0

[HDD (BASE 65) ]
TOTAL THIS MO.     0    CLEAR  (SCALE 0-3)   6
DPTR FM NORMAL    -6    PTCLDY (SCALE 4-7)  20
TOTAL FM JUL 1     0    CLOUDY (SCALE 8-10)  4
DPTR FM NORMAL    -6

[CDD (BASE 65) ]
TOTAL THIS MO.   440
DPTR FM NORMAL    77    [PRESSURE DATA]
TOTAL FM JAN 1  2332    HIGHEST SLP M ON M
DPTR FM NORMAL     7    LOWEST  SLP 29.77 ON 30

[REMARKS]
#FINAL-09-14#
