000
CXUS54 KSJT 300900
CF6SJT
PRELIMINARY LOCAL CLIMATOLOGICAL DATA (WS FORM: F-6)

                                          STATION:   SAN ANGELO
                                          MONTH:     JUNE
                                          YEAR:      2015
                                          LATITUDE:   31 21 N
                                          LONGITUDE: 100 30 W

  TEMPERATURE IN F:       :PCPN:    SNOW:  WIND      :SUNSHINE: SKY     :PK WND
================================================================================
1   2   3   4   5  6A  6B    7    8   9   10  11  12  13   14  15   16   17  18
                                     12Z  AVG MX 2MIN
DY MAX MIN AVG DEP HDD CDD  WTR  SNW DPTH SPD SPD DIR MIN PSBL S-S WX    SPD DR
================================================================================

 1  87  62  75  -3   0  10 0.00  0.0    0  7.4 15 140   M    M   0        20 140
 2  88  66  77  -1   0  12 0.00  0.0    0  9.2 20 180   M    M   0        26 170
 3  89  66  78  -1   0  13 0.00  0.0    0  8.9 18 170   M    M   0        25 170
 4  89  68  79   0   0  14 0.00  0.0    0  8.7 17 160   M    M   2        23 140
 5  90  65  78  -1   0  13 0.00  0.0    0  8.6 18 210   M    M   2        24 170
 6  90  63  77  -2   0  12 0.00  0.0    0  8.1 15 180   M    M   1        21 190
 7  90  64  77  -2   0  12 0.00  0.0    0  7.8 17 180   M    M   0        23 180
 8  94  67  81   1   0  16 0.00  0.0    0  5.6 14 190   M    M   1        21 210
 9  94  67  81   1   0  16 0.00  0.0    0  5.7 13 190   M    M   0        17 230
10  95  66  81   1   0  16 0.00  0.0    0  7.3 15 190   M    M   0        22 160
11  95  72  84   4   0  19 0.00  0.0    0 12.4 20 180   M    M   0        30 160
12  93  73  83   3   0  18 0.00  0.0    0 11.2 22 190   M    M   4 3      33 140
13  94  70  82   2   0  17 0.00  0.0    0  8.9 16 140   M    M   5        23 140
14  95  68  82   2   0  17    T  0.0    0  9.0 20 160   M    M   1        25 150
15  84  69  77  -3   0  12 0.15  0.0    0  6.3 16  40   M    M   7 3      21 290
16  82  71  77  -4   0  12 1.17  0.0    0  8.4 22  40   M    M   9 13     25  40
17  89  72  81   0   0  16 0.03  0.0    0  6.6 13  50   M    M   6        22 250
18  93  69  81   0   0  16 0.00  0.0    0  4.3 18 150   M    M   2        28 220
19  88  68  78  -3   0  13 0.00  0.0    0  6.4 16 180   M    M   2        21 140
20  89  69  79  -2   0  14 0.00  0.0    0 10.3 22 170   M    M   4        28 170
21  91  72  82   1   0  17 0.00  0.0    0  9.7 20 150   M    M   5        26 170
22  91  68  80  -1   0  15 0.00  0.0    0 11.6 25 160   M    M   3        36 170
23  92  67  80  -2   0  15 0.00  0.0    0  8.7 18 150   M    M   2        27 150
24  93  69  81  -1   0  16 0.00  0.0    0  8.0 17 180   M    M   2        23 190
25  93  71  82   0   0  17 0.00  0.0    0  9.2 20 220   M    M   1        26 220
26  95  68  82   0   0  17 1.66  0.0    0  8.7 33 120   M    M   3 13     41 120
27  87  69  78  -4   0  13 0.15  0.0    0  5.9 23 100   M    M   3 13     28 100
28  91  67  79  -3   0  14 0.00  0.0    0  3.1 15 120   M    M   0        21 100
29  93  70  82   0   0  17 0.09  0.0    0  5.9 21 120   M    M   1 3      28 120
================================================================================
SM 2634 1976         0 429  3.25     0.0 231.9          M       66
================================================================================
AV 90.8 68.1                               8.0 FASTST   M    M   2    MAX(MPH)
                                 MISC ---->  # 33 120               # 41  120
================================================================================
NOTES:
# LAST OF SEVERAL OCCURRENCES

COLUMN 17 PEAK WIND IN M.P.H.

PRELIMINARY LOCAL CLIMATOLOGICAL DATA (WS FORM: F-6) , PAGE 2

                                          STATION:  SAN ANGELO
                                          MONTH:    JUNE
                                          YEAR:     2015
                                          LATITUDE:   31 21 N
                                          LONGITUDE: 100 30 W

[TEMPERATURE DATA]      [PRECIPITATION DATA]       SYMBOLS USED IN COLUMN 16

AVERAGE MONTHLY: 79.5   TOTAL FOR MONTH:   3.25    1 = FOG OR MIST
DPTR FM NORMAL:  -0.9   DPTR FM NORMAL:    0.72    2 = FOG REDUCING VISIBILITY
HIGHEST:    95 ON 26,14 GRTST 24HR  1.81 ON 26-27      TO 1/4 MILE OR LESS
LOWEST:     62 ON  1                               3 = THUNDER
                        SNOW, ICE PELLETS, HAIL    4 = ICE PELLETS
                        TOTAL MONTH:   0.0 INCH    5 = HAIL
                        GRTST 24HR     0.0         6 = FREEZING RAIN OR DRIZZLE
                        GRTST DEPTH:   0           7 = DUSTSTORM OR SANDSTORM:
                                                       VSBY 1/2 MILE OR LESS
                                                   8 = SMOKE OR HAZE
[NO. OF DAYS WITH]      [WEATHER - DAYS WITH]      9 = BLOWING SNOW
                                                   X = TORNADO
MAX 32 OR BELOW:   0    0.01 INCH OR MORE:   6
MAX 90 OR ABOVE:  19    0.10 INCH OR MORE:   4
MIN 32 OR BELOW:   0    0.50 INCH OR MORE:   2
MIN  0 OR BELOW:   0    1.00 INCH OR MORE:   2

[HDD (BASE 65) ]
TOTAL THIS MO.     0    CLEAR  (SCALE 0-3)  20
DPTR FM NORMAL     0    PTCLDY (SCALE 4-7)   8
TOTAL FM JUL 1  2185    CLOUDY (SCALE 8-10)  1
DPTR FM NORMAL  -131

[CDD (BASE 65) ]
TOTAL THIS MO.   429
DPTR FM NORMAL   -17    [PRESSURE DATA]
TOTAL FM JAN 1   896    HIGHEST SLP M ON M
DPTR FM NORMAL   -10    LOWEST  SLP 29.64 ON 11

[REMARKS]
