000
CXUS55 KLOX 271155
CF6SMO
PRELIMINARY LOCAL CLIMATOLOGICAL DATA (WS FORM: F-6)

                                          STATION:   SANTA MONICA AIRPORT CA
                                          MONTH:     MAY
                                          YEAR:      2015
                                          LATITUDE:   34  0 N
                                          LONGITUDE: 118 27 W

  TEMPERATURE IN F:       :PCPN:    SNOW:  WIND      :SUNSHINE: SKY     :PK WND
================================================================================
1   2   3   4   5  6A  6B    7    8   9   10  11  12  13   14  15   16   17  18
                                     12Z  AVG MX 2MIN
DY MAX MIN AVG DEP HDD CDD  WTR  SNW DPTH SPD SPD DIR MIN PSBL S-S WX    SPD DR
================================================================================

 1  77  57  67   7   0   2 0.00  0.0    0  4.8 13 250   M    M   2 12     16 230
 2  73  58  66   6   0   1 0.00  0.0    0  6.2 17 210   M    M   0 18     21 210
 3  69  58  64   3   1   0 0.00  0.0    0  6.1 17 250   M    M   3        24 250
 4  66  56  61   0   4   0 0.00  0.0    0  6.2 17 230   M    M   3        23 230
 5  65  57  61   0   4   0 0.00  0.0    0  4.1 12 240   M    M   7        16 250
 6  66  59  63   2   2   0 0.00  0.0    0  5.1 14 230   M    M   9        19 220
 7  65  55  60  -1   5   0 0.11  0.0    0  6.9 16 240   M    M   7 1      23 240
 8  63  52  58  -3   7   0 0.01  0.0    0  5.5 12 210   M    M   8 3      16 200
 9  65  54  60  -2   5   0 0.00  0.0    0  4.3 15 240   M    M   4        22 220
10  67  53  60  -2   5   0 0.00  0.0    0  4.7 14 240   M    M   0        18 230
11  69  56  63   1   2   0 0.00  0.0    0  5.1 13 260   M    M   1        17 250
12  72  56  64   2   1   0 0.00  0.0    0  5.8 15 140   M    M   4        20 140
13  67  57  62   0   3   0 0.00  0.0    0  6.1 14 210   M    M   4        18 220
14  65  54  60  -2   5   0 0.24  0.0    0  6.0 18 250   M    M   6 13     26 240
15  65  54  60  -2   5   0 0.03  0.0    0  5.2 20 240   M    M   5        27 250
16  70  55  63   1   2   0 0.00  0.0    0  4.8 16 210   M    M   3 8      20 200
17  69  57  63   1   2   0 0.00  0.0    0  5.0 14 230   M    M   5 8      19 210
18  68  59  64   1   1   0 0.00  0.0    0  6.0 17 240   M    M   5        22 240
19  68  55  62  -1   3   0 0.00  0.0    0  5.4 15 220   M    M   1        20 210
20  69  57  63   0   2   0 0.00  0.0    0  5.4 15 260   M    M   1        20 200
21  69  57  63   0   2   0 0.00  0.0    0  5.6 14 230   M    M   5        20 210
22  66  58  62  -1   3   0 0.00  0.0    0  6.1 14 220   M    M   6        20 230
23  68  55  62  -1   3   0 0.00  0.0    0  5.5 15 240   M    M   3        18 210
24  68  58  63   0   2   0 0.00  0.0    0  5.0 14 230   M    M   4        19 230
25  71  56  64   1   1   0 0.00  0.0    0  4.2 13 210   M    M   5        17 220
26  66  59  63   0   2   0 0.00  0.0    0  6.2 14 240   M    M   6        20 240
================================================================================
SM 1766 1462        72   3  0.39     0.0 141.3          M      107
================================================================================
AV 67.9 56.2                               5.4 FASTST   M    M   4    MAX(MPH)
                                 MISC ---->  # 20 240               # 27  250
================================================================================
NOTES:
# LAST OF SEVERAL OCCURRENCES

COLUMN 17 PEAK WIND IN M.P.H.

PRELIMINARY LOCAL CLIMATOLOGICAL DATA (WS FORM: F-6) , PAGE 2

                                          STATION:  SANTA MONICA AIRPORT CA
                                          MONTH:    MAY
                                          YEAR:     2015
                                          LATITUDE:   34  0 N
                                          LONGITUDE: 118 27 W

[TEMPERATURE DATA]      [PRECIPITATION DATA]       SYMBOLS USED IN COLUMN 16

AVERAGE MONTHLY: 62.1   TOTAL FOR MONTH:   0.39    1 = FOG OR MIST
DPTR FM NORMAL:   0.1   DPTR FM NORMAL:    0.18    2 = FOG REDUCING VISIBILITY
HIGHEST:    77 ON  1    GRTST 24HR  0.27 ON 14-15      TO 1/4 MILE OR LESS
LOWEST:     52 ON  8                               3 = THUNDER
                        SNOW, ICE PELLETS, HAIL    4 = ICE PELLETS
                        TOTAL MONTH:   0.0 INCH    5 = HAIL
                        GRTST 24HR     0.0         6 = FREEZING RAIN OR DRIZZLE
                        GRTST DEPTH:   0           7 = DUSTSTORM OR SANDSTORM:
                                                       VSBY 1/2 MILE OR LESS
                                                   8 = SMOKE OR HAZE
[NO. OF DAYS WITH]      [WEATHER - DAYS WITH]      9 = BLOWING SNOW
                                                   X = TORNADO
MAX 32 OR BELOW:   0    0.01 INCH OR MORE:   4
MAX 90 OR ABOVE:   0    0.10 INCH OR MORE:   2
MIN 32 OR BELOW:   0    0.50 INCH OR MORE:   0
MIN  0 OR BELOW:   0    1.00 INCH OR MORE:   0

[HDD (BASE 65) ]
TOTAL THIS MO.    72    CLEAR  (SCALE 0-3)  10
DPTR FM NORMAL   -16    PTCLDY (SCALE 4-7)  15
TOTAL FM JUL 1   611    CLOUDY (SCALE 8-10)  1
DPTR FM NORMAL  -885

[CDD (BASE 65) ]
TOTAL THIS MO.     3
DPTR FM NORMAL     3    [PRESSURE DATA]
TOTAL FM JAN 1   182    HIGHEST SLP M ON M
DPTR FM NORMAL   159    LOWEST  SLP 29.75 ON M

[REMARKS]
