000
CXUS56 KSGX 261445
CF6SNA
PRELIMINARY LOCAL CLIMATOLOGICAL DATA (WS FORM: F-6)

                                          STATION:   JOHN WAYNE AIRPORT CA
                                          MONTH:     APRIL
                                          YEAR:      2017
                                          LATITUDE:   33 40 N
                                          LONGITUDE: 117 53 W

  TEMPERATURE IN F:       :PCPN:    SNOW:  WIND      :SUNSHINE: SKY     :PK WND
================================================================================
1   2   3   4   5  6A  6B    7    8   9   10  11  12  13   14  15   16   17  18
                                     12Z  AVG MX 2MIN
DY MAX MIN AVG DEP HDD CDD  WTR  SNW DPTH SPD SPD DIR MIN PSBL S-S WX    SPD DR
================================================================================

 1  72  51  62   2   3   0 0.00  0.0    0  4.3 13 200   M    M   0        17 180
 2  72  53  63   3   2   0 0.00  0.0    0  5.7 17 210   M    M   2 18     21 200
 3  65  58  62   2   3   0 0.00  0.0    0  6.7 14 190   M    M   8        19 210
 4  70  58  64   4   1   0 0.00  0.0    0  4.9 12 220   M    M   5 1      16 210
 5  81  56  69   9   0   4 0.00  0.0    0  4.0 12 210   M    M   3 18     15 200
 6  73  57  65   5   0   0 0.00  0.0    0  5.0 14 200   M    M   6 1      20 220
 7  69  58  64   4   1   0 0.00  0.0    0  5.0 12 220   M    M   8        16 220
 8  69  55  62   1   3   0 0.04  0.0    0  6.8 16 240   M    M   6 18     22 240
 9  70  51  61   0   4   0 0.00  0.0    0  5.6 13 230   M    M   4        17 230
10  74  51  63   2   2   0 0.00  0.0    0  4.2 13 220   M    M   2        17 220
11  72  53  63   2   2   0 0.00  0.0    0  4.4 17 200   M    M   2        21 200
12  72  55  64   3   1   0 0.00  0.0    0  4.9 14 230   M    M   1        19 250
13  71  56  64   3   1   0 0.00  0.0    0  5.6 17 220   M    M   4        22 210
14  67  54  61   0   4   0 0.00  0.0    0  5.6 14 220   M    M   2        20 120
15  73  51  62   1   3   0 0.00  0.0    0  4.0 13 220   M    M   1        17 230
16  74  56  65   4   0   0 0.00  0.0    0  4.3 15 200   M    M   2 8      20 210
17  75  56  66   4   0   1 0.00  0.0    0  4.2 13 230   M    M   5        17 280
18  75  61  68   6   0   3    T  0.0    0  5.9 15 270   M    M   6 18     20 280
19  71  60  66   4   0   1 0.00  0.0    0  5.7 14 200   M    M   5        17 200
20  74  57  66   4   0   1 0.00  0.0    0  6.6 14 230   M    M   2        19 220
21  82  58  70   8   0   5 0.00  0.0    0  4.0 15 200   M    M   1        18 200
22  85  61  73  11   0   8 0.00  0.0    0  4.6 13 220   M    M   2        17 220
23  79  61  70   8   0   5 0.00  0.0    0  6.7 22 210   M    M   3        25 210
24  70  61  66   4   0   1 0.00  0.0    0  7.5 15 190   M    M   7        21 200
25  73  59  66   4   0   1 0.00  0.0    0  7.5 16 220   M    M   6        20 200
================================================================================
SM 1828 1407        30  30  0.04     0.0 133.7          M       93
================================================================================
AV 73.1 56.3                               5.3 FASTST   M    M   4    MAX(MPH)
                                 MISC ---->  # 22 210               # 25  210
================================================================================
NOTES:
# LAST OF SEVERAL OCCURRENCES

COLUMN 17 PEAK WIND IN M.P.H.

PRELIMINARY LOCAL CLIMATOLOGICAL DATA (WS FORM: F-6) , PAGE 2

                                          STATION:  JOHN WAYNE AIRPORT CA
                                          MONTH:    APRIL
                                          YEAR:     2017
                                          LATITUDE:   33 40 N
                                          LONGITUDE: 117 53 W

[TEMPERATURE DATA]      [PRECIPITATION DATA]       SYMBOLS USED IN COLUMN 16

AVERAGE MONTHLY: 64.7   TOTAL FOR MONTH:   0.04    1 = FOG OR MIST
DPTR FM NORMAL:   3.6   DPTR FM NORMAL:   -0.71    2 = FOG REDUCING VISIBILITY
HIGHEST:    85 ON 22    GRTST 24HR  0.04 ON  8- 8      TO 1/4 MILE OR LESS
LOWEST:     51 ON 15,10                            3 = THUNDER
                        SNOW, ICE PELLETS, HAIL    4 = ICE PELLETS
                        TOTAL MONTH:   0.0 INCH    5 = HAIL
                        GRTST 24HR     0.0         6 = FREEZING RAIN OR DRIZZLE
                        GRTST DEPTH:   0           7 = DUSTSTORM OR SANDSTORM:
                                                       VSBY 1/2 MILE OR LESS
                                                   8 = SMOKE OR HAZE
[NO. OF DAYS WITH]      [WEATHER - DAYS WITH]      9 = BLOWING SNOW
                                                   X = TORNADO
MAX 32 OR BELOW:   0    0.01 INCH OR MORE:   1
MAX 90 OR ABOVE:   0    0.10 INCH OR MORE:   0
MIN 32 OR BELOW:   0    0.50 INCH OR MORE:   0
MIN  0 OR BELOW:   0    1.00 INCH OR MORE:   0

[HDD (BASE 65) ]
TOTAL THIS MO.    30    CLEAR  (SCALE 0-3)  13
DPTR FM NORMAL   -76    PTCLDY (SCALE 4-7)  10
TOTAL FM JUL 1   855    CLOUDY (SCALE 8-10)  2
DPTR FM NORMAL  -338

[CDD (BASE 65) ]
TOTAL THIS MO.    30
DPTR FM NORMAL    23    [PRESSURE DATA]
TOTAL FM JAN 1    38    HIGHEST SLP M ON M
DPTR FM NORMAL    16    LOWEST  SLP 29.81 ON 22

[REMARKS]
