000
CXUS56 KMTR 181000
CF6SNS
PRELIMINARY LOCAL CLIMATOLOGICAL DATA (WS FORM: F-6)

                                          STATION:   SALINAS AIRPORT
                                          MONTH:     DECEMBER
                                          YEAR:      2014
                                          LATITUDE:   36 40 N
                                          LONGITUDE: 121 36 W

  TEMPERATURE IN F:       :PCPN:    SNOW:  WIND      :SUNSHINE: SKY     :PK WND
================================================================================
1   2   3   4   5  6A  6B    7    8   9   10  11  12  13   14  15   16   17  18
                                     12Z  AVG MX 2MIN
DY MAX MIN AVG DEP HDD CDD  WTR  SNW DPTH SPD SPD DIR MIN PSBL S-S WX    SPD DR
================================================================================

 1  69  55  62  10   3   0    T  0.0    0 11.5 22 120   M    M   3        28 110
 2  66  57  62  10   3   0 0.89  0.0    0 14.2 25 120   M    M   9 1      32 110
 3  69  62  66  14   0   1 0.07  0.0    0 15.2 26 110   M    M   9 18     32 120
 4  71  54  63  11   2   0 0.00  0.0    0  4.1 15 110   M    M   5 1      18 110
 5  68  59  64  12   1   0 0.20  0.0    0 11.4 21 120   M    M   4 1      25 110
 6  71  55  63  11   2   0 0.00  0.0    0  7.0 15 130   M    M   2 12     18 130
 7  64  52  58   6   7   0 0.00  0.0    0  4.7 16 100   M    M   4 12     20 280
 8  71  49  60   9   5   0 0.00  0.0    0  4.9 16 100   M    M   1 18     18 100
 9  69  50  60   9   5   0 0.00  0.0    0  2.5 14 270   M    M   1 12     20 270
10  65  54  60   9   5   0 0.00  0.0    0 10.8 23 120   M    M   4 128    28 100
11  68  53  61  10   4   0 3.22  0.0    0 15.0 40 110   M    M   7 12     49 100
12  59  50  55   4  10   0 0.28  0.0    0  3.4 16 130   M    M   8 1      20 130
13  60  47  54   3  11   0 0.00  0.0    0  5.7 14 110   M    M   4 12     16 110
14  60  48  54   3  11   0 0.00  0.0    0 13.4 20 110   M    M   1        23 110
15  59  51  55   4  10   0 0.54  0.0    0 15.8 30 110   M    M   8        38 110
16  64  50  57   6   8   0 0.61  0.0    0 11.5 22 110   M    M   4 1      28 110
17  59  47  53   2  12   0 0.05  0.0    0  7.1 21 110   M    M   6        23 110
================================================================================
SM 1112  893        99   1  5.86     0.0 158.2          M       80
================================================================================
AV 65.4 52.5                               9.3 FASTST   M    M   5    MAX(MPH)
                                 MISC ---->  # 40 110               # 49  100
================================================================================
NOTES:
# LAST OF SEVERAL OCCURRENCES

COLUMN 17 PEAK WIND IN M.P.H.

PRELIMINARY LOCAL CLIMATOLOGICAL DATA (WS FORM: F-6) , PAGE 2

                                          STATION:  SALINAS AIRPORT
                                          MONTH:    DECEMBER
                                          YEAR:     2014
                                          LATITUDE:   36 40 N
                                          LONGITUDE: 121 36 W

[TEMPERATURE DATA]      [PRECIPITATION DATA]       SYMBOLS USED IN COLUMN 16

AVERAGE MONTHLY: 59.0   TOTAL FOR MONTH:   5.86    1 = FOG OR MIST
DPTR FM NORMAL:   7.6   DPTR FM NORMAL:    4.89    2 = FOG REDUCING VISIBILITY
HIGHEST:    71 ON  8, 6 GRTST 24HR  3.42 ON 11-12      TO 1/4 MILE OR LESS
LOWEST:     47 ON 17,13                            3 = THUNDER
                        SNOW, ICE PELLETS, HAIL    4 = ICE PELLETS
                        TOTAL MONTH:   0.0 INCH    5 = HAIL
                        GRTST 24HR     0.0         6 = FREEZING RAIN OR DRIZZLE
                        GRTST DEPTH:   0           7 = DUSTSTORM OR SANDSTORM:
                                                       VSBY 1/2 MILE OR LESS
                                                   8 = SMOKE OR HAZE
[NO. OF DAYS WITH]      [WEATHER - DAYS WITH]      9 = BLOWING SNOW
                                                   X = TORNADO
MAX 32 OR BELOW:   0    0.01 INCH OR MORE:   8
MAX 90 OR ABOVE:   0    0.10 INCH OR MORE:   6
MIN 32 OR BELOW:   0    0.50 INCH OR MORE:   4
MIN  0 OR BELOW:   0    1.00 INCH OR MORE:   1

[HDD (BASE 65) ]
TOTAL THIS MO.    99    CLEAR  (SCALE 0-3)   5
DPTR FM NORMAL  -133    PTCLDY (SCALE 4-7)   9
TOTAL FM JUL 1   313    CLOUDY (SCALE 8-10)  3
DPTR FM NORMAL  -537

[CDD (BASE 65) ]
TOTAL THIS MO.     1
DPTR FM NORMAL     1    [PRESSURE DATA]
TOTAL FM JAN 1   270    HIGHEST SLP M ON M
DPTR FM NORMAL   140    LOWEST  SLP 29.48 ON 11

[REMARKS]
