000
CXUS55 KPUB 201204
CF6SPD
PRELIMINARY LOCAL CLIMATOLOGICAL DATA (WS FORM: F-6)

                                          STATION:   SPRINGFIELD CO
                                          MONTH:     FEBRUARY
                                          YEAR:      2018
                                          LATITUDE:   37 16 N
                                          LONGITUDE: 102 37 W

  TEMPERATURE IN F:       :PCPN:    SNOW:  WIND      :SUNSHINE: SKY     :PK WND
================================================================================
1   2   3   4   5  6A  6B    7    8   9   10  11  12  13   14  15   16   17  18
                                     12Z  AVG MX 2MIN
DY MAX MIN AVG DEP HDD CDD  WTR  SNW DPTH SPD SPD DIR MIN PSBL S-S WX    SPD DR
================================================================================

 1  39  21  30  -3  35   0 0.00  0.0    0  7.9 17 180   M    M   0        21 360
 2  56  19  38   5  27   0 0.00  0.0    0 14.7 31 200   M    M   0        38 190
 3  63  24  44  10  21   0 0.00  0.0    0  9.6 24 330   M    M   0        31 320
 4  33  12  23 -11  42   0 0.00  0.0    0 10.6 28  50   M    M   0        34  50
 5  65  13  39   5  26   0 0.00  0.0    0 14.8 35 360   M    M   0        44 350
 6  42  14  28  -6  37   0 0.00  0.0    0 10.9 23 160   M    M   0        27 320
 7  57  13  35   1  30   0 0.00  0.0    M  9.2 26 180   M    M   0        33 200
 8  67  19  43   9  22   0 0.00  0.0    0  6.8 16 290   M    M   0        21 200
 9  43  13  28  -6  37   0 0.00  0.0    0 11.7 23  40   M    M   0        28  40
10  15  10  13 -21  52   0 0.03    M    0  8.6 15 330   M    M   0        18 310
11  42  13  28  -6  37   0 0.00  0.0    M 10.9 23 320   M    M   0        30 310
12  48  18  33  -2  32   0 0.01    M    M 24.6 47 180   M    M   0        55 180
13  69  26  48  13  17   0 0.00  0.0    0 14.6 28 190   M    M   0        35 220
14  73  29  51  16  14   0 0.00  0.0    0  8.0 25 230   M    M   0        35 320
15  69  25  47  12  18   0 0.00  0.0    0 13.4 24  20   M    M   0        35  40
16  43  15  29  -6  36   0 0.00  0.0    0 15.7 31 190   M    M   0        38 180
17  54  24  39   3  26   0 0.00  0.0    0 14.6 28 200   M    M   0        37 210
18  74  38  56  20   9   0 0.00  0.0    0 19.5 35 220   M    M   0        47 230
19  48  14  31  -5  34   0 0.00  0.0    0 11.9 28  20   M    M   0        32  20
================================================================================
SM 1000  360       552   0  0.04     0.0 238.0          M        0
================================================================================
AV 52.6 19.0                              12.5 FASTST   M    M   0    MAX(MPH)
                                 MISC ---->  # 47 180               # 55  180
================================================================================
NOTES:
# LAST OF SEVERAL OCCURRENCES

COLUMN 17 PEAK WIND IN M.P.H.

PRELIMINARY LOCAL CLIMATOLOGICAL DATA (WS FORM: F-6) , PAGE 2

                                          STATION:  SPRINGFIELD CO
                                          MONTH:    FEBRUARY
                                          YEAR:     2018
                                          LATITUDE:   37 16 N
                                          LONGITUDE: 102 37 W

[TEMPERATURE DATA]      [PRECIPITATION DATA]       SYMBOLS USED IN COLUMN 16

AVERAGE MONTHLY: 35.8   TOTAL FOR MONTH:   0.04    1 = FOG OR MIST
DPTR FM NORMAL:   1.3   DPTR FM NORMAL:   -0.28    2 = FOG REDUCING VISIBILITY
HIGHEST:    74 ON 18    GRTST 24HR  0.03 ON 10-10      TO 1/4 MILE OR LESS
LOWEST:     10 ON 10                               3 = THUNDER
                        SNOW, ICE PELLETS, HAIL    4 = ICE PELLETS
                        TOTAL MONTH:   0.0 INCH    5 = HAIL
                        GRTST 24HR     0.0         6 = FREEZING RAIN OR DRIZZLE
                        GRTST DEPTH:   0           7 = DUSTSTORM OR SANDSTORM:
                                                       VSBY 1/2 MILE OR LESS
                                                   8 = SMOKE OR HAZE
[NO. OF DAYS WITH]      [WEATHER - DAYS WITH]      9 = BLOWING SNOW
                                                   X = TORNADO
MAX 32 OR BELOW:   1    0.01 INCH OR MORE:   2
MAX 90 OR ABOVE:   0    0.10 INCH OR MORE:   0
MIN 32 OR BELOW:  18    0.50 INCH OR MORE:   0
MIN  0 OR BELOW:   0    1.00 INCH OR MORE:   0

[HDD (BASE 65) ]
TOTAL THIS MO.   552    CLEAR  (SCALE 0-3)  19
DPTR FM NORMAL   -28    PTCLDY (SCALE 4-7)   0
TOTAL FM JUL 1  3499    CLOUDY (SCALE 8-10)  0
DPTR FM NORMAL  -257

[CDD (BASE 65) ]
TOTAL THIS MO.     0
DPTR FM NORMAL     0    [PRESSURE DATA]
TOTAL FM JAN 1     0    HIGHEST SLP M ON M
DPTR FM NORMAL     0    LOWEST  SLP 29.28 ON 19

[REMARKS]
