000
CXUS55 KPUB 271059
CF6SPD
PRELIMINARY LOCAL CLIMATOLOGICAL DATA (WS FORM: F-6)

                                          STATION:   SPRINGFIELD CO
                                          MONTH:     JUNE
                                          YEAR:      2017
                                          LATITUDE:   37 16 N
                                          LONGITUDE: 102 37 W

  TEMPERATURE IN F:       :PCPN:    SNOW:  WIND      :SUNSHINE: SKY     :PK WND
================================================================================
1   2   3   4   5  6A  6B    7    8   9   10  11  12  13   14  15   16   17  18
                                     12Z  AVG MX 2MIN
DY MAX MIN AVG DEP HDD CDD  WTR  SNW DPTH SPD SPD DIR MIN PSBL S-S WX    SPD DR
================================================================================

 1  81  52  67   0   0   2 0.00  0.0    0 11.0 23 160   M    M   0        29 160
 2  81  53  67   0   0   2 0.00  0.0    0 13.3 26 160   M    M   0        40 150
 3  79  52  66  -1   0   1 0.00  0.0    0  9.9 23  10   M    M   0        30  10
 4  80  52  66  -2   0   1 0.00  0.0    0  8.7 16 350   M    M   0        21  10
 5  82  51  67  -1   0   2 0.00  0.0    0  6.0 14 100   M    M   0        18  90
 6  84  54  69   1   0   4 0.37  0.0    0  9.1 33  30   M    M   0        45  30
 7  79  53  66  -3   0   1 0.01  0.0    0  7.5 36 290   M    M   0        45 290
 8  82  53  68  -1   0   3 0.00  0.0    0  7.6 15  80   M    M   0        19  80
 9  88  55  72   3   0   7 0.00  0.0    0  9.6 24 190   M    M   0        30 180
10  95  61  78   8   0  13 0.00  0.0    0 13.3 23 190   M    M   0        30 190
11  92  54  73   3   0   8 0.00  0.0    0 14.2 26 200   M    M   0        34 200
12  93  51  72   2   0   7 0.00  0.0    0 12.9 30 190   M    M   0        46 180
13  90  56  73   2   0   8 0.00  0.0    0 14.5 29 220   M    M   0        38 200
14  84  49  67  -4   0   2 0.00  0.0    0 11.0 22 170   M    M   0        26 160
15  92  51  72   1   0   7 0.00  0.0    0  9.3 25 310   M    M   0        30 300
16  96  50  73   1   0   8 0.00  0.0    0  9.8 22 340   M    M   0        27 330
17  99  55  77   5   0  12 0.00  0.0    0 11.7 35  30   M    M   0        45  40
18  80  59  70  -2   0   5 0.00  0.0    0 11.8 21 170   M    M   0        27 140
19  88  56  72   0   0   7 0.00  0.0    0 10.0 22  10   M    M   0        28  10
20  95  57  76   3   0  11 0.00  0.0    0 16.2 28 180   M    M   0        35 200
21 100  64  82   9   0  17 0.10  0.0    0 12.9 41 130   M    M   0        58 120
22 101  63  82   9   0  17 0.00  0.0    0 12.8 37  40   M    M   0        44  10
23  70  58  64 -10   1   0 0.00  0.0    0 10.6 29  50   M    M   0        35  40
24  75  59  67  -7   0   2 0.00  0.0    0 10.1 23 160   M    M   0        32 160
25  82  59  71  -3   0   6 0.01  0.0    0 13.3 28 110   M    M   0        33 110
26  87  59  73  -1   0   8 0.00  0.0    0  9.4 25 190   M    M   0        34 130
================================================================================
SM 2255 1436         1 161  0.49     0.0 286.5          M        0
================================================================================
AV 86.7 55.2                              11.0 FASTST   M    M   0    MAX(MPH)
                                 MISC ---->  # 41 130               # 58  120
================================================================================
NOTES:
# LAST OF SEVERAL OCCURRENCES

COLUMN 17 PEAK WIND IN M.P.H.

PRELIMINARY LOCAL CLIMATOLOGICAL DATA (WS FORM: F-6) , PAGE 2

                                          STATION:  SPRINGFIELD CO
                                          MONTH:    JUNE
                                          YEAR:     2017
                                          LATITUDE:   37 16 N
                                          LONGITUDE: 102 37 W

[TEMPERATURE DATA]      [PRECIPITATION DATA]       SYMBOLS USED IN COLUMN 16

AVERAGE MONTHLY: 71.0   TOTAL FOR MONTH:   0.49    1 = FOG OR MIST
DPTR FM NORMAL:   0.3   DPTR FM NORMAL:   -1.69    2 = FOG REDUCING VISIBILITY
HIGHEST:   101 ON 22    GRTST 24HR  0.37 ON  6- 6      TO 1/4 MILE OR LESS
LOWEST:     49 ON 14                               3 = THUNDER
                        SNOW, ICE PELLETS, HAIL    4 = ICE PELLETS
                        TOTAL MONTH:   0.0 INCH    5 = HAIL
                        GRTST 24HR     0.0         6 = FREEZING RAIN OR DRIZZLE
                        GRTST DEPTH:   0           7 = DUSTSTORM OR SANDSTORM:
                                                       VSBY 1/2 MILE OR LESS
                                                   8 = SMOKE OR HAZE
[NO. OF DAYS WITH]      [WEATHER - DAYS WITH]      9 = BLOWING SNOW
                                                   X = TORNADO
MAX 32 OR BELOW:   0    0.01 INCH OR MORE:   4
MAX 90 OR ABOVE:  10    0.10 INCH OR MORE:   2
MIN 32 OR BELOW:   0    0.50 INCH OR MORE:   0
MIN  0 OR BELOW:   0    1.00 INCH OR MORE:   0

[HDD (BASE 65) ]
TOTAL THIS MO.     1    CLEAR  (SCALE 0-3)  26
DPTR FM NORMAL   -18    PTCLDY (SCALE 4-7)   0
TOTAL FM JUL 1  4756    CLOUDY (SCALE 8-10)  0
DPTR FM NORMAL  -525

[CDD (BASE 65) ]
TOTAL THIS MO.   161
DPTR FM NORMAL    -9    [PRESSURE DATA]
TOTAL FM JAN 1   180    HIGHEST SLP M ON M
DPTR FM NORMAL   -44    LOWEST  SLP 29.63 ON 10

[REMARKS]
